{"id":1432,"date":"2015-12-31T00:01:52","date_gmt":"2015-12-30T23:01:52","guid":{"rendered":"https:\/\/tarife-aktionen.de\/vodafone\/?page_id=1432"},"modified":"2016-02-06T02:27:10","modified_gmt":"2016-02-06T01:27:10","slug":"dvb-c-kabelfernsehen","status":"publish","type":"page","link":"https:\/\/tarife-aktionen.de\/vodafone\/iptv\/empfaenger\/archiv-tv-center-hd\/anschluesse\/dvb-c-kabelfernsehen","title":{"rendered":"Kabelfernsehen \/ Kabel-TV analog mit Vodafone TV Center 1000"},"content":{"rendered":"<p>Die Vodafone TV Box ist nicht nur ein <a title=\"Vodafone IPTV-Empf\u00e4nger (Receiver f\u00fcr IP-Fernsehen)\" href=\"https:\/\/tarife-aktionen.de\/vodafone\/iptv\/empfaenger\">IPTV Empf\u00e4nger<\/a>, sondern gleichzeitig auch noch ein analoger Kabel-Receiver (kein DVB-C). Sie k\u00f6nnen mit dem Vodafone TV Center also auch <a title=\"Vodafone Kabelfernsehen (fr\u00fcher Kabel Deutschland)\" href=\"https:\/\/tarife-aktionen.de\/vodafone\/kabelfernsehen\">Kabelfernsehen<\/a> \/ Fernsehen per Kabelanschluss nutzen. Die TV Box verf\u00fcgt dazu \u00fcber einen &#8220;cable-in&#8221; Anschluss. Sie k\u00f6nnen Vodafone IPTV so auf Wunsch mit Kabel-TV kombinieren.<\/p>\n<p><img decoding=\"async\" class=\"aligncenter size-full wp-image-1434\" src=\"https:\/\/tarife-aktionen.de\/vodafone\/inhalte\/2015\/12\/vodafone-tv-center-1000-kabel-tv-cable-in-kabelfernsehen.jpg\" alt=\"Kabelfernsehen \/ Kabel-TV analog mit Vodafone TV Center 1000\" width=\"400\" height=\"180\" srcset=\"https:\/\/tarife-aktionen.de\/vodafone\/inhalte\/2015\/12\/vodafone-tv-center-1000-kabel-tv-cable-in-kabelfernsehen.jpg 400w, https:\/\/tarife-aktionen.de\/vodafone\/inhalte\/2015\/12\/vodafone-tv-center-1000-kabel-tv-cable-in-kabelfernsehen-150x68.jpg 150w, https:\/\/tarife-aktionen.de\/vodafone\/inhalte\/2015\/12\/vodafone-tv-center-1000-kabel-tv-cable-in-kabelfernsehen-300x135.jpg 300w, https:\/\/tarife-aktionen.de\/vodafone\/inhalte\/2015\/12\/vodafone-tv-center-1000-kabel-tv-cable-in-kabelfernsehen-80x36.jpg 80w, https:\/\/tarife-aktionen.de\/vodafone\/inhalte\/2015\/12\/vodafone-tv-center-1000-kabel-tv-cable-in-kabelfernsehen-210x95.jpg 210w\" sizes=\"(max-width: 400px) 100vw, 400px\" \/><\/p>\n<h2>Vodafone TV Box ist ein Hybrid-Receiver und kann Kabel, IPTV und Satellit<\/h2>\n<p>Die Vodafone TV Box ist ein Hybrid Receiver und kann neben IPTV auch Kabel-TV und Satellit-TV. Das ist gleich in mehrlei Hinsicht sehr interessant: wenn Sie zum Beispiel einen Lieblings-Fernsehsender haben, der noch nicht im Programm von Vodafone IPTV zu sehen ist, k\u00f6nnen Sie diesen weiterhin per Kabelanschluss sehen. Aber auch wenn Sie aufgrund einer geringen DSL Geschwindigkeit kein oder nur eingeschr\u00e4nkt Vodafone Live-TV nutzen k\u00f6nnen, macht die Erg\u00e4nzung des Vodafone TV Centers um einen Kabel-Receiver Sinn. Denn w\u00e4hrend Sie \u00fcber die Vodafone TV Box per Kabelanschluss fernsehen, wird auch keine \u201cDSL Geschwindigkeit\u201d gebunden, so dass Sie w\u00e4hrendessen mit Highspeed im Internet surfen k\u00f6nnen. Durch die hybride Bauweise des Vodafone TV Centers bleiben Ihnen fast alle M\u00f6glichkeiten offen, wie und was Sie im Fernsehen sehen.<\/p>\n<h2>Vodafone TV Center mit analogem Kabelreceiver (kein DVB-C \/ Digital TV)<\/h2>\n<p>Das innovative Vodafone TV Center enth\u00e4lt einen integrieten analogen Kabelreceiver \/ Kabel-Receiver. Vodafone m\u00f6chte damit Kunden die M\u00f6glichkeit geben, auf digitales Fersehen umzusteigen, ohne dabei einen teuren digitalen Kabelreceiver mit DVB-C zu kaufen oder mieten zu m\u00fcssen. Zwar unterst\u00fctzt das Vodafone TV Center keinen digitalen Kabelempfang per DVB-C, aber mit Vodafone TV k\u00f6nnen Sie k\u00fcnfitg \u00fcber das Internet digitales Fernsehen genie\u00dfen, ohne einen zus\u00e4tzlichen Digital-TV Aufpreis bei Ihrem Kabelanbieter Kabel Deutschland, Unitymedia, Kabel BW, Telecolumbus, Primacom usw. zahlen zu m\u00fcssen. Vodaofone TV ist also eine g\u00fcnstige Alternative zum digitalen Kabelfernsehen \/ Digital TV per Kabelanschluss &#8211; \u00fcberzeugen Sie sich selbst.<\/p>\n","protected":false},"excerpt":{"rendered":"<p>Die Vodafone TV Box ist nicht nur ein IPTV Empf\u00e4nger, sondern gleichzeitig auch noch ein analoger Kabel-Receiver (kein DVB-C). Sie k\u00f6nnen mit dem Vodafone TV Center also auch Kabelfernsehen \/ Fernsehen per Kabelanschluss nutzen. Die TV Box verf\u00fcgt dazu \u00fcber einen &#8220;cable-in&#8221; Anschluss. Sie k\u00f6nnen Vodafone IPTV so auf Wunsch mit Kabel-TV kombinieren. Vodafone TV &hellip; <a href=\"https:\/\/tarife-aktionen.de\/vodafone\/iptv\/empfaenger\/archiv-tv-center-hd\/anschluesse\/dvb-c-kabelfernsehen\" class=\"more-link\"><span class=\"screen-reader-text\">Kabelfernsehen \/ Kabel-TV analog mit Vodafone TV Center 1000<\/span> weiterlesen <span class=\"meta-nav\">&rarr;<\/span><\/a><\/p>\n","protected":false},"author":29,"featured_media":0,"parent":1405,"menu_order":0,"comment_status":"closed","ping_status":"closed","template":"","meta":{"footnotes":""},"class_list":["post-1432","page","type-page","status-publish","hentry"],"_links":{"self":[{"href":"https:\/\/tarife-aktionen.de\/vodafone\/wp-json\/wp\/v2\/pages\/1432","targetHints":{"allow":["GET"]}}],"collection":[{"href":"https:\/\/tarife-aktionen.de\/vodafone\/wp-json\/wp\/v2\/pages"}],"about":[{"href":"https:\/\/tarife-aktionen.de\/vodafone\/wp-json\/wp\/v2\/types\/page"}],"author":[{"embeddable":true,"href":"https:\/\/tarife-aktionen.de\/vodafone\/wp-json\/wp\/v2\/users\/29"}],"replies":[{"embeddable":true,"href":"https:\/\/tarife-aktionen.de\/vodafone\/wp-json\/wp\/v2\/comments?post=1432"}],"version-history":[{"count":0,"href":"https:\/\/tarife-aktionen.de\/vodafone\/wp-json\/wp\/v2\/pages\/1432\/revisions"}],"up":[{"embeddable":true,"href":"https:\/\/tarife-aktionen.de\/vodafone\/wp-json\/wp\/v2\/pages\/1405"}],"wp:attachment":[{"href":"https:\/\/tarife-aktionen.de\/vodafone\/wp-json\/wp\/v2\/media?parent=1432"}],"curies":[{"name":"wp","href":"https:\/\/api.w.org\/{rel}","templated":true}]}}