{"id":1459,"date":"2016-02-06T03:14:35","date_gmt":"2016-02-06T02:14:35","guid":{"rendered":"https:\/\/tarife-aktionen.de\/vodafone\/?page_id=1459"},"modified":"2016-02-06T03:14:35","modified_gmt":"2016-02-06T02:14:35","slug":"optischer-audioausgang-s-pdif-optical-out","status":"publish","type":"page","link":"https:\/\/tarife-aktionen.de\/vodafone\/iptv\/empfaenger\/archiv-tv-center-hd\/anschluesse\/optischer-audioausgang-s-pdif-optical-out","title":{"rendered":"Optischer Audioausgang S\/PDIF optical out Vodafone TV Center"},"content":{"rendered":"<p>Sie haben eine gute Heimkino-Anlage \/ Surround-Anlage? Dann bietet Ihnen das <a title=\"Vodafone IPTV-Empf\u00e4nger (Receiver f\u00fcr IP-Fernsehen)\" href=\"https:\/\/tarife-aktionen.de\/vodafone\/iptv\/empfaenger\">Vodafone TV Center<\/a> an, diese per optischen Kabel anzuschlie\u00dfen. Denn die Vodafone TV Box verf\u00fcgt \u00fcber einen optischen Audioausgang (optical out) mit dem S\/PDIF Standard. Damit bringen Sie auf Wunsch Surround-Klang vom Vodafone TV Center auf Ihre perfekte Heimkinoanlage und genie\u00dfen doppelt.<\/p>\n<p><img decoding=\"async\" class=\"aligncenter size-full wp-image-1462\" src=\"https:\/\/tarife-aktionen.de\/vodafone\/inhalte\/2016\/02\/vodafone-tv-center-1000-audioausgang-optisch-optical-out-s-pdif.jpg\" alt=\"Optischer Audioausgang S\/PDIF optical out Vodafone TV Center\" width=\"400\" height=\"180\" srcset=\"https:\/\/tarife-aktionen.de\/vodafone\/inhalte\/2016\/02\/vodafone-tv-center-1000-audioausgang-optisch-optical-out-s-pdif.jpg 400w, https:\/\/tarife-aktionen.de\/vodafone\/inhalte\/2016\/02\/vodafone-tv-center-1000-audioausgang-optisch-optical-out-s-pdif-150x68.jpg 150w, https:\/\/tarife-aktionen.de\/vodafone\/inhalte\/2016\/02\/vodafone-tv-center-1000-audioausgang-optisch-optical-out-s-pdif-300x135.jpg 300w, https:\/\/tarife-aktionen.de\/vodafone\/inhalte\/2016\/02\/vodafone-tv-center-1000-audioausgang-optisch-optical-out-s-pdif-80x36.jpg 80w, https:\/\/tarife-aktionen.de\/vodafone\/inhalte\/2016\/02\/vodafone-tv-center-1000-audioausgang-optisch-optical-out-s-pdif-210x95.jpg 210w\" sizes=\"(max-width: 400px) 100vw, 400px\" \/><\/p>\n<h2>Der optische Audio-Ausgang bringt den Klang des Vodafone TV Center zu Ihrer Heimkino-Anlage<\/h2>\n<p>Das Sony \/ Philips Digital Interface (S\/PDIF) ist f\u00fcr die elektrische oder optische \u00dcbertragung digitaler Stereo-Audiosignale zwischen beispielsweise dem Receiver\u00a0 (Vodafone TV Center) und Ihrer Steroanlage bzw. Dolby Surround System. Aber auch bei Autoradios kommt es zum Einsatz, um einen ganzen Kabelbaum durch ein d\u00fcnnes Glasfaserkabel zu ersetzen, welches sogar noch unempfindlich gegen St\u00f6reinstrahlungen ist. Optische Audiokabel sind sehr empfindlich, seien Sie also vorsichtig, wenn Sie Ihre Vodafone TV Box mit Ihrer Surround-Anlage \/ Heimkino-Anlage verbinden. Genie\u00dfen Sie dann zum Beispiel einen HD Film in perfekter Bildqualit\u00e4t per HDMI \u00dcbertragung auf Ihren Fernseher und genie\u00dfen Sie dabei auch noch perfekten Klang \/ Sound mittels optischer Verbindung Ihrer Vodafone TV Box mit der Heimkino Sound \/ Surround Anlage.<\/p>\n","protected":false},"excerpt":{"rendered":"<p>Sie haben eine gute Heimkino-Anlage \/ Surround-Anlage? Dann bietet Ihnen das Vodafone TV Center an, diese per optischen Kabel anzuschlie\u00dfen. Denn die Vodafone TV Box verf\u00fcgt \u00fcber einen optischen Audioausgang (optical out) mit dem S\/PDIF Standard. Damit bringen Sie auf Wunsch Surround-Klang vom Vodafone TV Center auf Ihre perfekte Heimkinoanlage und genie\u00dfen doppelt. Der optische &hellip; <a href=\"https:\/\/tarife-aktionen.de\/vodafone\/iptv\/empfaenger\/archiv-tv-center-hd\/anschluesse\/optischer-audioausgang-s-pdif-optical-out\" class=\"more-link\"><span class=\"screen-reader-text\">Optischer Audioausgang S\/PDIF optical out Vodafone TV Center<\/span> weiterlesen <span class=\"meta-nav\">&rarr;<\/span><\/a><\/p>\n","protected":false},"author":29,"featured_media":0,"parent":1405,"menu_order":0,"comment_status":"closed","ping_status":"closed","template":"","meta":{"footnotes":""},"class_list":["post-1459","page","type-page","status-publish","hentry"],"_links":{"self":[{"href":"https:\/\/tarife-aktionen.de\/vodafone\/wp-json\/wp\/v2\/pages\/1459","targetHints":{"allow":["GET"]}}],"collection":[{"href":"https:\/\/tarife-aktionen.de\/vodafone\/wp-json\/wp\/v2\/pages"}],"about":[{"href":"https:\/\/tarife-aktionen.de\/vodafone\/wp-json\/wp\/v2\/types\/page"}],"author":[{"embeddable":true,"href":"https:\/\/tarife-aktionen.de\/vodafone\/wp-json\/wp\/v2\/users\/29"}],"replies":[{"embeddable":true,"href":"https:\/\/tarife-aktionen.de\/vodafone\/wp-json\/wp\/v2\/comments?post=1459"}],"version-history":[{"count":0,"href":"https:\/\/tarife-aktionen.de\/vodafone\/wp-json\/wp\/v2\/pages\/1459\/revisions"}],"up":[{"embeddable":true,"href":"https:\/\/tarife-aktionen.de\/vodafone\/wp-json\/wp\/v2\/pages\/1405"}],"wp:attachment":[{"href":"https:\/\/tarife-aktionen.de\/vodafone\/wp-json\/wp\/v2\/media?parent=1459"}],"curies":[{"name":"wp","href":"https:\/\/api.w.org\/{rel}","templated":true}]}}