{"id":1499,"date":"2016-02-06T00:01:47","date_gmt":"2016-02-05T23:01:47","guid":{"rendered":"https:\/\/tarife-aktionen.de\/vodafone\/?page_id=1499"},"modified":"2023-10-22T21:17:50","modified_gmt":"2023-10-22T19:17:50","slug":"tarifwechsel-dsl-vdsl-kabel-lte","status":"publish","type":"page","link":"https:\/\/tarife-aktionen.de\/vodafone\/zuhause\/tarifwechsel-dsl-vdsl-kabel-lte","title":{"rendered":"Tarifwechsel Vodafone DSL, VDSL, Kabel (Zuhause Tarife)"},"content":{"rendered":"<p><span class=\"desktop-tablet\"><img decoding=\"async\" class=\"alignright size-full wp-image-1503\" src=\"https:\/\/tarife-aktionen.de\/vodafone\/inhalte\/2016\/02\/tarifwechsel-vodafone-dsl-vdsl-arcor-kabel-deutschland.jpg\" alt=\"Tarifwechsel Vodafone DSL, VDSL, Kabel (Zuhause Tarife)\" width=\"150\" height=\"100\" srcset=\"https:\/\/tarife-aktionen.de\/vodafone\/inhalte\/2016\/02\/tarifwechsel-vodafone-dsl-vdsl-arcor-kabel-deutschland.jpg 150w, https:\/\/tarife-aktionen.de\/vodafone\/inhalte\/2016\/02\/tarifwechsel-vodafone-dsl-vdsl-arcor-kabel-deutschland-80x53.jpg 80w\" sizes=\"(max-width: 150px) 100vw, 150px\" \/>Wenn Sie bereits einen Vodafone <strong><a title=\"Vodafone DSL Tarife: Internet, Telefon und optional TV\" href=\"https:\/\/tarife-aktionen.de\/vodafone\/zuhause\/dsl\">DSL<\/a><\/strong> \/ <strong><a title=\"Vodafone VDSL Tarife: Internet, Telefon und optional TV\" href=\"https:\/\/tarife-aktionen.de\/vodafone\/zuhause\/vdsl\">VDSL<\/a><\/strong> (inkl. ex Arcor), Zuhause LTE oder Vodafone <strong><a title=\"Vodafone Kabel Tarife: Internet, Telefon und optional TV\" href=\"https:\/\/tarife-aktionen.de\/vodafone\/zuhause\/kabel\">Kabel<\/a><\/strong> (inkl. ex\u00a0Kabel Deutschland) Tarif nutzen, finden Sie hier Infos zu einem <strong><span class=\"farbig\">Tarifwechsel f\u00fcr Zuhause Tarife<\/span><\/strong>. F\u00fcr eine kostenlose Tarifberatung zu einen neuen zus\u00e4tzlichen Tarif bzw. f\u00fcr Vodafone <a title=\"Vodafone Tarif\u00fcbersicht Zuhause (Festnetz-Anschluss)\" href=\"https:\/\/tarife-aktionen.de\/vodafone\/zuhause\/tarifuebersicht\">Festnetz<\/a> \/ Zuhause Neukunden sind Sie <a title=\"Callback \/ R\u00fcckruf: telefonische Beratung zu Vodafone Tarifen\" href=\"https:\/\/tarife-aktionen.de\/vodafone\/kontakt\/telefonische-beratung\"><strong>HIER<\/strong><\/a> richtig.\u00a0<\/span><span class=\"smartphone\">Infos zu Tarifwechsel f\u00fcr\u00a0Vodafone <strong><a title=\"Vodafone DSL Tarife: Internet, Telefon und optional TV\" href=\"https:\/\/tarife-aktionen.de\/vodafone\/zuhause\/dsl\">DSL<\/a><\/strong> \/ <strong><a title=\"Vodafone VDSL Tarife: Internet, Telefon und optional TV\" href=\"https:\/\/tarife-aktionen.de\/vodafone\/zuhause\/vdsl\">VDSL<\/a><\/strong> (ex Arcor) oder Vodafone <strong><a title=\"Vodafone Kabel Tarife: Internet, Telefon und optional TV\" href=\"https:\/\/tarife-aktionen.de\/vodafone\/zuhause\/kabel\">Kabel<\/a><\/strong> (ex\u00a0Kabel Deutschland) Kunden.\u00a0F\u00fcr einen neuen zus\u00e4tzlichen neuen Tarif bzw. f\u00fcr Vodafone <a title=\"Vodafone Tarif\u00fcbersicht Zuhause (Festnetz-Anschluss)\" href=\"https:\/\/tarife-aktionen.de\/vodafone\/zuhause\/tarifuebersicht\">Festnetz<\/a>\u00a0Neukunden sind Sie <a title=\"Callback \/ R\u00fcckruf: telefonische Beratung zu Vodafone Tarifen\" href=\"https:\/\/tarife-aktionen.de\/vodafone\/kontakt\/telefonische-beratung\"><strong>HIER<\/strong><\/a> richtig.<\/span><\/p>\n<p><strong>Tarifwechsel: <a title=\"Vodafone Festnetz Tarifwechsel online\" href=\"https:\/\/tarife-aktionen.de\/vodafone\/zuhause\/tarifwechsel-dsl-vdsl-kabel-lte#online\">Online<\/a> \/ <a title=\"Vodafone Zuhause Tarifwechsel telefonisch durchf\u00fchren\" href=\"https:\/\/tarife-aktionen.de\/vodafone\/zuhause\/tarifwechsel-dsl-vdsl-kabel-lte#telefonisch\">Hotline<\/a> \/ <a title=\"Vodafone Tarifwechsel Festnetz - hier Anfrage stellen\" href=\"https:\/\/tarife-aktionen.de\/vodafone\/zuhause\/tarifwechsel-dsl-vdsl-kabel-lte#anfrage\">Anfrage<\/a><\/strong><\/p>\n<h2><span class=\"farbig\">Konditionen und Angebote<\/span> f\u00fcr Vodafone Tarifwechsel Festnetz<\/h2>\n<p>Ob Sie aus Ihrem bisherigen Vodafone Festnetz Tarif in einen neuen Zuhause Tarif (DSL, VDSL, Kabel) wechseln k\u00f6nnen, h\u00e4ngt zum einen von der <strong><a title=\"Vodafone Verf\u00fcgbarkeit Zuhause Tarife: DSL, VDSL, Kabel, LTE\" href=\"https:\/\/tarife-aktionen.de\/vodafone\/zuhause\/verfuegbarkeit\">Verf\u00fcgbarkeit<\/a><\/strong> ab (z.B. ist VDSL oder Kabel Internet ausgebaut) und zum anderen von der Art Ihres jetzigen Vertrags. Ein Upgrade in einen h\u00f6herwertigen Tarif ist im Regelfall gleich und ohne Geb\u00fchren m\u00f6glich. Ob ein Tarifwechsel f\u00fcr Sie m\u00f6glich ist und zu welchen Konditionen, kann man pauschal nicht sagen. Gern macht Ihnen der <a title=\"Vodafone Kundenservice: Hotline, Kontaktformular und Hilfe\" href=\"https:\/\/tarife-aktionen.de\/vodafone\/kontakt\/kundenservice\">Vodafone Kundenservice<\/a> ein passendes Angebot, den Sie hier kontaktieren k\u00f6nnen.<\/p>\n<h2><a id=\"online\"><\/a>Tarifwechsel <span class=\"farbig\">online pr\u00fcfen in MeinVodafone<\/span> (Kundenlogin)<\/h2>\n<p>Viele Tarifwechsel k\u00f6nnen Sie auch <strong>online<\/strong> pr\u00fcfen und durchf\u00fchren oder Ihren Wunsch dem Kundenservice mitteilen. Nutzen Sie hierzu einfach <strong><a title=\"MeinVodafone (Kundenlogin)\" href=\"https:\/\/tarife-aktionen.de\/vodafone\/zum-anbieter\/vodafone-service\/vodafone-service-login\" target=\"_blank\" rel=\"noopener\">MeinVodafone<\/a><\/strong>.<\/p>\n<h2><a id=\"telefonisch\"><\/a>Vodafone \/ Arcor und Kabel Deutschland <span class=\"farbig\">Hotlines Kundenservice<\/span><\/h2>\n<p>Beim Vodafone Kundenservice k\u00f6nnen Sie Tarifwechsel auch <strong>telefonisch<\/strong> vornehmen:<\/p>\n<ul class=\"desktop-tablet\">\n<li><strong>Hotlines f\u00fcr Vodafone Vertragskunden<\/strong> (Arcor \/ Vodafone DSL &#8211; VDSL &#8211; Telefonanschluss): <strong><a href=\"tel:08001721212\" >0800 - 172 12 12<\/a><\/strong> (kostenlos aus allen deutschen Netzen).<\/li>\n<li><strong>Kabel Deutschland Hotlines<\/strong> (Kabelfernsehen, Kabel Internet und Telefonanschluss Vertrag):\u00a0<strong><a href=\"tel:08002787000\" >0800 - 27 87 000<\/a><\/strong> (kostenfrei aus allen dt. Netzen).<\/li>\n<\/ul>\n<ul class=\"smartphone\">\n<li><strong>Hotlines f\u00fcr Vodafone Vertragskunden<\/strong> (Arcor \/ Vodafone DSL &#8211; VDSL &#8211; Telefonanschluss): <strong><a href=\"tel:08001721212\" >0800 - 172 12 12<\/a><\/strong> (kostenlos aus allen deutschen Netzen).<\/li>\n<li><strong>Kabel Deutschland Hotlines<\/strong> (Kabelfernsehen, Kabel Internet und Telefonanschluss Vertrag):\u00a0<strong><a href=\"tel:08002787000\" >0800 - 27 87 000<\/a><\/strong> (kostenfrei aus allen dt. Netzen).<\/li>\n<\/ul>\n<h2><span class=\"farbig\"><a id=\"anfrage\"><\/a>Schriftlicher Kontakt<\/span>\u00a0Vodafone Kundenservice (f\u00fcr Tarifwechsel)<\/h2>\n<p><strong>Anfrage Tarifwechsel<\/strong> beim Vodafone Kundenservice (inkl. Arcor \/ Kabel Deutschland):<\/p>\n<ul>\n<li><strong><a title=\"Vodafone Kontaktformular\" href=\"https:\/\/tarife-aktionen.de\/vodafone\/zum-anbieter\/vodafone-service\/vodafone-service-kontakt\" target=\"_blank\" rel=\"noopener\">Vodafone Kontaktformular<\/a>:<\/strong> Fragen online stellen per Kontaktformular.<\/li>\n<li><strong>Anschrift Vodafone:<\/strong> Vodafone GmbH \/ Ferdinand-Braun-Platz 1 \/ 40549 D\u00fcsseldorf.<\/li>\n<li><strong><a title=\"MeinVodafone Kunden-Login\" href=\"https:\/\/tarife-aktionen.de\/vodafone\/zum-anbieter\/vodafone-service\/vodafone-service-login\" target=\"_blank\" rel=\"noopener\">MeinVodafone Kunden-Login<\/a>:<\/strong> Vodafone Vertr\u00e4ge online verwalten.<\/li>\n<\/ul>\n<h2><span class=\"farbig\">Beratung und Bestellung<\/span> neuer Vodafone Tarif (Tarifberatung)<\/h2>\n<p><span class=\"desktop-tablet\">F\u00fcr Vodafone <strong><a title=\"Vodafone Zuhause Tarife: DSL, VDSL, Kabel, LTE, TV, Telefon\" href=\"https:\/\/tarife-aktionen.de\/vodafone\/zuhause\">Zuhause Tarife<\/a><\/strong> Neukunden oder Bestandskunden, die einen neuen \/ weiteren Tarif beauftragen\u00a0m\u00f6chten, beraten wir als autorisierter Vodafone Partner Sie gern unverbindlich und kostenfrei zu Vodafone Zuhause\u00a0<a title=\"Vodafone DSL Tarife: Internet, Telefon und optional TV\" href=\"https:\/\/tarife-aktionen.de\/vodafone\/zuhause\/dsl\">DSL<\/a>, <a title=\"Vodafone VDSL Tarife: Internet, Telefon und optional TV\" href=\"https:\/\/tarife-aktionen.de\/vodafone\/zuhause\/vdsl\">VDSL<\/a>, <a title=\"Vodafone Kabel Tarife: Internet, Telefon und optional TV\" href=\"https:\/\/tarife-aktionen.de\/vodafone\/zuhause\/kabel\">Kabel<\/a>, <a title=\"Vodafone TV \/ Fernsehen: IPTV Anschluss und Kabelfernsehen\" href=\"https:\/\/tarife-aktionen.de\/vodafone\/zuhause\/tv-fernsehen\">TV<\/a>\u00a0und <a title=\"Vodafone LTE Zuhause Tarife \u2013 Internet und Telefon\" href=\"https:\/\/tarife-aktionen.de\/vodafone\/zuhause\/lte\">LTE<\/a>. Sie erreichen uns unter Telefon\u00a0<strong><a href=\"tel:+4939434099929\" onclick=\"ga('send', 'event', 'hotline', 'hotline-content', 'hotline-content-mit-zeit');\">0 39 43 \/ 40 999 29<\/a><\/strong> (Mo.-Fr. 7:30-22 \/ Sa. 8-22 \/ So. + Feiertag 10-22 Uhr). Alternativ k\u00f6nnen Sie unseren <a title=\"Callback \/ R\u00fcckruf: telefonische Beratung zu Vodafone Tarifen\" href=\"https:\/\/tarife-aktionen.de\/vodafone\/kontakt\/telefonische-beratung\">R\u00fcckruf Service<\/a> nutzen oder eine <a title=\"Kontaktformular: schriftliche Anfrage zu Vodafone Tarifen\" href=\"https:\/\/tarife-aktionen.de\/vodafone\/kontakt\/schriftliche-anfrage\">schriftliche Anfrage<\/a> stellen. Gern senden wir Ihnen auch kostenlos Bestellformulare <a title=\"Bestellformulare \/ Flyer Vodafone Tarife per Post \/ eMail\" href=\"https:\/\/tarife-aktionen.de\/vodafone\/kontakt\/unterlagen-zusenden\">per Post zu<\/a>.\u00a0<\/span><span class=\"smartphone\">F\u00fcr Vodafone <strong><a title=\"Vodafone Zuhause Tarife: DSL, VDSL, Kabel, LTE, TV, Telefon\" href=\"https:\/\/tarife-aktionen.de\/vodafone\/zuhause\">Zuhause Tarife<\/a><\/strong> Neukunden oder Bestandskunden, die einen neuen \/ weiteren Tarif beauftragen\u00a0m\u00f6chten, beraten wir als autorisierter Vodafone Partner Sie gern unverbindlich und kostenfrei zu Vodafone Zuhause\u00a0<a title=\"Vodafone DSL Tarife: Internet, Telefon und optional TV\" href=\"https:\/\/tarife-aktionen.de\/vodafone\/zuhause\/dsl\">DSL<\/a>, <a title=\"Vodafone VDSL Tarife: Internet, Telefon und optional TV\" href=\"https:\/\/tarife-aktionen.de\/vodafone\/zuhause\/vdsl\">VDSL<\/a>, <a title=\"Vodafone Kabel Tarife: Internet, Telefon und optional TV\" href=\"https:\/\/tarife-aktionen.de\/vodafone\/zuhause\/kabel\">Kabel<\/a>, <a title=\"Vodafone TV \/ Fernsehen: IPTV Anschluss und Kabelfernsehen\" href=\"https:\/\/tarife-aktionen.de\/vodafone\/zuhause\/tv-fernsehen\">TV<\/a>\u00a0und <a title=\"Vodafone LTE Zuhause Tarife \u2013 Internet und Telefon\" href=\"https:\/\/tarife-aktionen.de\/vodafone\/zuhause\/lte\">LTE<\/a>. Sie erreichen uns unter Telefon <strong><a href=\"tel:+4939434099929\" onclick=\"ga('send', 'event', 'hotline', 'hotline-content', 'hotline-content-mit-zeit');\">0 39 43 \/ 40 999 29<\/a><\/strong> (Mo.-Fr. 7:30-22 \/ Sa. 8-22 \/ So. + Feiertag 10-22 Uhr). Alternativ k\u00f6nnen Sie unseren <a title=\"Callback \/ R\u00fcckruf: telefonische Beratung zu Vodafone Tarifen\" href=\"https:\/\/tarife-aktionen.de\/vodafone\/kontakt\/telefonische-beratung\">R\u00fcckruf Service<\/a> nutzen oder eine <a title=\"Kontaktformular: schriftliche Anfrage zu Vodafone Tarifen\" href=\"https:\/\/tarife-aktionen.de\/vodafone\/kontakt\/schriftliche-anfrage\">schriftliche Anfrage<\/a> stellen. Gern senden wir Ihnen auch kostenlos Bestellformulare <a title=\"Bestellformulare \/ Flyer Vodafone Tarife per Post \/ eMail\" href=\"https:\/\/tarife-aktionen.de\/vodafone\/kontakt\/unterlagen-zusenden\">per Post zu<\/a>.<\/span><\/p>\n","protected":false},"excerpt":{"rendered":"<p>Wenn Sie bereits einen Vodafone DSL \/ VDSL (inkl. ex Arcor), Zuhause LTE oder Vodafone Kabel (inkl. ex\u00a0Kabel Deutschland) Tarif nutzen, finden Sie hier Infos zu einem Tarifwechsel f\u00fcr Zuhause Tarife. F\u00fcr eine kostenlose Tarifberatung zu einen neuen zus\u00e4tzlichen Tarif bzw. f\u00fcr Vodafone Festnetz \/ Zuhause Neukunden sind Sie HIER richtig.\u00a0Infos zu Tarifwechsel f\u00fcr\u00a0Vodafone DSL &hellip; <a href=\"https:\/\/tarife-aktionen.de\/vodafone\/zuhause\/tarifwechsel-dsl-vdsl-kabel-lte\" class=\"more-link\"><span class=\"screen-reader-text\">Tarifwechsel Vodafone DSL, VDSL, Kabel (Zuhause Tarife)<\/span> weiterlesen <span class=\"meta-nav\">&rarr;<\/span><\/a><\/p>\n","protected":false},"author":30,"featured_media":0,"parent":212,"menu_order":0,"comment_status":"closed","ping_status":"closed","template":"","meta":{"footnotes":""},"class_list":["post-1499","page","type-page","status-publish","hentry"],"_links":{"self":[{"href":"https:\/\/tarife-aktionen.de\/vodafone\/wp-json\/wp\/v2\/pages\/1499","targetHints":{"allow":["GET"]}}],"collection":[{"href":"https:\/\/tarife-aktionen.de\/vodafone\/wp-json\/wp\/v2\/pages"}],"about":[{"href":"https:\/\/tarife-aktionen.de\/vodafone\/wp-json\/wp\/v2\/types\/page"}],"author":[{"embeddable":true,"href":"https:\/\/tarife-aktionen.de\/vodafone\/wp-json\/wp\/v2\/users\/30"}],"replies":[{"embeddable":true,"href":"https:\/\/tarife-aktionen.de\/vodafone\/wp-json\/wp\/v2\/comments?post=1499"}],"version-history":[{"count":2,"href":"https:\/\/tarife-aktionen.de\/vodafone\/wp-json\/wp\/v2\/pages\/1499\/revisions"}],"predecessor-version":[{"id":6466,"href":"https:\/\/tarife-aktionen.de\/vodafone\/wp-json\/wp\/v2\/pages\/1499\/revisions\/6466"}],"up":[{"embeddable":true,"href":"https:\/\/tarife-aktionen.de\/vodafone\/wp-json\/wp\/v2\/pages\/212"}],"wp:attachment":[{"href":"https:\/\/tarife-aktionen.de\/vodafone\/wp-json\/wp\/v2\/media?parent=1499"}],"curies":[{"name":"wp","href":"https:\/\/api.w.org\/{rel}","templated":true}]}}