{"id":1545,"date":"2016-02-06T00:01:59","date_gmt":"2016-02-05T23:01:59","guid":{"rendered":"https:\/\/tarife-aktionen.de\/vodafone\/?page_id=1545"},"modified":"2023-10-22T21:19:01","modified_gmt":"2023-10-22T19:19:01","slug":"fremdsprachen","status":"publish","type":"page","link":"https:\/\/tarife-aktionen.de\/vodafone\/iptv\/tv-pakete\/fremdsprachen","title":{"rendered":"Fremdsprachenpakete f\u00fcr Vodafone IPTV Anschluss"},"content":{"rendered":"<p>Mit den Vodafone Fremdsprachen Paketen k\u00f6nnen Sie Ihr Mutterland zu Hause nach Deutschland holen. Egal ob Sie aus der T\u00fcrkei, aus Polen oder aus Russland stammen, <a title=\"Informationen, Angebote und Tarife zu Vodafone\" href=\"https:\/\/tarife-aktionen.de\/vodafone\/\" target=\"_blank\" rel=\"noopener\">Vodafone<\/a> bietet f\u00fcr alle diese L\u00e4nder ein Fremdsprachenpaket an. Allerdings nur, wenn Sie auch ein <a title=\"Vodafone DSL plus IP-TV Paket\" href=\"https:\/\/tarife-aktionen.de\/vodafone\/iptv\/kombi-pakete-tv-internet-telefon\">Vodafone DSL plus IPTV Paket<\/a> besitzen: dann steht dem Fremdsprachenpaket nichts im Wege.<\/p>\n<h2>Vodafone Fremdsprachenpakete f\u00fcr Ihr IPTV\u00a0<span class=\"farbig\">auf einem Blick<\/span><\/h2>\n<p>Neben den PayTV Paketen und <a title=\"Videothek \/ Video on Demand (VoD)\" href=\"https:\/\/tarife-aktionen.de\/vodafone\/iptv\/videothek-filme-auf-abruf\">Vodafone Videothek<\/a> Paketen gibt es noch 3\u00a0Fremdsprachen Pakete mit Sendern in Ihrer Muttersprache, die \u00fcber Ihr Vodafone IP-TV Paket empfangen werden k\u00f6nnen:<\/p>\n<ul>\n<li><strong>TV-Paket T\u00fcrkisch (<span style=\"color: #ff0000;\">5,95 Euro<\/span> je Monat):<\/strong> Hier erhalten Sie TV-Sender aus den Bereichen Nachrichten, Sport, Filme, Serien, Shows und Unterhaltung. Insgesamt bietet das TV-Paket T\u00fcrkisch Ihnen 8 Sender, nat\u00fcrlich in Ihrer t\u00fcrkischen Muttersprache. <strong><span style=\"color: #ff0000;\">&gt;&gt;&gt;<\/span> <a title=\"Sprache T\u00fcrkisch \/ T\u00fcrkei\" href=\"https:\/\/tarife-aktionen.de\/vodafone\/iptv\/tv-pakete\/fremdsprachen\/tuerkisch\">Informationen<\/a><\/strong><\/li>\n<li><strong>TV-Paket Polnisch (<span style=\"color: #ff0000;\">5,95 Euro<\/span> je Monat): <\/strong>Mit dem TV-Paket Polnisch holen Sie sich Ihre Heimat direkt ins Wohnzimmer. Schauen und genie\u00dfen Sie TV-Programme mit Unterhaltung, Kultur und aktuellen Informationen aus Polen, nat\u00fcrlich auf polnisch. <strong><span style=\"color: #ff0000;\">&gt;&gt;&gt;<\/span> <a title=\"Sprache Polnisch \/ Polen\" href=\"https:\/\/tarife-aktionen.de\/vodafone\/iptv\/tv-pakete\/fremdsprachen\/polnisch\">Informationen<\/a><\/strong><\/li>\n<li><strong>TV-Paket Russisch (<span style=\"color: #ff0000;\">12,95 Euro<\/span> je Monat):<\/strong> Sie interessieren sich f\u00fcr russische TV-Programme mit Unterhaltung, Kultur und aktuellen Informationen aus Russland? Dann entscheiden Sie sich f\u00fcr das Vodafone TV Parket Russisch, in Ihrer russischen Muttersprache.<strong><span style=\"color: #ff0000;\"> &gt;&gt;&gt;<\/span> <a title=\"Sprache Russisch \/ Russland\" href=\"https:\/\/tarife-aktionen.de\/vodafone\/iptv\/tv-pakete\/fremdsprachen\/tuerkisch\">Mehr Info\u00b4s<\/a><\/strong><\/li>\n<\/ul>\n<p>Au\u00dferdem bietet Vodafone auch noch interessante <a title=\"PayTV Sender (TV Pakete)\" href=\"https:\/\/tarife-aktionen.de\/vodafone\/iptv\/tv-pakete\">PayTV Pakete<\/a>, zum Beispiel f\u00fcr Kinder das KinderPaket oder f\u00fcr die Eltern das Film-, Doku- oder Lounge-Paket. Diese Pakete beinhalten zwar nur Sender in deutscher Sprache, bieten aber trotzdem viel Abwechslung zum normalen Programm. Sie interessieren sich f\u00fcr eines der diversen PayTV Pakete f\u00fcr <a title=\"Informationen, Angebote und Tarife zu Vodafone TV\" href=\"https:\/\/tarife-aktionen.de\/vodafone\/iptv\" target=\"_blank\" rel=\"noopener\">Vodafone TV<\/a>? <a title=\"PayTV Sender (TV Pakete)\" href=\"https:\/\/tarife-aktionen.de\/vodafone\/iptv\/tv-pakete\"><strong>Mehr Infos<\/strong><\/a><\/p>\n<p style=\"text-align: center;\"><strong><span style=\"color: #ff0000;\">&gt;&gt;&gt;<\/span> <a title=\"Vodafone DSL und TV Paket (Verf\u00fcgbarkeit und Bestellung)\" href=\"https:\/\/tarife-aktionen.de\/vodafone\/zum-anbieter\/vodafone-festnetz\/vodafone-festnetz-check\" target=\"_blank\" rel=\"noopener\">Vodafone DSL + IP-TV Paket f\u00fcr Vodafone DSL Neukunden<\/a><\/strong><strong><br \/>\n<\/strong><\/p>\n<h2>Voraussetzung f\u00fcr die Fremdsprachenpakete ist das Vodafone DSL plus IP-TV Paket<\/h2>\n<p>Wenn Sie sich f\u00fcr die Vodafone Fremdsprachenpakete interessieren, ben\u00f6tigen Sie ein <a title=\"Informationen, Angebote und Tarife zu Vodafone DSL\" href=\"https:\/\/tarife-aktionen.de\/vodafone\/zuhause\/tarifuebersicht\" target=\"_blank\" rel=\"noopener\">Vodafone DSL<\/a> plus IP-TV Paket. Das ist die Basis f\u00fcr die Fremdsprachenpakete, aber auch f\u00fcr die PayTV Pakete wie z.B. dem <a title=\"KinderPaket (TV f\u00fcr Kinder)\" href=\"https:\/\/tarife-aktionen.de\/vodafone\/archiv-zuhause\/kinder-tv-paket\">KinderPaket<\/a>, <a title=\"FilmPaket (Filme \/ Blockbuster)\" href=\"https:\/\/tarife-aktionen.de\/vodafone\/archiv-zuhause\/film-tv-paket\">FilmPaket<\/a>, <a title=\"LoungePaket (Serien, Comedy)\" href=\"https:\/\/tarife-aktionen.de\/vodafone\/archiv-zuhause\/lounge-tv-paket\">LoungePaket<\/a> oder <a title=\"DokuPaket (Dokumentationen)\" href=\"https:\/\/tarife-aktionen.de\/vodafone\/archiv-zuhause\/doku-tv-paket\">DokuPaket<\/a> und beinhaltet neben Vodafone TV auch eine Internetflat mit bis zu 16 Mbit\/s und eine Telefonflat ins gesamte deutsche Festnetz. Nachdem Sie sich f\u00fcr das Vodafone DSL plus IP-TV Paket entschieden haben, k\u00f6nnen Sie zum Beispiel die PayTV Pakete oder aber auch die Fremdsprachenpakete <a title=\"Sprache T\u00fcrkisch \/ T\u00fcrkei\" href=\"https:\/\/tarife-aktionen.de\/vodafone\/iptv\/tv-pakete\/fremdsprachen\/tuerkisch\">T\u00fcrkisch<\/a>, <a title=\"DigiTurk (LIG TV \/ Turk MAX)\" href=\"https:\/\/tarife-aktionen.de\/vodafone\/iptv\/tv-pakete\/fremdsprachen\/tuerkisch\">DigiTurk<\/a>, <a title=\"Sprache Polnisch \/ Polen\" href=\"https:\/\/tarife-aktionen.de\/vodafone\/iptv\/tv-pakete\/fremdsprachen\/polnisch\">Polnisch<\/a> oder <a title=\"Sprache Russisch \/ Russland\" href=\"https:\/\/tarife-aktionen.de\/vodafone\/iptv\/tv-pakete\/fremdsprachen\/tuerkisch\">Russisch<\/a> hinzubuchen. Auf dieser Art und Weise k\u00f6nnen Sie ihr Vodafone DSL plus IP-TV Paket nach Ihren Vorstellungen anpassen, so dass der Fernsehabend daheim auf dem Sofa ein gelungener Abend wird. Zus\u00e4tzlich k\u00f6nnen Sie auch die Vodafone Online-Videothek nutzen und Filme auf Abruf schauen. Das Beste ist, wenn Sie sich f\u00fcr eines der PayTV Pakete entscheiden, erhalten Sie sogar kostenfreien Zugriff auf die Inhalte in der Vodafone Videothek des jeweiligen Pakets. Interesse am Vodafone DSL plus <a title=\"Informationen und Newsmeldungen zum Thema IPTV\" href=\"https:\/\/tarife-aktionen.de\/vodafone\/iptv\" target=\"_blank\" rel=\"noopener\">IPTV<\/a> Paket? Beachten Sie den nachstehenden Link.<\/p>\n<p style=\"text-align: center;\"><strong><span style=\"color: #ff0000;\">&gt;&gt;&gt;<\/span> <a title=\"Vodafone DSL und TV Paket (Verf\u00fcgbarkeit und Bestellung)\" href=\"https:\/\/tarife-aktionen.de\/vodafone\/zum-anbieter\/vodafone-festnetz\/vodafone-festnetz-check\" target=\"_blank\" rel=\"noopener\">Vodafone DSL + IP-TV Paket f\u00fcr Vodafone DSL Neukunden<\/a><\/strong><\/p>\n<p><span style=\"color: #999999;\">*Die Vodafone Fremdsprachen Pakete haben keine Mindestvertragslaufzeit und eine faire K\u00fcndigungsfrist von 3 Monaten. Die Vodafone Fremdsprachenpakete Pakete gibt es nur als Erg\u00e4nzung f\u00fcr einen bestehenden Vodafone DSL Anschluss mit IPTV (nicht f\u00fcr <a title=\"Vodafone DSL plus Sat-TV Paket\" href=\"https:\/\/tarife-aktionen.de\/vodafone\/dsl-tarife\/vodafone-red-internet-phone-16-dsl-mit-sat-tv\">Sat Paket<\/a>), durch den weitere Kosten entstehen (Mindestlaufzeit 24 Monate). Vodafone TV mit optionalen Fremdsprachenpaketen ist schon in vielen St\u00e4dten und Gemeinden verf\u00fcgbar, mehr Details zur Verf\u00fcgbarkeit und Bestellung sowie weitere Informationen finden Sie im<\/span> <a title=\"Vodafone TV \/ IPTV im Onlineshop\" href=\"https:\/\/tarife-aktionen.de\/vodafone\/zum-anbieter\/vodafone-festnetz\/vodafone-festnetz-check\" target=\"_blank\" rel=\"noopener\">Vodafone TV Onlineshop<\/a><span style=\"color: #999999;\">.<\/span><strong><br \/>\n<\/strong><\/p>\n","protected":false},"excerpt":{"rendered":"<p>Mit den Vodafone Fremdsprachen Paketen k\u00f6nnen Sie Ihr Mutterland zu Hause nach Deutschland holen. Egal ob Sie aus der T\u00fcrkei, aus Polen oder aus Russland stammen, Vodafone bietet f\u00fcr alle diese L\u00e4nder ein Fremdsprachenpaket an. Allerdings nur, wenn Sie auch ein Vodafone DSL plus IPTV Paket besitzen: dann steht dem Fremdsprachenpaket nichts im Wege. Vodafone &hellip; <a href=\"https:\/\/tarife-aktionen.de\/vodafone\/iptv\/tv-pakete\/fremdsprachen\" class=\"more-link\"><span class=\"screen-reader-text\">Fremdsprachenpakete f\u00fcr Vodafone IPTV Anschluss<\/span> weiterlesen <span class=\"meta-nav\">&rarr;<\/span><\/a><\/p>\n","protected":false},"author":29,"featured_media":0,"parent":1303,"menu_order":0,"comment_status":"closed","ping_status":"closed","template":"","meta":{"footnotes":""},"class_list":["post-1545","page","type-page","status-publish","hentry"],"_links":{"self":[{"href":"https:\/\/tarife-aktionen.de\/vodafone\/wp-json\/wp\/v2\/pages\/1545","targetHints":{"allow":["GET"]}}],"collection":[{"href":"https:\/\/tarife-aktionen.de\/vodafone\/wp-json\/wp\/v2\/pages"}],"about":[{"href":"https:\/\/tarife-aktionen.de\/vodafone\/wp-json\/wp\/v2\/types\/page"}],"author":[{"embeddable":true,"href":"https:\/\/tarife-aktionen.de\/vodafone\/wp-json\/wp\/v2\/users\/29"}],"replies":[{"embeddable":true,"href":"https:\/\/tarife-aktionen.de\/vodafone\/wp-json\/wp\/v2\/comments?post=1545"}],"version-history":[{"count":2,"href":"https:\/\/tarife-aktionen.de\/vodafone\/wp-json\/wp\/v2\/pages\/1545\/revisions"}],"predecessor-version":[{"id":6571,"href":"https:\/\/tarife-aktionen.de\/vodafone\/wp-json\/wp\/v2\/pages\/1545\/revisions\/6571"}],"up":[{"embeddable":true,"href":"https:\/\/tarife-aktionen.de\/vodafone\/wp-json\/wp\/v2\/pages\/1303"}],"wp:attachment":[{"href":"https:\/\/tarife-aktionen.de\/vodafone\/wp-json\/wp\/v2\/media?parent=1545"}],"curies":[{"name":"wp","href":"https:\/\/api.w.org\/{rel}","templated":true}]}}