{"id":1629,"date":"2016-02-06T00:01:52","date_gmt":"2016-02-05T23:01:52","guid":{"rendered":"https:\/\/tarife-aktionen.de\/vodafone\/?page_id=1629"},"modified":"2023-10-22T21:19:18","modified_gmt":"2023-10-22T19:19:18","slug":"kinder-tv-paket","status":"publish","type":"page","link":"https:\/\/tarife-aktionen.de\/vodafone\/archiv-zuhause\/kinder-tv-paket","title":{"rendered":"Vodafone Kinder Paket f\u00fcr IPTV-Anschluss (Kids &#038; Teens)"},"content":{"rendered":"<p><strong><em>Hinweis: das Vodafone Kinder TV Paket ist mehr erh\u00e4ltlich. Alternativ: <a title=\"Sky Pakete f\u00fcr Vodafone IPTV (Bundesliga, Sport, Film, Welt)\" href=\"https:\/\/tarife-aktionen.de\/vodafone\/iptv\/tv-pakete\/sky\">Sky f\u00fcr Vodafone TV<\/a>.<\/em><\/strong><\/p>\n<p>Sie haben Kinder \/ Kids oder Jugendliche \/ Teenager in Ihrem Haushalt leben? Dann ist das Vodafone KinderPaket die perfekte Erg\u00e4nzung f\u00fcr Ihren <a title=\"Vodafone DSL plus IP-TV Paket\" href=\"https:\/\/tarife-aktionen.de\/vodafone\/iptv\/kombi-pakete-tv-internet-telefon\">Vodafone DSL plus IP-TV<\/a> Anschluss (nicht erh\u00e4ltlich f\u00fcr das <a title=\"Vodafone DSL plus Sat-TV Paket\" href=\"https:\/\/tarife-aktionen.de\/vodafone\/dsl-tarife\/vodafone-red-internet-phone-16-dsl-mit-sat-tv\">Vodafone DSL plus Sat-TV<\/a> Paket). F\u00fcr monatlich nur <span style=\"color: #ff0000;\"><strong>4,95 \u20ac<\/strong><\/span> Aufpreis erhalten Sie 8 altersgereche Premium TV Sender sowie kostenfreie Inhalte aus der <a title=\"Videothek \/ Video on Demand (VoD)\" href=\"https:\/\/tarife-aktionen.de\/vodafone\/iptv\/videothek-filme-auf-abruf\">Vodafone Videothek<\/a>.<\/p>\n<h2>Fernsehunterhaltung f\u00fcr Kinder \/ Kids mit dem Vodafone PayTV Paket Kinder (optional)<\/h2>\n<p>Sie geben sich nicht mit den FreeTV Sendern Ihres <a title=\"Werbespots f\u00fcr Vodafone TV\" href=\"https:\/\/tarife-aktionen.de\/vodafone\/fernsehwerbung\/werbespots-alt-tv-gegen-vodafone-hdtv\">Vodafone TV<\/a> Pakets zufrieden? Sie suchen mehr, speziell als altersgerechte Fernsehunterhaltung f\u00fcr Ihre Kinder oder die Kids, die sie regelm\u00e4\u00dfig besuchen? Dann ist das Vodafone Kinder TV Paket genau die richtige Wahl f\u00fcr Sie.<\/p>\n<p>Die nachfolgenden <a title=\"PayTV Sender (TV Pakete)\" href=\"https:\/\/tarife-aktionen.de\/vodafone\/iptv\/tv-pakete\">Premium TV Sender<\/a> sind im Vodafone KinderPaket enthalten:<\/p>\n<ul>\n<li><span style=\"color: #ff0000;\"><strong>BabyTV:<\/strong><\/span> Mit diesem Premium Fernsehsender erhalten Sie ein <a title=\"Informationen und Newsmeldungen zum Thema TV\" href=\"https:\/\/tarife-aktionen.de\/vodafone\/iptv\" target=\"_blank\" rel=\"noopener\">TV<\/a> Programm, dass sich an Babys und Kleinkinder bis zu 3 Jahre richtet. Bei BabyTV sehen Sie kindgerechte Unterhaltung mit Animationen (Farben und Formen), Liedern, Trickfilmen und mehr.<\/li>\n<li><strong><span style=\"color: #ff0000;\">Boomerang:<\/span><\/strong> Hierbei handelt es sich um einen Sender f\u00fcr die gesamte Familie und somit f\u00fcr Jung und Alt. Auf Boomerang sehen Sie Cartoons von Hanna-Barbera, MGM und Warner Bros. Studios. Zum Beipsiel mit Bugs Bunny, Scooby-Doo, Tom &amp; Jerry und mehr.<\/li>\n<li><span style=\"color: #ff0000;\"><strong>Cartoon Network:<\/strong><\/span> Dieser Premium Sender zeigt die etwas anderen Cartoons. Sehen Sie hier Cartoons wie Powerpuff Girls, Chowder oder Ben10. Auch H2O Pl\u00f6tzlich Meerjungfrau ist mit von der Partie und viele mehr. Internationale Programminhalte in Deutsch oder Englisch.<\/li>\n<li><span style=\"color: #ff0000;\"><strong>Disney XD:<\/strong> <\/span>Bei Disney XD handelt es sich um einen Sender, welche die Jungenwelt ansprechen und inspirieren soll. Von Comedy, Filmen, Serien, Abenteuer bis hin zum Sport. Mit dem Teenager Sender DisneyXD haben die Jungs definitiv jede Menge Freude und Spa\u00df.<\/li>\n<li><span style=\"color: #ff0000;\"><strong>KidsCo:<\/strong><\/span> Mit diesem Kindersender kommt eine Vielzahl an Zeichentrickfilmen und -serien zu Ihnen nach Hause. Die Zielgruppe des TV Senders KidsCo ist insbesondere das j\u00fcngere Publikum. Holen Sie sich den Fernsehsender KidsCo im Vodafone KinderPaket.<\/li>\n<li><span style=\"color: #ff0000;\"><strong>Disney Junior:<\/strong><\/span> Hier entdecken die Kinder die zauberhafte Welt von Disney und tauchen ab in eine Welt, in der sie zum Lachen, Mitmachen und Singen animiert werden. Daf\u00fcr sorgen Figuren wie Micky Maus, Winnie Puuh und viele weitere lustige Zeichentrickfiguren.<\/li>\n<li><span style=\"color: #ff0000;\"><strong>Yourfamily Entertainment:<\/strong><\/span> Auf yfe werden Sie mit einem gewaltfreiem Programm unterhalten. Hier warten auf Sie und Ihre Kinder bekannte und beliebte Klassiker wie Fix &amp; Fox, Urmel und Enid Blyton und weitere. Dieser Sender bietet ein sicheres und ausgewogenes Programm.<\/li>\n<li><span style=\"color: #ff0000;\"><strong>NICK Jr.:<\/strong><\/span> Dieser Sender richtet sich an die Vorschulkinder (3- bis 5-j\u00e4hrige Altersklasse). Schlie\u00dflich handelt es sich um ausgew\u00e4hlte, hochwertige, p\u00e4dagogisch wertvolle Kinderserien, welche besonders auf die W\u00fcnsche und Bed\u00fcrfnisse der Vorschulkinder abgestimmt sind.<\/li>\n<\/ul>\n<p>Neben den Premium Fernsehsendern sind im Vodafone KinderPaket auch Inhalte f\u00fcr Kinder \/ Kids + Jugendliche \/ Teenager in der <a title=\"Videothek \/ Video on Demand (VoD)\" href=\"https:\/\/tarife-aktionen.de\/vodafone\/iptv\/videothek-filme-auf-abruf\">Vodafone Videothek<\/a> enthalten. Wenn Sie Interesse am Vodafone Kinder Paket haben, k\u00f6nnen Sie dieses PayTV Paket zusammen mit einem <a title=\"Vodafone DSL plus IP-TV Paket\" href=\"https:\/\/tarife-aktionen.de\/vodafone\/iptv\/kombi-pakete-tv-internet-telefon\">Vodafone DSL plus IPTV Paket<\/a> bestellen. Sollte IP-TV bei Ihnen noch nicht m\u00f6glich sein und Sie nur das <a title=\"Vodafone DSL plus Sat-TV Paket\" href=\"https:\/\/tarife-aktionen.de\/vodafone\/dsl-tarife\/vodafone-red-internet-phone-16-dsl-mit-sat-tv\">Vodafone DSL plus Sat-TV Paket<\/a> erhalten k\u00f6nnen, brauchen Sie dennoch nicht auf hochwertige Unterhaltung verzichten. In diesem Fall empfehlen wir Ihnen die <a title=\"Family Videothek Paket\" href=\"https:\/\/tarife-aktionen.de\/vodafone\/iptv\/videothek-filme-auf-abruf\">Vodafone FamilyVideothek<\/a> mit den Abrufinhalten des KinderPakets, <a title=\"Lounge Paket f\u00fcr Vodafone TV\" href=\"https:\/\/tarife-aktionen.de\/vodafone\/archiv-zuhause\/lounge-tv-paket\">LoungePakets<\/a> und <a title=\"Doku Paket f\u00fcr Vodafone TV\" href=\"https:\/\/tarife-aktionen.de\/vodafone\/archiv-zuhause\/doku-tv-paket\">DokuPakets<\/a>. Infos und Verf\u00fcgbarkeit gibt&#8217;s hier:<\/p>\n<p style=\"text-align: center;\"><em><strong><span style=\"color: #ff0000;\">&gt;&gt;&gt;<\/span> <a title=\"Vodafone DSL und TV Paket (Verf\u00fcgbarkeit und Bestellung)\" href=\"https:\/\/tarife-aktionen.de\/vodafone\/zum-anbieter\/vodafone-festnetz\/vodafone-festnetz-check\" target=\"_blank\" rel=\"noopener\">Vodafone DSL + IP-TV Paket f\u00fcr Vodafone DSL Neukunden<\/a><\/strong><br \/>\n<\/em><em>PDF Bestellformular: <span style=\"color: #ff0000;\">&gt;<\/span> <a title=\"Vodafone Bestellformular (PDF) DSL plus TV Tarife (IP-TV und Sat-TV) f\u00fcr Neukunden\" href=\"https:\/\/tarife-aktionen.de\/vodafone\/onlinebestellung\" target=\"_blank\" rel=\"noopener\">TV f\u00fcr Neukunden<\/a> \/ <span style=\"color: #ff0000;\">&gt;<\/span> <a title=\"Vodafone Bestellformular (PDF) DSL plus TV Tarife (IP-TV und Sat-TV) f\u00fcr Bestandskunden\" href=\"https:\/\/tarife-aktionen.de\/vodafone\/onlinebestellung\" target=\"_blank\" rel=\"noopener\">TV f\u00fcr Bestandskunden<\/a><br \/>\nKostenlose telefonisch Beratung: 0 39 43 \u2013 40 999 30 (<a title=\"Telefonische Beratung zu Vodafone TV Tarifen\" href=\"https:\/\/tarife-aktionen.de\/vodafone\/kontakt\/telefonische-beratung\">Callback Service<\/a>)<\/em><strong><br \/>\n<\/strong><\/p>\n<p style=\"color: #999999;\">*Das Vodafone TV Kinder Paket hat keine Mindestvertragslaufzeit bei einer K\u00fcndigungsfrist von 3 Monaten. Das PayTV Themenpaket f\u00fcr Kinder \/ Kids kann nur imVodafone IPTV Ausbaugebiet bestellt werden (in vielen St\u00e4dten und Gemeinden verf\u00fcgbar). Vodafone Kinder Paket nur als Erg\u00e4nzung zum Vodafone DSL plus IP-TV Paket bestellbar (weitere Kosten \/ Laufzeit 24 Monate). Details zu Vodafone TV \/ Vodafone IPTV sowie dem KinderPaket finden Sie im <a title=\"Vodafone TV \/ IPTV im Onlineshop\" href=\"https:\/\/tarife-aktionen.de\/vodafone\/zum-anbieter\/vodafone-festnetz\/vodafone-festnetz-check\" target=\"_blank\" rel=\"noopener\">Vodafone Onlineshop<\/a>.<\/p>\n","protected":false},"excerpt":{"rendered":"<p>Hinweis: das Vodafone Kinder TV Paket ist mehr erh\u00e4ltlich. Alternativ: Sky f\u00fcr Vodafone TV. Sie haben Kinder \/ Kids oder Jugendliche \/ Teenager in Ihrem Haushalt leben? Dann ist das Vodafone KinderPaket die perfekte Erg\u00e4nzung f\u00fcr Ihren Vodafone DSL plus IP-TV Anschluss (nicht erh\u00e4ltlich f\u00fcr das Vodafone DSL plus Sat-TV Paket). F\u00fcr monatlich nur 4,95 &hellip; <a href=\"https:\/\/tarife-aktionen.de\/vodafone\/archiv-zuhause\/kinder-tv-paket\" class=\"more-link\"><span class=\"screen-reader-text\">Vodafone Kinder Paket f\u00fcr IPTV-Anschluss (Kids &#038; Teens)<\/span> weiterlesen <span class=\"meta-nav\">&rarr;<\/span><\/a><\/p>\n","protected":false},"author":29,"featured_media":0,"parent":1490,"menu_order":0,"comment_status":"closed","ping_status":"closed","template":"","meta":{"footnotes":""},"class_list":["post-1629","page","type-page","status-publish","hentry"],"_links":{"self":[{"href":"https:\/\/tarife-aktionen.de\/vodafone\/wp-json\/wp\/v2\/pages\/1629","targetHints":{"allow":["GET"]}}],"collection":[{"href":"https:\/\/tarife-aktionen.de\/vodafone\/wp-json\/wp\/v2\/pages"}],"about":[{"href":"https:\/\/tarife-aktionen.de\/vodafone\/wp-json\/wp\/v2\/types\/page"}],"author":[{"embeddable":true,"href":"https:\/\/tarife-aktionen.de\/vodafone\/wp-json\/wp\/v2\/users\/29"}],"replies":[{"embeddable":true,"href":"https:\/\/tarife-aktionen.de\/vodafone\/wp-json\/wp\/v2\/comments?post=1629"}],"version-history":[{"count":4,"href":"https:\/\/tarife-aktionen.de\/vodafone\/wp-json\/wp\/v2\/pages\/1629\/revisions"}],"predecessor-version":[{"id":6588,"href":"https:\/\/tarife-aktionen.de\/vodafone\/wp-json\/wp\/v2\/pages\/1629\/revisions\/6588"}],"up":[{"embeddable":true,"href":"https:\/\/tarife-aktionen.de\/vodafone\/wp-json\/wp\/v2\/pages\/1490"}],"wp:attachment":[{"href":"https:\/\/tarife-aktionen.de\/vodafone\/wp-json\/wp\/v2\/media?parent=1629"}],"curies":[{"name":"wp","href":"https:\/\/api.w.org\/{rel}","templated":true}]}}