{"id":1671,"date":"2016-02-07T00:01:39","date_gmt":"2016-02-06T23:01:39","guid":{"rendered":"https:\/\/tarife-aktionen.de\/vodafone\/?page_id=1671"},"modified":"2023-10-22T21:19:11","modified_gmt":"2023-10-22T19:19:11","slug":"hd-sender","status":"publish","type":"page","link":"https:\/\/tarife-aktionen.de\/vodafone\/iptv\/senderliste\/hd-sender","title":{"rendered":"Vodafone HDTV &#8211; \u00dcbersicht frei empfangbare HD Sender IPTV"},"content":{"rendered":"<p>Fernsehen in High Definition (<a title=\"News rund um HDTV\" href=\"https:\/\/tarife-aktionen.de\/vodafone\/aktuelles\/hdtv\" target=\"_blank\" rel=\"noopener\">HD<\/a>) ist das Zauberwort, wenn Sie auf einem gro\u00dfen Flachbildschirm ein brilliant scharfes Bild w\u00fcnschen, kombiniert mit perfektem Ton. Dies alles bietet HDTV \/ Fernsehen in HD (High Definition) in Ihrem <a title=\"Vodafone TV Tarife und Angebote\" href=\"https:\/\/tarife-aktionen.de\/vodafone\/iptv\" target=\"_blank\" rel=\"noopener\">Vodafone TV<\/a> Paket. Und das beste: zahlreiche HD Sender \/ Fernsehsender sind bei Vodafone HDTV frei empfangbar, also ohne Mehrkosten.<\/p>\n<h2>Vodafone HDTV Senderliste: frei empfangbare HD Sender \/ Fernsehsender \u00fcber Vodafone IPTV<\/h2>\n<p>W\u00e4hrend andere <a title=\"News rund um IPTV\" href=\"https:\/\/tarife-aktionen.de\/vodafone\/iptv\" target=\"_blank\" rel=\"noopener\">IPTV<\/a> Anbieter und <a title=\"Kabelanbieter in Deutschland\" href=\"https:\/\/kabel-internet-telefon.de\/kabelanbieter\" target=\"_blank\" rel=\"noopener\">Kabelanbieter<\/a> eher wenige HD Sender im Angebot haben oder f\u00fcr HDTV Sender Aufpreise verlangen (z.B. als <a title=\"News rund um HDTV\" href=\"https:\/\/kabel-internet-telefon.de\/suche\" target=\"_blank\" rel=\"noopener\">HDTV<\/a> Paket), so sind bei Vodafone bereits <span style=\"color: #ff0000;\"><strong>29 HD Sender inklusive<\/strong><\/span>. Mit dabei wichtige und beliebte <a title=\"\u00d6ffentlich-Rechtliche HD Sender\" href=\"https:\/\/tarife-aktionen.de\/vodafone\/iptv\/senderliste\/hd-sender\">\u00f6ffentlich-rechtliche HD Sender<\/a> wie ARD HD \/ Das Erste HD, ZDF HD und Arte HD, als auch <a title=\"Private HD Fernsehsender\" href=\"https:\/\/tarife-aktionen.de\/vodafone\/iptv\/senderliste\/hd-sender\">private HDTV Fernsehsender<\/a> wie Pro7 HD, Sat.1 HD, RTL HD und mehr. In High Definition macht Fernsehen einfach mehr Spass und mit Vodafone TV empfangen Sie viele HD Sender ohne Aufpreis (im Tarif <a title=\"Vodafone DSL plus IP-TV Paket\" href=\"https:\/\/tarife-aktionen.de\/vodafone\/iptv\/kombi-pakete-tv-internet-telefon\">Vodafone DSL plus IP-TV<\/a> mit TV-Empfang \u00fcber die <a title=\"DSL und VDSL Tarife von Vodafone\" href=\"https:\/\/tarife-aktionen.de\/vodafone\/zuhause\/tarifuebersicht\" target=\"_blank\" rel=\"noopener\">DSL \/ VDSL<\/a> Leitung), wenn dass kein \u00fcberzeugendes Argument ist! Neben den kostenfreien HD Sendern gibt es nat\u00fcrlich noch viele weitere <a title=\"Free TV Fernsehsender\" href=\"https:\/\/tarife-aktionen.de\/vodafone\/iptv\/senderliste\/free-tv-fernsehsender\">TV Sender<\/a> (<a title=\"\u00d6ffentlich-Rechtliche TV Sender\" href=\"https:\/\/tarife-aktionen.de\/vodafone\/iptv\/senderliste\/free-tv-fernsehsender\">\u00f6ffentlich-rechtliche Sender<\/a> sowie <a title=\"Private TV Sender\" href=\"https:\/\/tarife-aktionen.de\/vodafone\/iptv\/senderliste\/free-tv-fernsehsender\">private Sender<\/a>). Damit bietet Vodafone abwechslungsreiches Fernsehen, auch ohne die optional erh\u00e4tlichen <a title=\"PayTV Sender (TV Pakete)\" href=\"https:\/\/tarife-aktionen.de\/vodafone\/iptv\/tv-pakete\">PayTV Pakete<\/a>.<\/p>\n<p style=\"text-align: center;\"><em><strong><span style=\"color: #ff0000;\">&gt;&gt;&gt;<\/span> <a title=\"Vodafone DSL und TV Paket (Verf\u00fcgbarkeit und Bestellung)\" href=\"https:\/\/tarife-aktionen.de\/vodafone\/zum-anbieter\/vodafone-festnetz\/vodafone-festnetz-check\" target=\"_blank\" rel=\"noopener\">Vodafone DSL + IP-TV Paket f\u00fcr Vodafone DSL Neukunden<\/a><\/strong><\/em><em><br \/>\nKostenlose telefonisch Beratung: 0 39 43 \u2013 40 999 30 (<a title=\"Telefonische Beratung zu Vodafone TV Tarifen\" href=\"https:\/\/tarife-aktionen.de\/vodafone\/kontakt\/telefonische-beratung\">Callback Service<\/a>)<\/em><strong><br \/>\n<\/strong><\/p>\n<h2 style=\"text-align: center; color: #ff0000; margin-top: 30px;\">\u00dcbersicht aller frei empfangbaren HD Sender mit Vodafone TV (HDTV Fernsehsender)<\/h2>\n<p style=\"text-align: center; margin-bottom: 0px;\">Nachfolgend finden Sie eine \u00dcbersicht der kostenfreien HD Fernsehsender im Vodafone TV Paket:<\/p>\n<table border=\"0\" width=\"550\" cellspacing=\"0\" cellpadding=\"0\" align=\"center\">\n<tbody>\n<tr>\n<td width=\"183\">\n<ul>\n<li>3sat HD<\/li>\n<li>Anixe HD<\/li>\n<li>ARD HD \/ Das Erste HD<\/li>\n<li>Arte HD<\/li>\n<li>BR HD<\/li>\n<li>ComedyCentral HD<\/li>\n<li>Deluxe Lounge HD<\/li>\n<li>Kabel EinsHD Kabel1 HD<\/li>\n<li>Kika HD<\/li>\n<li>N24 HD<\/li>\n<\/ul>\n<\/td>\n<td width=\"183\">\n<ul>\n<li>NDR HD<\/li>\n<li>nickelodeon HD<\/li>\n<li>phoenix HD<\/li>\n<li>ProSieben HD (Pro7 HD)<\/li>\n<li>RTL HD<\/li>\n<li>RTL 2 HD<\/li>\n<li>Sat1 HD (SatEins HD)<\/li>\n<li>Servus.TV HD<\/li>\n<li>sixx HD<\/li>\n<li>Sport1 HD<\/li>\n<\/ul>\n<\/td>\n<td width=\"184\">\n<ul>\n<li>Super RTL HD<\/li>\n<li>SWR HD<\/li>\n<li>TELE5 HD<\/li>\n<li>VOX HD<\/li>\n<li>WDR HD<\/li>\n<li>ZDF HD (Das Zweite HD)<\/li>\n<li>ZDF Info HD<\/li>\n<li>ZDF neo HD<\/li>\n<li>ZDF kultur HD<\/li>\n<\/ul>\n<\/td>\n<\/tr>\n<\/tbody>\n<\/table>\n<p style=\"text-align: center;\"><em>Mehr Details zu den Free TV HD Sendern mit Vodafone:<\/em><br \/>\n<a title=\"\u00d6ffentlich-Rechtliche HD Sender\" href=\"https:\/\/tarife-aktionen.de\/vodafone\/iptv\/senderliste\/hd-sender\"><em>\u00f6ffentlich-rechtliche HD Sender bei Vodafone<\/em><\/a><br \/>\n<a title=\"Private HD Fernsehsender\" href=\"https:\/\/tarife-aktionen.de\/vodafone\/iptv\/senderliste\/hd-sender\"><em>private HD Fernsehsender bei Vodafone<\/em><\/a><\/p>\n<h2>Vodafone TV bietet Telefon, Internet und HD-Fernsehen aus einer Hand zum Festpreis<\/h2>\n<p>Mit dem beliebten <a title=\"Vodafone DSL plus IP-TV Paket\" href=\"https:\/\/tarife-aktionen.de\/vodafone\/iptv\/kombi-pakete-tv-internet-telefon\">Vodafone DSL plus IPTV<\/a> Paket erhalten Sie ein <a title=\"News rund um 3Play\" href=\"https:\/\/tarife-aktionen.de\/vodafone\/zuhause\/tarifuebersicht\/internet-telefon-tv\" target=\"_blank\" rel=\"noopener\">3Play<\/a> Paket zum Festpreis. Zum monatlichen Pauschpreis erhalten Sie dabei einen Telefonanschluss mit Telefonflat ins deutsche Festnetz, einen schnellen <a title=\"Vodafone DSL Verf\u00fcgarkeit pr\u00fcfen\" href=\"https:\/\/tarife-aktionen.de\/vodafone\/zuhause\/verfuegbarkeit\" target=\"_blank\" rel=\"noopener\">DSL Anschluss<\/a> mit Internetflat sowie digitales Fernsehen (viele Sender kostenfrei in HD empfangen). Das f\u00fcr den IP-TV notwendige Empfangsger\u00e4t (<a title=\"Vodafone TV Center \/ Hybrid Box\" href=\"https:\/\/tarife-aktionen.de\/vodafone\/iptv\/empfaenger\/archiv-tv-center-hd\">Vodafone TV Center<\/a>) ist ebenfalls bereits im g\u00fcnstigen Pauschalpreis enthalten und kostet keine extra Mietgeb\u00fchr, wie es zum Beispiel bei den <a title=\"Telekom Entertain Tarife\" href=\"https:\/\/telekom.tarife-angebote.de\/\" target=\"_blank\" rel=\"noopener\">Telekom Entertain<\/a> Tarifen mit dem <a title=\"Mietpreise f\u00fcr den Telekom Entertain Media Receiver\" href=\"https:\/\/telekom.tarife-angebote.de\/magenta-zuhause\/entertain\/media-receiver-empfaenger\/endgeraete-servicepaket\" target=\"_blank\" rel=\"noopener\">Media Receiver<\/a> der Fall ist. Entscheiden Sie sich mit Vodafone TV f\u00fcr ein innovatives Komplettpaket zum g\u00fcnstigen Sparpreis.<\/p>\n<p style=\"text-align: center;\"><em><strong><span style=\"color: #ff0000;\">&gt;&gt;&gt;<\/span> <a title=\"Vodafone DSL und TV Paket (Verf\u00fcgbarkeit und Bestellung)\" href=\"https:\/\/tarife-aktionen.de\/vodafone\/zum-anbieter\/vodafone-festnetz\/vodafone-festnetz-check\" target=\"_blank\" rel=\"noopener\">Vodafone DSL + IP-TV Paket f\u00fcr Vodafone DSL Neukunden<\/a><\/strong><\/em><em><br \/>\nKostenlose telefonisch Beratung: 0 39 43 \u2013 40 999 30 (<a title=\"Telefonische Beratung zu Vodafone TV Tarifen\" href=\"https:\/\/tarife-aktionen.de\/vodafone\/kontakt\/telefonische-beratung\">Callback Service<\/a>)<\/em><strong><br \/>\n<\/strong><\/p>\n<p><span style=\"color: #888888;\">*Keine Gew\u00e4hr f\u00fcr Vollst\u00e4ndigkeit und Richtigkeit der Vodafone HDTV <a title=\"Vodafone TV Senderliste \/ Sender\u00fcbersicht\" href=\"https:\/\/tarife-aktionen.de\/vodafone\/iptv\/senderliste\">Sender\u00fcbersicht<\/a> \/ Vodafone HD Senderliste. Die Vodafone TV Pakete mit HDTV \/ HD Fernsehsendern haben eine Mindestvertragslaufzeit von 24 Monaten und eine K\u00fcndigungfrist von 3 Monaten. Die meisten Vodafone TV Zubuchoptionen (PayTV) haben keine Mindestlaufzeit bei 3 Monaten K\u00fcndigungsfrist.<br \/>\n<\/span><\/p>\n","protected":false},"excerpt":{"rendered":"<p>Fernsehen in High Definition (HD) ist das Zauberwort, wenn Sie auf einem gro\u00dfen Flachbildschirm ein brilliant scharfes Bild w\u00fcnschen, kombiniert mit perfektem Ton. Dies alles bietet HDTV \/ Fernsehen in HD (High Definition) in Ihrem Vodafone TV Paket. Und das beste: zahlreiche HD Sender \/ Fernsehsender sind bei Vodafone HDTV frei empfangbar, also ohne Mehrkosten. &hellip; <a href=\"https:\/\/tarife-aktionen.de\/vodafone\/iptv\/senderliste\/hd-sender\" class=\"more-link\"><span class=\"screen-reader-text\">Vodafone HDTV &#8211; \u00dcbersicht frei empfangbare HD Sender IPTV<\/span> weiterlesen <span class=\"meta-nav\">&rarr;<\/span><\/a><\/p>\n","protected":false},"author":29,"featured_media":0,"parent":1663,"menu_order":0,"comment_status":"closed","ping_status":"closed","template":"","meta":{"footnotes":""},"class_list":["post-1671","page","type-page","status-publish","hentry"],"_links":{"self":[{"href":"https:\/\/tarife-aktionen.de\/vodafone\/wp-json\/wp\/v2\/pages\/1671","targetHints":{"allow":["GET"]}}],"collection":[{"href":"https:\/\/tarife-aktionen.de\/vodafone\/wp-json\/wp\/v2\/pages"}],"about":[{"href":"https:\/\/tarife-aktionen.de\/vodafone\/wp-json\/wp\/v2\/types\/page"}],"author":[{"embeddable":true,"href":"https:\/\/tarife-aktionen.de\/vodafone\/wp-json\/wp\/v2\/users\/29"}],"replies":[{"embeddable":true,"href":"https:\/\/tarife-aktionen.de\/vodafone\/wp-json\/wp\/v2\/comments?post=1671"}],"version-history":[{"count":3,"href":"https:\/\/tarife-aktionen.de\/vodafone\/wp-json\/wp\/v2\/pages\/1671\/revisions"}],"predecessor-version":[{"id":6581,"href":"https:\/\/tarife-aktionen.de\/vodafone\/wp-json\/wp\/v2\/pages\/1671\/revisions\/6581"}],"up":[{"embeddable":true,"href":"https:\/\/tarife-aktionen.de\/vodafone\/wp-json\/wp\/v2\/pages\/1663"}],"wp:attachment":[{"href":"https:\/\/tarife-aktionen.de\/vodafone\/wp-json\/wp\/v2\/media?parent=1671"}],"curies":[{"name":"wp","href":"https:\/\/api.w.org\/{rel}","templated":true}]}}