{"id":1714,"date":"2016-02-07T00:01:02","date_gmt":"2016-02-06T23:01:02","guid":{"rendered":"https:\/\/tarife-aktionen.de\/vodafone\/?page_id=1714"},"modified":"2023-10-22T21:19:04","modified_gmt":"2023-10-22T19:19:04","slug":"technische-anforderungen-tv-per-dsl-vdsl","status":"publish","type":"page","link":"https:\/\/tarife-aktionen.de\/vodafone\/iptv\/empfaenger\/technische-anforderungen-tv-per-dsl-vdsl","title":{"rendered":"Technische Anforderungen Nutzung Vodafone TV per DSL \/ VDSL"},"content":{"rendered":"<p>Vodafone TV bzw. Vodafone IPTV kann im Prinzip fast bundesweit genutzt werden, allerdings gelten gewisse technische Anforderung an eine Nutzung von Vodafone TV. Ob und welche Paketbestandteile von Vodafone IPTV Sie nutzen k\u00f6nnen ist zum einen abh\u00e4ngig davon, ob Sie im Vodafone Ausbaugebiet wohnen und zum anderen von Ihrer m\u00f6glichen DSL Geschwindigkeit.<\/p>\n<h2>Welche VDSL \/ DSL Bandbreite bzw. Geschwindigkeit wird f\u00fcr Vodafone TV ben\u00f6tigt?<\/h2>\n<p>Abh\u00e4ngig von der technisch an Ihrem Vodafone DSL Anschluss bzw. VDSL Anschluss maximal m\u00f6glichen Bandbreite \/ Geschwindigkeit und ob Sie im Vodafone Ausbaubereich (TAL) oder in einem Regio-Bereich (Non-TAL) wohnen, gelten die <strong>unten<\/strong> aufgef\u00fchren Anforderungen f\u00fcr TV:<\/p>\n<p style=\"text-align: center;\"><strong><span style=\"color: #ff0000;\">&gt;&gt;&gt;<\/span> <a title=\"Vodafone TV \/ IPTV im Onlineshop\" href=\"https:\/\/tarife-aktionen.de\/vodafone\/zum-anbieter\/vodafone-festnetz\/vodafone-festnetz-check\" target=\"_blank\" rel=\"noopener\">Infos, Verf\u00fcgbarkeit und Onlinebestellung Vodafone TV und DSL<\/a><\/strong><\/p>\n<h2>Liste der Vodafone Anschluss-Kombinationen f\u00fcr die Nutzung von Vodafone TV \/ IPTV<\/h2>\n<p>Nachfolgend finden Sie eine \u00dcbersicht der technischen Anforderung an Vodafone IPTV \/ TV:<\/p>\n<ul>\n<li><strong><span style=\"color: #ff0000;\">Vodafone TV inklusive Free TV via DSL und HD Option:<\/span> <\/strong>Vodafone DSL \/ VDSL Anschluss im von Vodafone selbst versorgten Bereich (TAL) sowie im IPTV Ausbaugebiet, technisch mindestens DSL 16000 Geschwindigkeit verf\u00fcgbar (tats\u00e4chliche DSL Bandbreite mindestens <strong>9700 kBit\/s bzw. 9,7 Mbit\/s<\/strong>) sowie Nutzung eines Vodafone NGN (Next Generation Network) Anschluss <strong>&gt;&gt;&gt;<\/strong> Volle Nutzung aller Vodafone TV Merkmale, also HDTV \/ Fernsehen in HD, Standard Fernsehen \u00fcber IPTV (Kabel und Satellit optional nutzbar) sowie Nutzung der Vodafone Online-Videothek (Video on Demand \/ Vod) und aller Vodafone PayTV Pakete auf Wunsch.<\/li>\n<li><span style=\"color: #ff0000;\"><strong>Vodafone TV inklusive Free TV via DSL:<\/strong> <\/span>Vodafone DSL \/ VDSL Anschluss im von Vodafone versorgten Bereich und Vodafone IPTV Ausbaubereich, technisch DSL 6000 Geschwindigkeit verf\u00fcgbar (tats\u00e4chliche DSL Bandbreite mindestens <strong>4700 kBit\/s bzw. 4,7 Mbit\/s<\/strong>) sowie Nutzung eines Vodafone NGN Anschlusses <strong>&gt;&gt;&gt;<\/strong> Nutzung von Live TV (in SD, kein HD) via DSL Anschluss (Kabel-TV oder Satellit-TV optional nutzbar). Buchung der Vodafone TV Pakete (Pay TV Kinder, Doku, Lounge und Film) als Erg\u00e4nzung des TV Tarifs auf Wunsch m\u00f6glich.<\/li>\n<li><strong><span style=\"color: #ff0000;\">Vodafone TV Basic:<\/span><\/strong> Vodafone DSL Anschluss im nicht von Vodafone selbst erschlossenen Gebieten oder im Vodafone Ausbaugebiet aber ohne NGN Anschluss sowie technisch DSL 6000 Geschwindigkeit verf\u00fcgbar &gt;&gt;&gt; Nutzung der Vodafone Videothek inklusive auf Wunsch Vodafone Videothek TV Pakete in SD und HD (da ein Download der Filme auf die Festplatte des Media Receivers auch mit einem langsamen DSL Anschluss erfolgen kann &#8211; Nutzung ab tats\u00e4chlichen DSL 2000 \/ 2Mbit Anschluss). F\u00fcr Live-Fernsehen wird weiterhin ein Kabelfernsehen oder Satellitenfernsehen Anchluss ben\u00f6tigt.<\/li>\n<\/ul>\n<p><span style=\"color: #888888;\">*Die Vodafone TV Pakete haben 24 Monate Laufzeit. Weitere Details im <a title=\"Vodafone TV \/ IPTV im Onlineshop\" href=\"https:\/\/tarife-aktionen.de\/vodafone\/zum-anbieter\/vodafone-festnetz\/vodafone-festnetz-check\" target=\"_blank\" rel=\"noopener\">Onlineshop<\/a>.<\/span><\/p>\n","protected":false},"excerpt":{"rendered":"<p>Vodafone TV bzw. Vodafone IPTV kann im Prinzip fast bundesweit genutzt werden, allerdings gelten gewisse technische Anforderung an eine Nutzung von Vodafone TV. Ob und welche Paketbestandteile von Vodafone IPTV Sie nutzen k\u00f6nnen ist zum einen abh\u00e4ngig davon, ob Sie im Vodafone Ausbaugebiet wohnen und zum anderen von Ihrer m\u00f6glichen DSL Geschwindigkeit. Welche VDSL \/ &hellip; <a href=\"https:\/\/tarife-aktionen.de\/vodafone\/iptv\/empfaenger\/technische-anforderungen-tv-per-dsl-vdsl\" class=\"more-link\"><span class=\"screen-reader-text\">Technische Anforderungen Nutzung Vodafone TV per DSL \/ VDSL<\/span> weiterlesen <span class=\"meta-nav\">&rarr;<\/span><\/a><\/p>\n","protected":false},"author":29,"featured_media":0,"parent":1145,"menu_order":0,"comment_status":"closed","ping_status":"closed","template":"","meta":{"footnotes":""},"class_list":["post-1714","page","type-page","status-publish","hentry"],"_links":{"self":[{"href":"https:\/\/tarife-aktionen.de\/vodafone\/wp-json\/wp\/v2\/pages\/1714","targetHints":{"allow":["GET"]}}],"collection":[{"href":"https:\/\/tarife-aktionen.de\/vodafone\/wp-json\/wp\/v2\/pages"}],"about":[{"href":"https:\/\/tarife-aktionen.de\/vodafone\/wp-json\/wp\/v2\/types\/page"}],"author":[{"embeddable":true,"href":"https:\/\/tarife-aktionen.de\/vodafone\/wp-json\/wp\/v2\/users\/29"}],"replies":[{"embeddable":true,"href":"https:\/\/tarife-aktionen.de\/vodafone\/wp-json\/wp\/v2\/comments?post=1714"}],"version-history":[{"count":1,"href":"https:\/\/tarife-aktionen.de\/vodafone\/wp-json\/wp\/v2\/pages\/1714\/revisions"}],"predecessor-version":[{"id":6574,"href":"https:\/\/tarife-aktionen.de\/vodafone\/wp-json\/wp\/v2\/pages\/1714\/revisions\/6574"}],"up":[{"embeddable":true,"href":"https:\/\/tarife-aktionen.de\/vodafone\/wp-json\/wp\/v2\/pages\/1145"}],"wp:attachment":[{"href":"https:\/\/tarife-aktionen.de\/vodafone\/wp-json\/wp\/v2\/media?parent=1714"}],"curies":[{"name":"wp","href":"https:\/\/api.w.org\/{rel}","templated":true}]}}