{"id":1737,"date":"2016-02-07T00:01:07","date_gmt":"2016-02-06T23:01:07","guid":{"rendered":"https:\/\/tarife-aktionen.de\/vodafone\/?page_id=1737"},"modified":"2023-10-22T21:15:40","modified_gmt":"2023-10-22T19:15:40","slug":"umts","status":"publish","type":"page","link":"https:\/\/tarife-aktionen.de\/vodafone\/netzabdeckung\/umts","title":{"rendered":"Vodafone UMTS &#8211; Netzabdeckung \/ Verf\u00fcgbarkeit \/ Netzausbau"},"content":{"rendered":"<p>Mit dem Vodafone UMTS Check k\u00f6nnen Sie die <a title=\"Vodafone HSPA Check\" href=\"https:\/\/tarife-aktionen.de\/vodafone\/netzabdeckung\" target=\"_blank\" rel=\"noopener\">Vodafone UMTS Verf\u00fcgbarkeit<\/a> pr\u00fcfen. UMTS steht f\u00fcr &#8220;Universal Mobile Telecommunications System&#8221; und steht f\u00fcr den Beginn von schnellem mobilen Internet f\u00fcr unterwegs. Der \u00dcbertragungsstandard UMTS steht f\u00fcr das Internet der 3. Generation (3G). Pr\u00fcfen Sie jetzt hier, ob <a title=\"Vodafone HSPA Tarife\" href=\"https:\/\/tarife-aktionen.de\/vodafone\/datentarife\" target=\"_blank\" rel=\"noopener\">Vodafone UMTS<\/a> Highspeed Internet bei Ihnen verf\u00fcgbar ist.<\/p>\n<p style=\"text-align: center;\"><strong><a title=\"Netzabdeckung Vodafone UMTS hier pr\u00fcfen\" href=\"https:\/\/tarife-aktionen.de\/vodafone\/zum-anbieter\/vodafone-mobilfunk\/vodafone-mobilfunk-check\">Vodafone UMTS Netzabdeckung Karte \/ Check hier \u00f6ffnen<\/a><\/strong><\/p>\n<h2>Vodafone UMTS ist in vielen St\u00e4dten und Gemeinden verf\u00fcgbar &#8211; Netzabdeckung pr\u00fcfen<\/h2>\n<p>Pr\u00fcfen Sie jetzt die Verf\u00fcgbarkeit f\u00fcr Vodafone UMTS und surfen Sie dann mobil im Internet. Vodafone UMTS (Universal Mobile Telecommunications System) erm\u00f6glicht mobile Internetgeschwindigkeiten von bis zu 384 kBit\/s und ist damit schneller als ein Analogzugang oder ISDN Zugang. Die Weiterentwicklung von UMTS ist Vodafone UMTS Broadband, auch <a title=\"Vodafone HSPA\" href=\"https:\/\/tarife-aktionen.de\/vodafone\/netzabdeckung\/hspa\" target=\"_self\" rel=\"noopener\">HSPA<\/a> (<a title=\"Vodafone HSDPA\" href=\"https:\/\/tarife-aktionen.de\/vodafone\/netzabdeckung\/hsdpa\" target=\"_self\" rel=\"noopener\">HSDPA<\/a> \/ <a title=\"Vodafone HSUPA\" href=\"https:\/\/tarife-aktionen.de\/vodafone\/netzabdeckung\/hsupa\" target=\"_self\" rel=\"noopener\">HSUPA<\/a>) genannt. Mit Vodafone UMTS Broadband erreicht man mobile Internetgeschwindigkeiten von bis zu 21.600 kBit\/s und damit mehr als beim schnellsten <a title=\"Vodafone DSL\" href=\"https:\/\/tarife-aktionen.de\/vodafone\/archiv-dsl-tarife\/vodafone-dsl-classic-paket-internet-telefon\" target=\"_blank\" rel=\"noopener\">DSL<\/a> 16000 Anschluss und fast so viel wie mit <a title=\"Vodafone VDSL\" href=\"https:\/\/tarife-aktionen.de\/vodafone\/zuhause\/vdsl\" target=\"_blank\" rel=\"noopener\">VDSL<\/a> 25 Geschwindigkeit. Nutzen Sie den unverbindlichen Vodafone UMTS Check:<\/p>\n<h2>Vodafone UMTS Broadband (HSDPA) als Vorg\u00e4nger von Vodafone LTE (Long Term Evolution)<\/h2>\n<p><a title=\"Vodafone UMTS Verf\u00fcgbarkeit\" href=\"https:\/\/tarife-aktionen.de\/vodafone\/netzabdeckung\/umts\" target=\"_blank\" rel=\"noopener\">Vodafone UMTS<\/a> sowie UMTS Broadband (Universal Mobile Telecommunications System) ist die zur Zeit am meisten verbreitete Technologie zum unterwegs in Deutschland im Internet surfen. Vodafone UMTS ist vorwiegend in deutschen St\u00e4dten und Ballungsgebieten verf\u00fcgbar. Die Vodafone UMTS Check oben zeigt die Vodafone Netzabdeckung. Als Nachfolger von Vodafone UMTS bzw. UMTS Broadband gilt der neue mobile Internetstandard der vierten Generation (4G) LTE. Vodafone LTE (Long Term Evolution) wird zuerst im l\u00e4ndlichen Bereich \/ auf D\u00f6rfern ohne <a title=\"DSL Verf\u00fcgbarkeit pr\u00fcfen\" href=\"https:\/\/internet-telefon-fernsehen.de\/verfuegbarkeit\" target=\"_blank\" rel=\"noopener\">DSL Verf\u00fcgbarkeit<\/a> ausgebaut und dann mittelfristig fl\u00e4chendeckend in Deutschland verf\u00fcgbar sein &#8211; also eine bessere Verf\u00fcgbarkeit, als Vodafone UMTS \/ HSDPA haben. Vodafone LTE ist auch besonders schnell und erm\u00f6glicht mobiles Internet mit bis zu 50.000 kBit\/s und damit sogar h\u00f6chste VDSL Geschwindigkeit.<\/p>\n<p><span style=\"color: #888888;\">*Die Angaben des Vodafone UMTS Check \u00fcber die Vodafone UMTS \/ HSDPA Verf\u00fcgbarkeit in der Netzabdeckung Karte stammen direkt von Vodafone und sind ohne Gew\u00e4hr.<\/span><\/p>\n","protected":false},"excerpt":{"rendered":"<p>Mit dem Vodafone UMTS Check k\u00f6nnen Sie die Vodafone UMTS Verf\u00fcgbarkeit pr\u00fcfen. UMTS steht f\u00fcr &#8220;Universal Mobile Telecommunications System&#8221; und steht f\u00fcr den Beginn von schnellem mobilen Internet f\u00fcr unterwegs. Der \u00dcbertragungsstandard UMTS steht f\u00fcr das Internet der 3. Generation (3G). Pr\u00fcfen Sie jetzt hier, ob Vodafone UMTS Highspeed Internet bei Ihnen verf\u00fcgbar ist. Vodafone &hellip; <a href=\"https:\/\/tarife-aktionen.de\/vodafone\/netzabdeckung\/umts\" class=\"more-link\"><span class=\"screen-reader-text\">Vodafone UMTS &#8211; Netzabdeckung \/ Verf\u00fcgbarkeit \/ Netzausbau<\/span> weiterlesen <span class=\"meta-nav\">&rarr;<\/span><\/a><\/p>\n","protected":false},"author":29,"featured_media":0,"parent":363,"menu_order":0,"comment_status":"closed","ping_status":"closed","template":"","meta":{"footnotes":""},"class_list":["post-1737","page","type-page","status-publish","hentry"],"_links":{"self":[{"href":"https:\/\/tarife-aktionen.de\/vodafone\/wp-json\/wp\/v2\/pages\/1737","targetHints":{"allow":["GET"]}}],"collection":[{"href":"https:\/\/tarife-aktionen.de\/vodafone\/wp-json\/wp\/v2\/pages"}],"about":[{"href":"https:\/\/tarife-aktionen.de\/vodafone\/wp-json\/wp\/v2\/types\/page"}],"author":[{"embeddable":true,"href":"https:\/\/tarife-aktionen.de\/vodafone\/wp-json\/wp\/v2\/users\/29"}],"replies":[{"embeddable":true,"href":"https:\/\/tarife-aktionen.de\/vodafone\/wp-json\/wp\/v2\/comments?post=1737"}],"version-history":[{"count":2,"href":"https:\/\/tarife-aktionen.de\/vodafone\/wp-json\/wp\/v2\/pages\/1737\/revisions"}],"predecessor-version":[{"id":6407,"href":"https:\/\/tarife-aktionen.de\/vodafone\/wp-json\/wp\/v2\/pages\/1737\/revisions\/6407"}],"up":[{"embeddable":true,"href":"https:\/\/tarife-aktionen.de\/vodafone\/wp-json\/wp\/v2\/pages\/363"}],"wp:attachment":[{"href":"https:\/\/tarife-aktionen.de\/vodafone\/wp-json\/wp\/v2\/media?parent=1737"}],"curies":[{"name":"wp","href":"https:\/\/api.w.org\/{rel}","templated":true}]}}