{"id":216,"date":"2015-08-17T00:01:08","date_gmt":"2015-08-16T22:01:08","guid":{"rendered":"https:\/\/tarife-aktionen.de\/vodafone\/?page_id=216"},"modified":"2023-10-22T21:16:53","modified_gmt":"2023-10-22T19:16:53","slug":"mobilfunk","status":"publish","type":"page","link":"https:\/\/tarife-aktionen.de\/vodafone\/mobilfunk","title":{"rendered":"Vodafone Mobilfunk Tarife f\u00fcr Smartphones, Tablets und mehr"},"content":{"rendered":"<p>Mit den <span class=\"farbig\">Vodafone Mobilfunk<\/span> Tarifen erhalten mobiles Surfen und Telefonieren in bester D2 Netz-Qualtit\u00e4t. Bei Vodafone erhalten Sie <strong>Smartphone Tarife<\/strong> mit Vertrag (z.B. Red Tarife mit neuem g\u00fcnstigen Smartphone dazu) oder als Prepaid Karte (CallYa Tarife mit voller Kostenkontrolle) sowie <strong>Datentarife f\u00fcr Tablets \/ Laptops<\/strong> (ebenfalls Vertrag oder Prepaid).<\/p>\n<h2><span class=\"desktop-tablet\">Vodafone <span class=\"farbig\">Smartphone Tarife<\/span> &#8211; mit Vertrag (Red) oder Prepaid (CallYa) <\/span><span class=\"smartphone\">Vodafone <span class=\"farbig\" title=\"Vodafone DSL, VDSL und Telefon Tarife online bestellen\">Smartphone Tarife<br \/>\n<\/span><\/span><\/h2>\n<ul>\n<li><strong><a title=\"Vodafone Smartphone mit Vertrag online bestellen\" href=\"https:\/\/tarife-aktionen.de\/vodafone\/zum-anbieter\/vodafone-postpaid\/vodafone-mobilfunk-postpaid\" target=\"_blank\" rel=\"noopener\">Smartphone Tarife mit Vertrag<\/a><\/strong> &#8211; <strong>Red Tarife<\/strong> mit neuem Handy zum Vorzugspreis<\/li>\n<li><strong><a title=\"Vodafone Prepaid Karte und Smartphone online bestellen\" href=\"https:\/\/tarife-aktionen.de\/vodafone\/zum-anbieter\/vodafone-prepaid\/vodafone-mobilfunk-prepaid\" target=\"_blank\" rel=\"noopener\">Smartphone Tarife Prepaid<\/a><\/strong> &#8211; <strong>CallYa<\/strong> Guthabenkarte mit Kostensicherheit<\/li>\n<\/ul>\n<h2><span class=\"desktop-tablet\">Vodafone <span class=\"farbig\">Datentarife<\/span> &#8211; unterwegs Surfen per Tablet oder Surfstick <\/span><span class=\"smartphone\">Vodafone <span class=\"farbig\" title=\"Vodafone DSL, VDSL und Telefon Tarife online bestellen\">Datentarife<\/span><\/span><\/h2>\n<ul>\n<li><strong><a title=\"Vodafone Datentarif (Vertrag) mit Tablet oder Surfstick online bestellen\" href=\"https:\/\/tarife-aktionen.de\/vodafone\/zum-anbieter\/vodafone-datentarife\/vodafone-mobilfunk-datentarife\" target=\"_blank\" rel=\"noopener\">Datentarife mit Vertrag<\/a><\/strong> &#8211; <strong>DataGo<\/strong> Tarife mit g\u00fcnstigem Tablet oder Surfstick<\/li>\n<li><a title=\"Vodafone Datentarif (Prepaid \/ WebSession) mit Surfstick online bestellen\" href=\"https:\/\/tarife-aktionen.de\/vodafone\/zum-anbieter\/vodafone-datentarife\/vodafone-mobilfunk-datentarife\" target=\"_blank\" rel=\"noopener\"><strong>Datentarife Prepaid<\/strong><\/a> &#8211; <strong>WebSession<\/strong> Tarife (Sie zahlen nur bei Nutzung)<\/li>\n<\/ul>\n<h2><span class=\"desktop-tablet\">Kostenlose <span class=\"farbig\">Tarifberatung<\/span> zu den Vodafone Mobilfunk Tarifen <\/span><span class=\"smartphone\"><span class=\"farbig\">Tarifberatung<\/span> durch Partner<\/span><\/h2>\n<p>Wir als autorisierter Vodafone Partner beraten Sie gern zu Smartphones \/ Tablets und den dazu passenden Tarifen. Beratungsservice: <strong><a title=\"Callback \/ R\u00fcckruf: telefonische Beratung zu Vodafone Tarifen\" href=\"https:\/\/tarife-aktionen.de\/vodafone\/kontakt\/telefonische-beratung\">Callback<\/a> \/ <a title=\"Kontaktformular: schriftliche Anfrage zu Vodafone Tarifen\" href=\"https:\/\/tarife-aktionen.de\/vodafone\/kontakt\/schriftliche-anfrage\">Anfrage<\/a> \/ <a title=\"Bestellformulare \/ Flyer Vodafone Tarife per Post \/ eMail\" href=\"https:\/\/tarife-aktionen.de\/vodafone\/kontakt\/unterlagen-zusenden\">Unterlagen<\/a><\/strong> oder <span class=\"farbig\">anrufen<\/span>:<\/p>\n<p><span class=\"desktop-tablet\">Tel.: <strong><a href=\"tel:+4939434099929\" onclick=\"ga('send', 'event', 'hotline', 'hotline-content', 'hotline-content-mit-zeit');\">0 39 43 \/ 40 999 29<\/a><\/strong> (Mo.-Fr. 7:30-22 \/ Sa. 8-22 \/ So. + Feiertag 10-22 Uhr) <\/span><span class=\"smartphone\">Tel.: <strong><a href=\"tel:+4939434099929\" onclick=\"ga('send', 'event', 'hotline', 'hotline-content', 'hotline-content-mit-zeit');\">0 39 43 \/ 40 999 29<\/a><\/strong> (Mo.-Fr. 7:30-22 \/ Sa. 8-22 \/ So. + Feiertag 10-22 Uhr)<\/span><\/p>\n","protected":false},"excerpt":{"rendered":"<p>Mit den Vodafone Mobilfunk Tarifen erhalten mobiles Surfen und Telefonieren in bester D2 Netz-Qualtit\u00e4t. Bei Vodafone erhalten Sie Smartphone Tarife mit Vertrag (z.B. Red Tarife mit neuem g\u00fcnstigen Smartphone dazu) oder als Prepaid Karte (CallYa Tarife mit voller Kostenkontrolle) sowie Datentarife f\u00fcr Tablets \/ Laptops (ebenfalls Vertrag oder Prepaid). Vodafone Smartphone Tarife &#8211; mit Vertrag &hellip; <a href=\"https:\/\/tarife-aktionen.de\/vodafone\/mobilfunk\" class=\"more-link\"><span class=\"screen-reader-text\">Vodafone Mobilfunk Tarife f\u00fcr Smartphones, Tablets und mehr<\/span> weiterlesen <span class=\"meta-nav\">&rarr;<\/span><\/a><\/p>\n","protected":false},"author":28,"featured_media":0,"parent":0,"menu_order":500000,"comment_status":"closed","ping_status":"closed","template":"","meta":{"footnotes":""},"class_list":["post-216","page","type-page","status-publish","hentry"],"_links":{"self":[{"href":"https:\/\/tarife-aktionen.de\/vodafone\/wp-json\/wp\/v2\/pages\/216","targetHints":{"allow":["GET"]}}],"collection":[{"href":"https:\/\/tarife-aktionen.de\/vodafone\/wp-json\/wp\/v2\/pages"}],"about":[{"href":"https:\/\/tarife-aktionen.de\/vodafone\/wp-json\/wp\/v2\/types\/page"}],"author":[{"embeddable":true,"href":"https:\/\/tarife-aktionen.de\/vodafone\/wp-json\/wp\/v2\/users\/28"}],"replies":[{"embeddable":true,"href":"https:\/\/tarife-aktionen.de\/vodafone\/wp-json\/wp\/v2\/comments?post=216"}],"version-history":[{"count":4,"href":"https:\/\/tarife-aktionen.de\/vodafone\/wp-json\/wp\/v2\/pages\/216\/revisions"}],"predecessor-version":[{"id":6452,"href":"https:\/\/tarife-aktionen.de\/vodafone\/wp-json\/wp\/v2\/pages\/216\/revisions\/6452"}],"wp:attachment":[{"href":"https:\/\/tarife-aktionen.de\/vodafone\/wp-json\/wp\/v2\/media?parent=216"}],"curies":[{"name":"wp","href":"https:\/\/api.w.org\/{rel}","templated":true}]}}