{"id":3016,"date":"2016-02-25T00:01:54","date_gmt":"2016-02-24T23:01:54","guid":{"rendered":"https:\/\/tarife-aktionen.de\/vodafone\/?page_id=3016"},"modified":"2023-10-22T20:16:09","modified_gmt":"2023-10-22T18:16:09","slug":"kabel","status":"publish","type":"page","link":"https:\/\/tarife-aktionen.de\/vodafone\/geschaeftskunden\/kabel","title":{"rendered":"Vodafone Business Kabel Tarife f\u00fcr Gesch\u00e4ftskunden"},"content":{"rendered":"<p><a title=\"Vodafone Kabel Tarife f\u00fcr Gesch\u00e4ftskunden\" href=\"https:\/\/tarife-aktionen.de\/vodafone\/zum-anbieter\/vodafone-business\/vodafone-business-festnetz\" target=\"_blank\" rel=\"noopener\"><img decoding=\"async\" class=\"alignright size-full wp-image-376\" src=\"https:\/\/tarife-aktionen.de\/vodafone\/inhalte\/2015\/09\/vodafone-onlinebestellung.png\" alt=\"Vodafone Onlinebestellung (online bestellen)\" width=\"150\" height=\"30\" srcset=\"https:\/\/tarife-aktionen.de\/vodafone\/inhalte\/2015\/09\/vodafone-onlinebestellung.png 150w, https:\/\/tarife-aktionen.de\/vodafone\/inhalte\/2015\/09\/vodafone-onlinebestellung-80x16.png 80w\" sizes=\"(max-width: 150px) 100vw, 150px\" \/><\/a>F\u00fcr Selbstst\u00e4ndige, Gesch\u00e4ftskunden und Firmenkunden bietet Vodafone g\u00fcnstige Komplettpakete zum Surfen und Telefonieren \u00fcber das Kabelnetz an. Die Vodafone <span class=\"farbig\">Business Kabel Tarife<\/span> \u00fcberzeugen durch hohe Zuverl\u00e4ssigkeit, Geschwindigkeit und dennoch g\u00fcnstige Preise. Neben Kabel Internet bietet Vodafone auch DSL und VDSL Tarife sowie nat\u00fcrlich Mobilfunk Tarife f\u00fcr Gesch\u00e4ftskunden an.<\/p>\n<h2><span class=\"farbig\">Tarif\u00fcbersicht<\/span> Vodafone Business Kabel Internet &amp; Telefon Tarife<\/h2>\n<p>F\u00fcr Vodafone Business Neukunden gelten abh\u00e4ngig vom gew\u00e4hlten Kabel-Tarif in den ersten 12 Monaten g\u00fcnstigere Preise (z.B. Highspeed Internet ab 20,99 \u20ac netto monatlich).<\/p>\n<ul>\n<li><strong>Vodafone Internet &amp; Phone Business<\/strong>\u00a0&#8211;\u00a0Internetflat und Telefonflat ins dt. Festnetz:\n<ul>\n<li>Internet &amp; Phone Business Kabel 50\u00a0(33,99 \u20ac netto bzw. 40,45\u00a0\u20ac brutto je Monat)<\/li>\n<li>Internet &amp; Phone Business Kabel 100\u00a0(41,99 \u20ac netto bzw. 49,97 \u20ac brutto je Monat)<\/li>\n<\/ul>\n<\/li>\n<li><strong>Vodafone Internet Business<\/strong> &#8211; Internet Flatrate zum unbegrenzten Surfen:\n<ul>\n<li>Internet Business Kabel 50 (29,99 \u20ac netto bzw. 35,69 \u20ac brutto je Monat)<\/li>\n<li>Internet Business Kabel 100\u00a0(37,99 \u20ac netto bzw. 45,21\u00a0\u20ac brutto je Monat)<\/li>\n<li>Internet Business Pro\u00a0Kabel 100\u00a0(49,99 \u20ac netto bzw. 59,49\u00a0\u20ac brutto je Monat)<\/li>\n<\/ul>\n<\/li>\n<\/ul>\n<h2><span class=\"farbig\">Verf\u00fcgbarkeit<\/span> Vodafone Business Kabel Tarife pr\u00fcfen<\/h2>\n<p><a title=\"Verf\u00fcgbarkeit Vodafone Business Kabel pr\u00fcfen\" href=\"https:\/\/tarife-aktionen.de\/vodafone\/zum-anbieter\/vodafone-business\/vodafone-business-festnetz\" target=\"_blank\" rel=\"noopener\"><img decoding=\"async\" class=\"alignright size-full wp-image-1249\" src=\"https:\/\/tarife-aktionen.de\/vodafone\/inhalte\/2016\/01\/vodafone-verfuegbarkeit-pruefen-1.png\" alt=\"Vodafone Verf\u00fcgbarkeit online pr\u00fcfen\" width=\"150\" height=\"30\" srcset=\"https:\/\/tarife-aktionen.de\/vodafone\/inhalte\/2016\/01\/vodafone-verfuegbarkeit-pruefen-1.png 150w, https:\/\/tarife-aktionen.de\/vodafone\/inhalte\/2016\/01\/vodafone-verfuegbarkeit-pruefen-1-80x16.png 80w\" sizes=\"(max-width: 150px) 100vw, 150px\" \/><\/a>Der Vodafone Business Kabel Tarife sind in\u00a013 Bundes\u00e4ndern verf\u00fcgbar. Dort wo kein Vodafone Kabel m\u00f6glich ist, bietet Vodafone g\u00fcnstige DSL, VDSL und LTE Tarife an. Verf\u00fcgbarkeit\u00a0<strong><a title=\"Vodafone Business Kabel Verf\u00fcgbarkeit pr\u00fcfen\" href=\"https:\/\/tarife-aktionen.de\/vodafone\/zum-anbieter\/vodafone-business\/vodafone-business-festnetz\" target=\"_blank\" rel=\"noopener\">online<\/a><\/strong>\u00a0\/\u00a0<a title=\"Vodafone Verf\u00fcgbarkeit Kabel \/ DSL \/ LTE telefonisch pr\u00fcfen\" href=\"https:\/\/tarife-aktionen.de\/vodafone\/zuhause\/verfuegbarkeit\/telefonisch-pruefen\">telefonisch<\/a>\u00a0\/\u00a0<a title=\"Schriftliche Anfrage Vodafone Verf\u00fcgbarkeit Kabel, DSL, LTE\" href=\"https:\/\/tarife-aktionen.de\/vodafone\/zuhause\/verfuegbarkeit\/schriftliche-anfrage\">schriftlich<\/a> pr\u00fcfen.<\/p>\n<h2><span class=\"farbig\">Bestellung<\/span>\u00a0Vodafone\u00a0Kabel Business Angebote<\/h2>\n<p><a title=\"Vodafone Business Kabel Tarife online bestellen\" href=\"https:\/\/tarife-aktionen.de\/vodafone\/zum-anbieter\/vodafone-business\/vodafone-business-festnetz\" target=\"_blank\" rel=\"noopener\"><img decoding=\"async\" class=\"alignright size-medium wp-image-376\" src=\"https:\/\/tarife-aktionen.de\/vodafone\/inhalte\/2015\/09\/vodafone-onlinebestellung-150x30.png\" alt=\"Vodafone Onlinebestellung (online bestellen)\" width=\"150\" height=\"30\" srcset=\"https:\/\/tarife-aktionen.de\/vodafone\/inhalte\/2015\/09\/vodafone-onlinebestellung.png 150w, https:\/\/tarife-aktionen.de\/vodafone\/inhalte\/2015\/09\/vodafone-onlinebestellung-80x16.png 80w\" sizes=\"(max-width: 150px) 100vw, 150px\" \/><\/a><span class=\"desktop-tablet\">Vodafone Business Kabel Neukunden k\u00f6nnen alle Tarife am besten <a title=\"Vodafone Business Kabel Tarife online bestellen\" href=\"https:\/\/tarife-aktionen.de\/vodafone\/zum-anbieter\/vodafone-business\/vodafone-business-festnetz\" target=\"_blank\" rel=\"noopener\"><strong>online bestellen<\/strong><\/a>. F\u00fcr die \u00c4nderung eines bestehenden Vodafone Kabel Business Tarifes wenden Sie sich bitte an den\u00a0<a title=\"Tarifwechsel Vodafone DSL, VDSL, Kabel (Zuhause Tarife)\" href=\"https:\/\/tarife-aktionen.de\/vodafone\/zuhause\/tarifwechsel-dsl-vdsl-kabel-lte\">Kundenservice<\/a>.\u00a0<\/span><span class=\"smartphone\">Vodafone Business Kabel Tarif im <strong><a title=\"Vodafone Business Kabel Tarife online bestellen\" href=\"https:\/\/tarife-aktionen.de\/vodafone\/zum-anbieter\/vodafone-business\/vodafone-business-festnetz\" target=\"_blank\" rel=\"noopener\">Vodafone Onlineshop<\/a><\/strong>\u00a0bestellen.<\/span><\/p>\n<p><a title=\"Callback \/ R\u00fcckruf: telefonische Beratung zu Vodafone Tarifen\" href=\"https:\/\/tarife-aktionen.de\/vodafone\/kontakt\/telefonische-beratung\"><img decoding=\"async\" class=\"alignright size-full wp-image-378\" src=\"https:\/\/tarife-aktionen.de\/vodafone\/inhalte\/2015\/09\/vodafone-telefonisch-bestellen.png\" alt=\"Vodafone Tarife telefonisch bestellen\" width=\"150\" height=\"30\" srcset=\"https:\/\/tarife-aktionen.de\/vodafone\/inhalte\/2015\/09\/vodafone-telefonisch-bestellen.png 150w, https:\/\/tarife-aktionen.de\/vodafone\/inhalte\/2015\/09\/vodafone-telefonisch-bestellen-80x16.png 80w\" sizes=\"(max-width: 150px) 100vw, 150px\" \/><\/a><span class=\"desktop-tablet\">Gerne nehmen wir Bestellungen von Vodafone Business\u00a0Kabel <strong>Neukunden<\/strong> telefonisch unter <strong><a href=\"tel:+4939434099929\" onclick=\"ga('send', 'event', 'hotline', 'hotline-content', 'hotline-content-ohne-zeit');\">0 39 43 \/ 40 999 29<\/a><\/strong> entgegen oder nutzen Sie kostenfrei unseren unverbindlichen <a title=\"Callback \/ R\u00fcckruf: telefonische Beratung zu Vodafone Tarifen\" href=\"https:\/\/tarife-aktionen.de\/vodafone\/kontakt\/telefonische-beratung\">R\u00fcckruf-Service<\/a>. <\/span><span class=\"smartphone\">Vodafone Business Kabel <strong>Neukunden<\/strong> k\u00f6nnen alle Tarife unter <strong><a href=\"tel:+4939434099929\" onclick=\"ga('send', 'event', 'hotline', 'hotline-content', 'hotline-content-ohne-zeit');\">0 39 43 \/ 40 999 29<\/a><\/strong> telefonisch bestellen (<a title=\"Callback \/ R\u00fcckruf: telefonische Beratung zu Vodafone Tarifen\" href=\"https:\/\/tarife-aktionen.de\/vodafone\/kontakt\/telefonische-beratung\">R\u00fcckruf-Service hier<\/a>).<\/span><\/p>\n","protected":false},"excerpt":{"rendered":"<p>F\u00fcr Selbstst\u00e4ndige, Gesch\u00e4ftskunden und Firmenkunden bietet Vodafone g\u00fcnstige Komplettpakete zum Surfen und Telefonieren \u00fcber das Kabelnetz an. Die Vodafone Business Kabel Tarife \u00fcberzeugen durch hohe Zuverl\u00e4ssigkeit, Geschwindigkeit und dennoch g\u00fcnstige Preise. Neben Kabel Internet bietet Vodafone auch DSL und VDSL Tarife sowie nat\u00fcrlich Mobilfunk Tarife f\u00fcr Gesch\u00e4ftskunden an. Tarif\u00fcbersicht Vodafone Business Kabel Internet &amp; Telefon &hellip; <a href=\"https:\/\/tarife-aktionen.de\/vodafone\/geschaeftskunden\/kabel\" class=\"more-link\"><span class=\"screen-reader-text\">Vodafone Business Kabel Tarife f\u00fcr Gesch\u00e4ftskunden<\/span> weiterlesen <span class=\"meta-nav\">&rarr;<\/span><\/a><\/p>\n","protected":false},"author":28,"featured_media":0,"parent":724,"menu_order":0,"comment_status":"closed","ping_status":"closed","template":"","meta":{"footnotes":""},"class_list":["post-3016","page","type-page","status-publish","hentry"],"_links":{"self":[{"href":"https:\/\/tarife-aktionen.de\/vodafone\/wp-json\/wp\/v2\/pages\/3016","targetHints":{"allow":["GET"]}}],"collection":[{"href":"https:\/\/tarife-aktionen.de\/vodafone\/wp-json\/wp\/v2\/pages"}],"about":[{"href":"https:\/\/tarife-aktionen.de\/vodafone\/wp-json\/wp\/v2\/types\/page"}],"author":[{"embeddable":true,"href":"https:\/\/tarife-aktionen.de\/vodafone\/wp-json\/wp\/v2\/users\/28"}],"replies":[{"embeddable":true,"href":"https:\/\/tarife-aktionen.de\/vodafone\/wp-json\/wp\/v2\/comments?post=3016"}],"version-history":[{"count":1,"href":"https:\/\/tarife-aktionen.de\/vodafone\/wp-json\/wp\/v2\/pages\/3016\/revisions"}],"predecessor-version":[{"id":6378,"href":"https:\/\/tarife-aktionen.de\/vodafone\/wp-json\/wp\/v2\/pages\/3016\/revisions\/6378"}],"up":[{"embeddable":true,"href":"https:\/\/tarife-aktionen.de\/vodafone\/wp-json\/wp\/v2\/pages\/724"}],"wp:attachment":[{"href":"https:\/\/tarife-aktionen.de\/vodafone\/wp-json\/wp\/v2\/media?parent=3016"}],"curies":[{"name":"wp","href":"https:\/\/api.w.org\/{rel}","templated":true}]}}