{"id":3739,"date":"2018-07-25T02:00:06","date_gmt":"2018-07-25T00:00:06","guid":{"rendered":"https:\/\/tarife-aktionen.de\/vodafone\/?page_id=3739"},"modified":"2023-10-26T15:12:54","modified_gmt":"2023-10-26T13:12:54","slug":"fehler-feedback","status":"publish","type":"page","link":"https:\/\/tarife-aktionen.de\/vodafone\/fehler-feedback","title":{"rendered":"Fehler melden auf Tarife-Aktionen.de\/Vodafone und Feedback zur Seite"},"content":{"rendered":"<p><img decoding=\"async\" class=\"alignright size-full wp-image-3763\" src=\"https:\/\/tarife-aktionen.de\/vodafone\/inhalte\/2018\/07\/fehler-feedback-melden-vodafone-tarife-aktionen.jpg\" alt=\"Fehler melden auf Tarife-Aktionen.de\/Vodafone und Feedback zur Seite\" width=\"150\" height=\"100\" srcset=\"https:\/\/tarife-aktionen.de\/vodafone\/inhalte\/2018\/07\/fehler-feedback-melden-vodafone-tarife-aktionen.jpg 150w, https:\/\/tarife-aktionen.de\/vodafone\/inhalte\/2018\/07\/fehler-feedback-melden-vodafone-tarife-aktionen-80x53.jpg 80w\" sizes=\"(max-width: 150px) 100vw, 150px\" \/>Ihnen sind <span class=\"rot\">Fehler<\/span> auf der Webseite <a href=\"https:\/\/tarife-aktionen.de\/vodafone\/\"><strong>Tarife-Aktionen.de\/Vodafone<\/strong><\/a> aufgefallen oder Sie m\u00f6chten ein <span class=\"rot\">Feedback<\/span> zur Seite oder unserer Beratung loswerden? Gern nehmen wir Ihre Meldungen und Anfragen zu unserer Internetseite zu Vodafone <a href=\"https:\/\/tarife-aktionen.de\/vodafone\/\"><strong>Tarifen<\/strong><\/a> und <a href=\"https:\/\/tarife-aktionen.de\/vodafone\/infos\/angebote\"><strong>Angeboten<\/strong><\/a> \u00fcber das folgende Kontaktformular entgegen.<\/p>\n<hr \/>\n<h2><span class=\"farbig\">Fehler melden oder Feedback<\/span> zur Seite Tarife-Aktionen.de\/Vodafone<\/h2>\n<p>F\u00fcr Ihre Meldung zur Seite Tarife-Aktionen.de\/Vodafone nutzen Sie dieses Formular:<\/p>\n<div class=\"wpforms-container wpforms-container-full\" id=\"wpforms-6749\"><form id=\"wpforms-form-6749\" class=\"wpforms-validate wpforms-form\" data-formid=\"6749\" method=\"post\" enctype=\"multipart\/form-data\" action=\"\/vodafone\/wp-json\/wp\/v2\/pages\/3739?wpforms_form_id=6749\" data-token=\"2e9d5070663de5a0657d621386b8e435\" data-token-time=\"1776086980\"><noscript class=\"wpforms-error-noscript\">Bitte aktiviere JavaScript in deinem Browser, um dieses Formular fertigzustellen.<\/noscript><div class=\"wpforms-field-container\"><div id=\"wpforms-6749-field_37-container\" class=\"wpforms-field wpforms-field-radio wpforms-conditional-trigger\" data-field-id=\"37\"><label class=\"wpforms-field-label\">Ihr Anliegen - bitte ausw\u00e4hlen <span class=\"wpforms-required-label\">*<\/span><\/label><ul id=\"wpforms-6749-field_37\" class=\"wpforms-field-required\"><li class=\"choice-3 depth-1\"><input type=\"radio\" id=\"wpforms-6749-field_37_3\" name=\"wpforms[fields][37]\" value=\"Anschluss-St\u00f6rung, Rechnungsfragen o.\u00e4.\" required ><label class=\"wpforms-field-label-inline\" for=\"wpforms-6749-field_37_3\">Anschluss-St\u00f6rung, Rechnungsfragen o.\u00e4.<\/label><\/li><li class=\"choice-5 depth-1\"><input type=\"radio\" id=\"wpforms-6749-field_37_5\" name=\"wpforms[fields][37]\" value=\"Fehler auf Webseite des Anbieters - vodafone.de\" required ><label class=\"wpforms-field-label-inline\" for=\"wpforms-6749-field_37_5\">Fehler auf Webseite des Anbieters - vodafone.de<\/label><\/li><li class=\"choice-1 depth-1\"><input type=\"radio\" id=\"wpforms-6749-field_37_1\" name=\"wpforms[fields][37]\" value=\"Fehler auf unserer Webseite tarife-aktionen.de\" required ><label class=\"wpforms-field-label-inline\" for=\"wpforms-6749-field_37_1\">Fehler auf unserer Webseite tarife-aktionen.de<\/label><\/li><li class=\"choice-2 depth-1\"><input type=\"radio\" id=\"wpforms-6749-field_37_2\" name=\"wpforms[fields][37]\" value=\"Feedback zu unserer Webseite tarife-aktionen.de\" required ><label class=\"wpforms-field-label-inline\" for=\"wpforms-6749-field_37_2\">Feedback zu unserer Webseite tarife-aktionen.de<\/label><\/li><li class=\"choice-4 depth-1\"><input type=\"radio\" id=\"wpforms-6749-field_37_4\" name=\"wpforms[fields][37]\" value=\"Beratung zu Tarifen\" required ><label class=\"wpforms-field-label-inline\" for=\"wpforms-6749-field_37_4\">Beratung zu Tarifen<\/label><\/li><\/ul><\/div><div id=\"wpforms-6749-field_1-container\" class=\"wpforms-field wpforms-field-text wpforms-conditional-field wpforms-conditional-show\" data-field-id=\"1\" style=\"display:none;\"><label class=\"wpforms-field-label wpforms-label-hide\" for=\"wpforms-6749-field_1\">Name<\/label><input type=\"text\" id=\"wpforms-6749-field_1\" class=\"wpforms-field-medium\" name=\"wpforms[fields][1]\" placeholder=\"Vorname Nachname (optional)\" ><\/div><div id=\"wpforms-6749-field_2-container\" class=\"wpforms-field wpforms-field-email wpforms-conditional-field wpforms-conditional-show\" data-field-id=\"2\" style=\"display:none;\"><label class=\"wpforms-field-label wpforms-label-hide\" for=\"wpforms-6749-field_2\">E-Mail-Adresse<\/label><input type=\"email\" id=\"wpforms-6749-field_2\" class=\"wpforms-field-medium\" name=\"wpforms[fields][2]\" placeholder=\"E-Mail-Adresse (optional)\" spellcheck=\"false\" ><\/div><div id=\"wpforms-6749-field_30-container\" class=\"wpforms-field wpforms-field-text wpforms-conditional-field wpforms-conditional-show\" data-field-id=\"30\" style=\"display:none;\"><label class=\"wpforms-field-label wpforms-label-hide\" for=\"wpforms-6749-field_30\">Rufnummer (optional)<\/label><input type=\"text\" id=\"wpforms-6749-field_30\" class=\"wpforms-field-medium\" name=\"wpforms[fields][30]\" placeholder=\"R\u00fcckruf-Rufnummer (optional)\" ><\/div><div id=\"wpforms-6749-field_63-container\" class=\"wpforms-field wpforms-field-url wpforms-conditional-field wpforms-conditional-show\" data-field-id=\"63\" style=\"display:none;\"><label class=\"wpforms-field-label\" for=\"wpforms-6749-field_63\">Webseite (URL)<\/label><input type=\"url\" id=\"wpforms-6749-field_63\" class=\"wpforms-field-large\" name=\"wpforms[fields][63]\" placeholder=\"z.B. https:\/\/tarife-aktionen.de\/vodafone\/zuhause\" ><div class=\"wpforms-field-description\">Wenn m\u00f6glich, f\u00fcgen Sie bitte den Link zu der Seite ein, wo Sie einen Fehler gefunden haben. Sollten mehrere Seiten betroffen sein oder Sie einfach nur ein Feedback oder Verbesserungsvorschl\u00e4ge \u00fcbermitteln wollen, nutzen Sie das folgende Formular-Feld.<\/div><\/div><div id=\"wpforms-6749-field_25-container\" class=\"wpforms-field wpforms-field-textarea wpforms-conditional-field wpforms-conditional-show\" data-field-id=\"25\" style=\"display:none;\"><label class=\"wpforms-field-label\" for=\"wpforms-6749-field_25\">Fehlerbeschreibung, Feedback oder sonstiges Anliegen <span class=\"wpforms-required-label\">*<\/span><\/label><textarea id=\"wpforms-6749-field_25\" class=\"wpforms-field-medium wpforms-field-required\" name=\"wpforms[fields][25]\" placeholder=\"z.B. Hinweis, welcher Tarif oder welches Angebot auf unserer Webseite nicht aktuell ist\" required><\/textarea><\/div><div id=\"wpforms-6749-field_66-container\" class=\"wpforms-field wpforms-field-checkbox wpforms-conditional-field wpforms-conditional-show wpforms-conditional-trigger\" data-field-id=\"66\" style=\"display:none;\"><label class=\"wpforms-field-label wpforms-label-hide\">Anhang \/ Dateien<\/label><ul id=\"wpforms-6749-field_66\"><li class=\"choice-1 depth-1\"><input type=\"checkbox\" id=\"wpforms-6749-field_66_1\" name=\"wpforms[fields][66][]\" value=\"Ich m\u00f6chte einen Anhang \/ Datei \u00fcbermitteln\"  ><label class=\"wpforms-field-label-inline\" for=\"wpforms-6749-field_66_1\">Ich m\u00f6chte einen Anhang \/ Datei \u00fcbermitteln<\/label><\/li><\/ul><div class=\"wpforms-field-description\">z.B. Dateien wie Screenshots oder andere Dokumente<\/div><\/div><div id=\"wpforms-6749-field_64-container\" class=\"wpforms-field wpforms-field-file-upload wpforms-conditional-field wpforms-conditional-show\" data-field-id=\"64\" style=\"display:none;\"><label class=\"wpforms-field-label\" for=\"wpforms-6749-field_64\">Datei-Upload<\/label><div\n\t\tclass=\"wpforms-uploader \"\n\t\tdata-field-id=\"64\"\n\t\tdata-form-id=\"6749\"\n\t\tdata-input-name=\"wpforms_6749_64\"\n\t\tdata-extensions=\"doc,docx,pdf,rtf,odf,txt,gif,jpg,jpeg,png,tiff,tif,bmp\"\n\t\tdata-max-size=\"5242880\"\n\t\tdata-max-file-number=\"4\"\n\t\tdata-post-max-size=\"536870912\"\n\t\tdata-max-parallel-uploads=\"4\"\n\t\tdata-parallel-uploads=\"true\"\n\t\tdata-file-chunk-size=\"2097152\">\n\t<div class=\"dz-message\">\n\t\t<svg  viewBox=\"0 0 640 640\" focusable=\"false\" data-icon=\"inbox\" width=\"50px\" height=\"50px\" fill=\"currentColor\" aria-hidden=\"true\">\n\t\t\t<path d=\"M352 173.3L352 384C352 401.7 337.7 416 320 416C302.3 416 288 401.7 288 384L288 173.3L246.6 214.7C234.1 227.2 213.8 227.2 201.3 214.7C188.8 202.2 188.8 181.9 201.3 169.4L297.3 73.4C309.8 60.9 330.1 60.9 342.6 73.4L438.6 169.4C451.1 181.9 451.1 202.2 438.6 214.7C426.1 227.2 405.8 227.2 393.3 214.7L352 173.3zM320 464C364.2 464 400 428.2 400 384L480 384C515.3 384 544 412.7 544 448L544 480C544 515.3 515.3 544 480 544L160 544C124.7 544 96 515.3 96 480L96 448C96 412.7 124.7 384 160 384L240 384C240 428.2 275.8 464 320 464zM464 488C477.3 488 488 477.3 488 464C488 450.7 477.3 440 464 440C450.7 440 440 450.7 440 464C440 477.3 450.7 488 464 488z\"\/>\n\t\t<\/svg>\n\n\t\t<span class=\"modern-title\">\n\t\t\t\t\t\t\tDrag &amp; Drop Files, \t\t\t\t<span>Choose Files to Upload<\/span>\n\t\t\t\t\t<\/span>\n\n\t\t\t\t\t<span class=\"modern-hint\">Du kannst bis zu 4 Dateien hochladen.<\/span>\n\t\t\t<\/div>\n<\/div>\n\n<input\n\t\ttype=\"text\"\n\t\tautocomplete=\"off\"\n\t\treadonly\n\t\tclass=\"dropzone-input\"\n\t\tstyle=\"position:absolute!important;clip:rect(0,0,0,0)!important;height:1px!important;width:1px!important;border:0!important;overflow:hidden!important;padding:0!important;margin:0!important;\"\n\t\tid=\"wpforms-6749-field_64\"\n\t\tname=\"wpforms_6749_64\" \t\tvalue=\"\">\n<\/div><div id=\"wpforms-6749-field_72-container\" class=\"wpforms-field wpforms-field-checkbox wpforms-conditional-field wpforms-conditional-show\" data-field-id=\"72\" style=\"display:none;\"><label class=\"wpforms-field-label\">Datenschutz <span class=\"wpforms-required-label\">*<\/span><\/label><ul id=\"wpforms-6749-field_72\" class=\"wpforms-field-required\"><li class=\"choice-1 depth-1\"><input type=\"checkbox\" id=\"wpforms-6749-field_72_1\" name=\"wpforms[fields][72][]\" value=\"Ich habe die Datenschutz-Hinweise zur Kenntnis genommen.\" required ><label class=\"wpforms-field-label-inline\" for=\"wpforms-6749-field_72_1\">Ich habe die Datenschutz-Hinweise zur Kenntnis genommen.<\/label><\/li><\/ul><div class=\"wpforms-field-description\">Mit dem Absenden des Kontaktformulares erkl\u00e4ren Sie sich damit einverstanden, dass wir Ihre Angaben f\u00fcr die Beantwortung der Anfrage verwenden und speichern. Es erfolgt keine Weitergabe der Daten an unberechtigte Dritte. Ihre Daten werden nach angemessener Zeit gel\u00f6scht, wenn der Zweck der Datenverarbeitung \/ -speicherung entfallen ist. Weitere Informationen finden Sie in unserer <a href=\"https:\/\/tarife-aktionen.de\/vodafone\/datenschutzerklaerung\" target=\"_blank\">Datenschutzerkl\u00e4rung<\/a>.<\/div><\/div><div id=\"wpforms-6749-field_71-container\" class=\"wpforms-field wpforms-field-captcha wpforms-conditional-field wpforms-conditional-show\" data-field-id=\"71\" style=\"display:none;\"><label class=\"wpforms-field-label\" for=\"wpforms-6749-field_71\">Kontrollaufgabe zum Absenden Ihrer Anfrage (Captcha) <span class=\"wpforms-required-label\">*<\/span><\/label>\t\t\t<div class=\"wpforms-captcha-math\">\n\t\t\t\t<span id=\"wpforms-6749-field_71-question\" class=\"wpforms-captcha-equation\">\n\t\t\t\t\t<span class=\"n1\">2<\/span>\n\t\t\t\t\t\t\t<span class=\"cal\">*<\/span>\n\t\t\t\t\t\t\t<span class=\"n2\">4<\/span>\t\t\t\t\t<span class=\"e\">=<\/span>\n\t\t\t\t<\/span>\n\t\t\t\t<input type=\"text\" id=\"wpforms-6749-field_71\" class=\"wpforms-field-medium wpforms-field-required a\" data-rule-wpf-captcha=\"math\" data-is-wrapped-field=\"1\" name=\"wpforms[fields][71][a]\" aria-describedby=\"wpforms-6749-field_71-question\" required>\t\t\t\t<input type=\"hidden\" name=\"wpforms[fields][71][cal]\" class=\"cal\">\n\t\t\t\t<input type=\"hidden\" name=\"wpforms[fields][71][n2]\" class=\"n2\">\n\t\t\t\t<input type=\"hidden\" name=\"wpforms[fields][71][n1]\" class=\"n1\">\n\t\t\t<\/div>\n\t\t\t<div class=\"wpforms-field-description\">Als Nachweis, dass Sie ein \"Mensch\" sind<\/div><\/div><\/div><!-- .wpforms-field-container --><div class=\"wpforms-submit-container\" ><input type=\"hidden\" name=\"wpforms[id]\" value=\"6749\"><input type=\"hidden\" name=\"page_title\" value=\"\"><input type=\"hidden\" name=\"page_url\" value=\"https:\/\/tarife-aktionen.de\/vodafone\/wp-json\/wp\/v2\/pages\/3739\"><input type=\"hidden\" name=\"url_referer\" value=\"\"><button type=\"submit\" name=\"wpforms[submit]\" id=\"wpforms-submit-6749\" class=\"wpforms-submit\" data-alt-text=\"Formular wird \u00fcbermittelt\" data-submit-text=\"Weiter \/ Absenden\" aria-live=\"assertive\" value=\"wpforms-submit\">Weiter \/ Absenden<\/button><\/div><\/form><\/div>  <!-- .wpforms-container -->\n<hr \/>\n<p><span class=\"rot\">Wichtig:<\/span> sollten Sie Fragen zu den Vodafone Tarifen und Angeboten haben (pers\u00f6nliche Beratung zu Festnetz und Mobilfunk), nutzen Sie <a href=\"https:\/\/tarife-aktionen.de\/vodafone\/kontakt\"><strong>diese Kontaktm\u00f6glichkeiten<\/strong><\/a>. Sollten Sie eine St\u00f6rung Ihres Vodafone Vertrages haben (z.B. <a href=\"https:\/\/tarife-aktionen.de\/vodafone\/zuhause\/kabel\"><strong>Kabel Anschluss<\/strong><\/a>, <a href=\"https:\/\/tarife-aktionen.de\/vodafone\/zuhause\/dsl\"><strong>DSL \/ VDSL Anschluss<\/strong><\/a>, <a href=\"https:\/\/tarife-aktionen.de\/vodafone\/smartphone-tarife\/mit-vertrag\"><strong>Handyvertrag<\/strong><\/a> oder <a href=\"https:\/\/tarife-aktionen.de\/vodafone\/smartphone-tarife\/prepaid-karte\"><strong>Prepaid Karte<\/strong><\/a>) bzw. Fragen zur Rechnung\u00a0 o.\u00e4. haben, k\u00f6nnen wir als unabh\u00e4nginger Vodafone Vertriebspartner Ihnen <strong>NICHT weiterhelfen<\/strong>, da wir keinen Zugriff auf Daten von Bestandskunden haben &#8211; wenden Sie sich dann an den <a href=\"https:\/\/tarife-aktionen.de\/vodafone\/kontakt\/kundenservice\"><strong>Kundenservice<\/strong><\/a>.<\/p>\n","protected":false},"excerpt":{"rendered":"<p>Ihnen sind Fehler auf der Webseite Tarife-Aktionen.de\/Vodafone aufgefallen oder Sie m\u00f6chten ein Feedback zur Seite oder unserer Beratung loswerden? Gern nehmen wir Ihre Meldungen und Anfragen zu unserer Internetseite zu Vodafone Tarifen und Angeboten \u00fcber das folgende Kontaktformular entgegen. Fehler melden oder Feedback zur Seite Tarife-Aktionen.de\/Vodafone F\u00fcr Ihre Meldung zur Seite Tarife-Aktionen.de\/Vodafone nutzen Sie dieses &hellip; <a href=\"https:\/\/tarife-aktionen.de\/vodafone\/fehler-feedback\" class=\"more-link\"><span class=\"screen-reader-text\">Fehler melden auf Tarife-Aktionen.de\/Vodafone und Feedback zur Seite<\/span> weiterlesen <span class=\"meta-nav\">&rarr;<\/span><\/a><\/p>\n","protected":false},"author":30,"featured_media":3763,"parent":0,"menu_order":999997,"comment_status":"closed","ping_status":"closed","template":"","meta":{"footnotes":""},"class_list":["post-3739","page","type-page","status-publish","hentry","has-post-thumbnail"],"_links":{"self":[{"href":"https:\/\/tarife-aktionen.de\/vodafone\/wp-json\/wp\/v2\/pages\/3739","targetHints":{"allow":["GET"]}}],"collection":[{"href":"https:\/\/tarife-aktionen.de\/vodafone\/wp-json\/wp\/v2\/pages"}],"about":[{"href":"https:\/\/tarife-aktionen.de\/vodafone\/wp-json\/wp\/v2\/types\/page"}],"author":[{"embeddable":true,"href":"https:\/\/tarife-aktionen.de\/vodafone\/wp-json\/wp\/v2\/users\/30"}],"replies":[{"embeddable":true,"href":"https:\/\/tarife-aktionen.de\/vodafone\/wp-json\/wp\/v2\/comments?post=3739"}],"version-history":[{"count":4,"href":"https:\/\/tarife-aktionen.de\/vodafone\/wp-json\/wp\/v2\/pages\/3739\/revisions"}],"predecessor-version":[{"id":6816,"href":"https:\/\/tarife-aktionen.de\/vodafone\/wp-json\/wp\/v2\/pages\/3739\/revisions\/6816"}],"wp:featuredmedia":[{"embeddable":true,"href":"https:\/\/tarife-aktionen.de\/vodafone\/wp-json\/wp\/v2\/media\/3763"}],"wp:attachment":[{"href":"https:\/\/tarife-aktionen.de\/vodafone\/wp-json\/wp\/v2\/media?parent=3739"}],"curies":[{"name":"wp","href":"https:\/\/api.w.org\/{rel}","templated":true}]}}