{"id":4168,"date":"2018-08-03T23:50:01","date_gmt":"2018-08-03T21:50:01","guid":{"rendered":"https:\/\/tarife-aktionen.de\/vodafone\/?page_id=4168"},"modified":"2024-07-31T19:13:43","modified_gmt":"2024-07-31T17:13:43","slug":"breitband-internet","status":"publish","type":"page","link":"https:\/\/tarife-aktionen.de\/vodafone\/breitband-internet","title":{"rendered":"Vodafone Breitband Internet &#8211; Verf\u00fcgbarkeit, Tarife und Beratung"},"content":{"rendered":"<p><a href=\"https:\/\/tarife-aktionen.de\/vodafone\/breitband-internet\"><img decoding=\"async\" class=\"alignright size-full wp-image-4901\" src=\"https:\/\/tarife-aktionen.de\/vodafone\/inhalte\/2018\/08\/vodafone-breitband-internet-anschluss-tarife.jpg\" alt=\"Vodafone Breitband Internet - Verf\u00fcgbarkeit, Tarife und Beratung\" width=\"150\" height=\"100\" srcset=\"https:\/\/tarife-aktionen.de\/vodafone\/inhalte\/2018\/08\/vodafone-breitband-internet-anschluss-tarife.jpg 150w, https:\/\/tarife-aktionen.de\/vodafone\/inhalte\/2018\/08\/vodafone-breitband-internet-anschluss-tarife-80x53.jpg 80w\" sizes=\"(max-width: 150px) 100vw, 150px\" \/><\/a>Ein <span class=\"farbig\">Vodafone Breitband Internet<\/span> Anschluss bietet schnelles Surfen \u00fcber einen <a href=\"https:\/\/tarife-aktionen.de\/vodafone\/kabel\"><strong>Kabel<\/strong><\/a>, <a href=\"https:\/\/tarife-aktionen.de\/vodafone\/dsl\"><strong>DSL<\/strong><\/a>, <a href=\"https:\/\/tarife-aktionen.de\/vodafone\/vdsl\"><strong>VDSL<\/strong><\/a> oder <a href=\"https:\/\/tarife-aktionen.de\/vodafone\/glasfaser\"><strong>Glasfaser<\/strong><\/a> Anschluss. In Regionen,\u00a0 wo Breitband Internet \u00fcber das Festnetz noch nicht verf\u00fcgbar ist, bietet Vodafone die <a href=\"https:\/\/tarife-aktionen.de\/vodafone\/zuhause\/lte\"><strong>Zuhause LTE<\/strong><\/a> sowie <a href=\"https:\/\/tarife-aktionen.de\/vodafone\/gigacube\"><strong>GigaCube<\/strong><\/a> Tarife an. Den Vodafone Breitband Anschluss gibt es mit Telefonie und optional Fernsehen. Neukunden <a href=\"https:\/\/tarife-aktionen.de\/vodafone\/breitband-internet\/beratung-vodafone-breitband\"><strong>beraten<\/strong><\/a> wir auch telefonisch. <!--more--><\/p>\n<hr \/>\n<p><strong><span class=\"farbig\">Vodafone Breitband Internet:<\/span> <a href=\"https:\/\/tarife-aktionen.de\/vodafone\/breitband-internet\/verfuegbarkeit-netzausbau-check-vodafone-dsl-vdsl-kabel-glasfaser\">Verf\u00fcgbarkeit<\/a> \u2013 <a href=\"https:\/\/tarife-aktionen.de\/vodafone\/breitband-internet\/tarife-preise-vodafone-dsl-vdsl-kabel-glasfaser\">Tarife<\/a> \u2013 <a href=\"https:\/\/tarife-aktionen.de\/vodafone\/breitband-internet\/bestellen-vodafone-breitband\">Bestellen<\/a> &#8211; <\/strong><strong> <a href=\"https:\/\/tarife-aktionen.de\/vodafone\/breitband-internet\/angebote-deals-vodafone-breitband\">Angebote April 2026<\/a><\/strong><\/p>\n<hr \/>\n<h2><span class=\"farbig\">Verf\u00fcgbarkeit<\/span> Vodafone Breitband Internet (Kabel, DSL, VDSL, Glasfaser)<\/h2>\n<p><a href=\"https:\/\/tarife-aktionen.de\/vodafone\/zum-anbieter\/vodafone-festnetz\/vodafone-festnetz-check\" target=\"_blank\" rel=\"noopener\"><img decoding=\"async\" class=\"alignright size-full wp-image-1249\" src=\"https:\/\/tarife-aktionen.de\/vodafone\/inhalte\/2016\/01\/vodafone-verfuegbarkeit-pruefen-1.png\" alt=\"Vodafone Verf\u00fcgbarkeit online pr\u00fcfen\" width=\"150\" height=\"30\" srcset=\"https:\/\/tarife-aktionen.de\/vodafone\/inhalte\/2016\/01\/vodafone-verfuegbarkeit-pruefen-1.png 150w, https:\/\/tarife-aktionen.de\/vodafone\/inhalte\/2016\/01\/vodafone-verfuegbarkeit-pruefen-1-80x16.png 80w\" sizes=\"(max-width: 150px) 100vw, 150px\" \/><\/a>Die Vodafone Breitband Internet Tarife werden je nach Standort \u00fcber verschiedene Netztechniken realisiert. In vielen Regionen nutzen Sie die Vodafone Breitband Internet Tarife \u00fcber das TV <a href=\"https:\/\/tarife-aktionen.de\/vodafone\/kabel-deutschland\/verfuegbarkeit-check-vodafone-kabel\"><strong>Kabel<\/strong><\/a> &#8211; mit hohen Geschwindigkeiten zum kleinen Preis. Wo Kabel Internet nicht ausgebaut\u00a0 ist, bietet Vodafone Breitband Internet Tarife \u00fcber einen herk\u00f6mmlichen <a href=\"https:\/\/tarife-aktionen.de\/vodafone\/dsl\"><strong>DSL<\/strong><\/a> oder <a href=\"https:\/\/tarife-aktionen.de\/vodafone\/vdsl\"><strong>VDSL<\/strong><\/a> Anschluss an. In einigen wenigen Orten erhalten Sie Vodafone Breitband Internet Tarife auch \u00fcber einen <a href=\"https:\/\/glasfaser-anschluss.de\/\" target=\"_blank\" rel=\"noopener\"><strong>Glasfaser Anschluss<\/strong><\/a>. Wo ein Breitband Anschluss \u00fcber das <a href=\"https:\/\/tarife-aktionen.de\/vodafone\/festnetz\"><strong>Vodafone Festnetz<\/strong><\/a> nicht verf\u00fcgbar ist, gibt es als Alternative <a href=\"https:\/\/tarife-aktionen.de\/vodafone\/zuhause\/lte\/verfuegbarkeit\"><strong>Zuhause LTE<\/strong><\/a> und <a href=\"https:\/\/tarife-aktionen.de\/vodafone\/gigacube\"><strong>GigaCube<\/strong><\/a> f\u00fcr schnelles Internet \u00fcber Funk. <a href=\"https:\/\/tarife-aktionen.de\/vodafone\/breitband-internet\/verfuegbarkeit-netzausbau-check-vodafone-dsl-vdsl-kabel-glasfaser\"><strong>Vodafone Breitband Internet Verf\u00fcgbarkeit<\/strong><\/a><\/p>\n<hr \/>\n<h2><span class=\"farbig\">Tarife<\/span> mit Vodafone Breitband Internet Anschluss f\u00fcr Zuhause<\/h2>\n<p>Vodafone bietet zahlreiche <a href=\"https:\/\/tarife-aktionen.de\/vodafone\/breitband-internet\/tarife-preise-vodafone-dsl-vdsl-kabel-glasfaser\"><strong>Tarife<\/strong><\/a> mit Breitband Internet Anschluss f\u00fcr Zuhause an. Es gibt Internet &amp; Telefon Pakete sowie Kombi-Tarife inklusive <a href=\"https:\/\/tarife-aktionen.de\/vodafone\/zuhause\/tv-fernsehen\"><strong>Fernsehen<\/strong><\/a>.<\/p>\n<ul>\n<li><a href=\"https:\/\/tarife-aktionen.de\/vodafone\/festnetz\/vodafone-red-internet-phone-tarife\"><strong>Vodafone Red Internet &amp; Phone Tarife<\/strong><\/a> &#8211; Surfen und Telefonieren\n<ul>\n<li><em><a href=\"https:\/\/tarife-aktionen.de\/vodafone\/festnetz\/vodafone-red-internet-phone-cable-kabel-tarife\">Vodafone Red Internet &amp; Phone Cable<\/a> &#8211; Tarife \u00fcber Kabel<\/em><\/li>\n<li><em><a href=\"https:\/\/tarife-aktionen.de\/vodafone\/festnetz\/vodafone-red-internet-phone-dsl-tarife\">Vodafone Red Internet &amp; Phone DSL<\/a> &#8211; Tarife \u00fcber DSL \/ VDSL<\/em><\/li>\n<li><em><a href=\"https:\/\/tarife-aktionen.de\/vodafone\/festnetz\/vodafone-red-internet-phone-glasfaser-tarife\">Vodafone Red Internet &amp; Phone Glasfaser<\/a> &#8211; Highspeed Surfen<\/em><\/li>\n<\/ul>\n<\/li>\n<li><a href=\"https:\/\/tarife-aktionen.de\/vodafone\/festnetz\/internet-telefon-fernsehen-tv\"><strong>Vodafone Red Internet &amp; Phone Tarife inklusive Fernsehen<\/strong><\/a> &#8211; Surfen, Telefonieren und TV\n<ul>\n<li><em><a href=\"https:\/\/tarife-aktionen.de\/vodafone\/festnetz\/kabel-internet-telefon-fernsehen\">Vodafone Red Internet &amp; Phone Cable inkl. GigaTV<\/a> &#8211; Breitband \u00fcber Kabelanschluss<\/em><\/li>\n<li><em><a href=\"https:\/\/tarife-aktionen.de\/vodafone\/festnetz\/dsl-vdsl-internet-telefon-fernsehen\">Vodafone Red Internet &amp; Phone DSL inkl. IPTV<\/a> &#8211; Breitband \u00fcber die DSL \/ VDSL Leitung<\/em><\/li>\n<\/ul>\n<\/li>\n<li><a href=\"https:\/\/tarife-aktionen.de\/vodafone\/zuhause\/lte\"><strong>Vodafone Zuhause LTE<\/strong><\/a> &#8211; Internet und optional Telefonie \u00fcber Funk f\u00fcr Zuhause<\/li>\n<li><a href=\"https:\/\/tarife-aktionen.de\/vodafone\/gigacube\"><strong>Vodafone GigaCube<\/strong><\/a> &#8211; schnelles <a href=\"https:\/\/tarife-aktionen.de\/vodafone\/lte\">LTE<\/a> Internet f\u00fcr unterwegs und Zuhause (<a href=\"https:\/\/homespot-vergleich.de\/vodafone-homespot-tarife\" target=\"_blank\" rel=\"noopener\">Vodafone Homespot<\/a>)<\/li>\n<\/ul>\n<hr \/>\n<h2><span class=\"farbig\">Angebote<\/span> f\u00fcr Vodafone Breitband Internet Tarife <span class=\"rot\">im April 2026<\/span><\/h2>\n<p>Wenn Sie einen Vodafone Breitband Internet Anschluss <strong>im April 2026<\/strong> bestellen, sichern Sie sich viele <a href=\"https:\/\/tarife-aktionen.de\/vodafone\/breitband-internet\/angebote-deals-vodafone-breitband\"><strong>Angebote<\/strong><\/a> (z.B. Onlinebonus, Wechselpr\u00e4mie und mehr). Die meisten Verg\u00fcnstigungen f\u00fcr Vodafone Breitband Internet Tarife erhalten Sie bei den Zug\u00e4ngen \u00fcber Kabel.<\/p>\n<ul>\n<li><a href=\"https:\/\/tarife-aktionen.de\/vodafone\/kabel-deutschland\/angebote-deals-vodafone-kabel\"><strong>Angebote f\u00fcr Vodafone Breitband Internet \u00fcber Kabel<\/strong><\/a> &#8211; g\u00fcltig bis zum 30.04.2026\n<ul>\n<li><em>Vodafone Kabel Internet &amp; Telefon Tarife erste 12 Monate je nur 19,99 \u20ac.<\/em><\/li>\n<li><em>Vodafone Red Internet &amp; Phone Cable mit bis zu 150 \u20ac Onlinebonus (je nach Tarif).<\/em><\/li>\n<li><em>WLAN Kabelrouter dauerhaft f\u00fcr 0 \u20ac statt 2,99 \u20ac Miete je Monat.<\/em><\/li>\n<\/ul>\n<\/li>\n<li><a href=\"https:\/\/tarife-aktionen.de\/vodafone\/dsl\/angebote-deals-vodafone-dsl\"><strong>Angebote f\u00fcr Vodafone Breitband Internet \u00fcber DSL \/ VDSL<\/strong><\/a> &#8211; g\u00fcltig bis 30.04.2026\n<ul>\n<li><em>Alle Vodafone DSL Internet &amp; Telefon Tarife erste 12 Monate je nur 19,99 \u20ac.<\/em><\/li>\n<li><em>Vodafone Red Internet &amp;\u00a0 Phone DSL mit bis zu 100 \u20ac Online-Geschenk (je nach Tarif).<\/em><\/li>\n<li><em>WLAN Router dauerhaft 0 \u20ac statt 2,99 \u20ac Aufpreis je Monat (FritzBox 7430).<br \/>\n<\/em><\/li>\n<\/ul>\n<\/li>\n<li><a href=\"https:\/\/tarife-aktionen.de\/vodafone\/glasfaser\/angebote-deals-vodafone-fiber\"><strong>Angebote f\u00fcr Vodafone Glasfaser Tarife<\/strong><\/a> &#8211; Highspeed Surfen<\/li>\n<li><strong>Aktionen f\u00fcr Vodafone GigaCube<\/strong> &#8211; Internet aus der Steckdose f\u00fcr Zuhause und unterwegs<\/li>\n<li><strong>Angebote f\u00fcr Vodafone LTE Zuhause<\/strong> &#8211; die Festnetz Alternative<\/li>\n<\/ul>\n<hr \/>\n<h2><span class=\"farbig\">Telefonische Beratung und Bestellung<\/span> Vodafone Breitband Internet Tarife<\/h2>\n<p><a href=\"https:\/\/tarife-aktionen.de\/vodafone\/breitband-internet\/beratung-vodafone-breitband\"><img decoding=\"async\" class=\"alignright size-full wp-image-378\" src=\"https:\/\/tarife-aktionen.de\/vodafone\/inhalte\/2015\/09\/vodafone-telefonisch-bestellen.png\" alt=\"Vodafone Tarife telefonisch bestellen\" width=\"150\" height=\"30\" srcset=\"https:\/\/tarife-aktionen.de\/vodafone\/inhalte\/2015\/09\/vodafone-telefonisch-bestellen.png 150w, https:\/\/tarife-aktionen.de\/vodafone\/inhalte\/2015\/09\/vodafone-telefonisch-bestellen-80x16.png 80w\" sizes=\"(max-width: 150px) 100vw, 150px\" \/><\/a>An unserer <strong>unabh\u00e4ngigen Hotline<\/strong> <strong><a href=\"tel:+4939434099929\" onclick=\"ga('send', 'event', 'hotline', 'hotline-content', 'hotline-content-ohne-zeit');\">0 39 43 \/ 40 999 29<\/a><\/strong> beraten wir Vodafone Breitbandanschluss Neukunden und nehmen Ihren Auftrag am Telefon auf. Gern k\u00f6nnen Sie auch unseren <a href=\"https:\/\/tarife-aktionen.de\/vodafone\/breitband-internet\/beratung-vodafone-breitband\"><strong>R\u00fcckruf-Service<\/strong><\/a> nutzen.<\/p>\n<hr \/>\n<h2><span class=\"farbig\">Onlinebestellung<\/span> Vodafone Breitbandanschluss (DSL, Kabel, Fiber)<\/h2>\n<p><a href=\"https:\/\/tarife-aktionen.de\/vodafone\/zum-anbieter\/vodafone-festnetz\/vodafone-festnetz-allgemein\" target=\"_blank\" rel=\"noopener\"><img decoding=\"async\" class=\"alignright size-full wp-image-376\" src=\"https:\/\/tarife-aktionen.de\/vodafone\/inhalte\/2015\/09\/vodafone-onlinebestellung.png\" alt=\"Vodafone Onlinebestellung (online bestellen)\" width=\"150\" height=\"30\" srcset=\"https:\/\/tarife-aktionen.de\/vodafone\/inhalte\/2015\/09\/vodafone-onlinebestellung.png 150w, https:\/\/tarife-aktionen.de\/vodafone\/inhalte\/2015\/09\/vodafone-onlinebestellung-80x16.png 80w\" sizes=\"(max-width: 150px) 100vw, 150px\" \/><\/a>Im Vodafone Onlineshop k\u00f6nnen Sie den Breitband Internet Anschluss direkt <a href=\"https:\/\/tarife-aktionen.de\/vodafone\/zum-anbieter\/vodafone-festnetz\/vodafone-festnetz-allgemein\" target=\"_blank\" rel=\"noopener\"><strong>online bestellen<\/strong><\/a> und sich so viele Rabatte sichern.<\/p>\n","protected":false},"excerpt":{"rendered":"<p>Ein Vodafone Breitband Internet Anschluss bietet schnelles Surfen \u00fcber einen Kabel, DSL, VDSL oder Glasfaser Anschluss. In Regionen,\u00a0 wo Breitband Internet \u00fcber das Festnetz noch nicht verf\u00fcgbar ist, bietet Vodafone die Zuhause LTE sowie GigaCube Tarife an. Den Vodafone Breitband Anschluss gibt es mit Telefonie und optional Fernsehen. Neukunden beraten wir auch telefonisch.<\/p>\n","protected":false},"author":30,"featured_media":4901,"parent":0,"menu_order":10,"comment_status":"closed","ping_status":"closed","template":"","meta":{"footnotes":""},"class_list":["post-4168","page","type-page","status-publish","hentry","has-post-thumbnail"],"_links":{"self":[{"href":"https:\/\/tarife-aktionen.de\/vodafone\/wp-json\/wp\/v2\/pages\/4168","targetHints":{"allow":["GET"]}}],"collection":[{"href":"https:\/\/tarife-aktionen.de\/vodafone\/wp-json\/wp\/v2\/pages"}],"about":[{"href":"https:\/\/tarife-aktionen.de\/vodafone\/wp-json\/wp\/v2\/types\/page"}],"author":[{"embeddable":true,"href":"https:\/\/tarife-aktionen.de\/vodafone\/wp-json\/wp\/v2\/users\/30"}],"replies":[{"embeddable":true,"href":"https:\/\/tarife-aktionen.de\/vodafone\/wp-json\/wp\/v2\/comments?post=4168"}],"version-history":[{"count":5,"href":"https:\/\/tarife-aktionen.de\/vodafone\/wp-json\/wp\/v2\/pages\/4168\/revisions"}],"predecessor-version":[{"id":6888,"href":"https:\/\/tarife-aktionen.de\/vodafone\/wp-json\/wp\/v2\/pages\/4168\/revisions\/6888"}],"wp:featuredmedia":[{"embeddable":true,"href":"https:\/\/tarife-aktionen.de\/vodafone\/wp-json\/wp\/v2\/media\/4901"}],"wp:attachment":[{"href":"https:\/\/tarife-aktionen.de\/vodafone\/wp-json\/wp\/v2\/media?parent=4168"}],"curies":[{"name":"wp","href":"https:\/\/api.w.org\/{rel}","templated":true}]}}