{"id":4183,"date":"2018-08-03T23:50:02","date_gmt":"2018-08-03T21:50:02","guid":{"rendered":"https:\/\/tarife-aktionen.de\/vodafone\/?page_id=4183"},"modified":"2023-10-22T21:19:05","modified_gmt":"2023-10-22T19:19:05","slug":"festnetz","status":"publish","type":"page","link":"https:\/\/tarife-aktionen.de\/vodafone\/festnetz","title":{"rendered":"Vodafone Festnetz \u2013 Verf\u00fcgbarkeit, Tarife, Beratung und Bestellung"},"content":{"rendered":"<p><a href=\"https:\/\/tarife-aktionen.de\/vodafone\/festnetz\"><img decoding=\"async\" class=\"alignright size-full wp-image-4741\" src=\"https:\/\/tarife-aktionen.de\/vodafone\/inhalte\/2018\/08\/vodafone-festnetz-anschluss-zuhause.jpg\" alt=\"Vodafone Festnetz \u2013 Verf\u00fcgbarkeit, Tarife, Beratung und Bestellung\" width=\"150\" height=\"100\" srcset=\"https:\/\/tarife-aktionen.de\/vodafone\/inhalte\/2018\/08\/vodafone-festnetz-anschluss-zuhause.jpg 150w, https:\/\/tarife-aktionen.de\/vodafone\/inhalte\/2018\/08\/vodafone-festnetz-anschluss-zuhause-80x53.jpg 80w\" sizes=\"(max-width: 150px) 100vw, 150px\" \/><\/a>Ein <span class=\"farbig\">Vodafone Festnetz<\/span> Anschluss bietet <a href=\"https:\/\/tarife-aktionen.de\/vodafone\/breitband-internet\"><strong>Breitband Internet<\/strong><\/a> (Kabel, DSL, VDSL, Glasfaser oder Zuhause LTE) sowie optional Telefonieren (<a href=\"https:\/\/tarife-aktionen.de\/vodafone\/telefonanschluss\"><strong>Telefonanschluss<\/strong><\/a> mit Telefonflat) und Fernsehen \/ TV (Kabelfernsehen oder IPTV). Vodafone Festnetz Neukunden bieten wir an unserer Hotline <strong><a href=\"tel:+4939434099929\" onclick=\"ga('send', 'event', 'hotline', 'hotline-content', 'hotline-content-ohne-zeit');\">0 39 43 \/ 40 999 29<\/a><\/strong> auch eine <a href=\"https:\/\/tarife-aktionen.de\/vodafone\/festnetz\/beratung-vodafone-festnetz\"><strong>telefonische Beratung<\/strong><\/a> an. <!--more--><\/p>\n<hr \/>\n<p><strong><span class=\"farbig\">Vodafone Festnetz:<\/span> <a href=\"https:\/\/tarife-aktionen.de\/vodafone\/festnetz\/verfuegbarkeit-pruefen-vodafone-festnetz\">Verf\u00fcgbarkeit<\/a> \u2013 <a href=\"https:\/\/tarife-aktionen.de\/vodafone\/festnetz\/tarife-zuhause-internet-telefon-fernsehen\">Tarife<\/a> \u2013 <a href=\"https:\/\/tarife-aktionen.de\/vodafone\/festnetz\/bestellen-auftrag-vodafone-festnetz\">Bestellung<\/a> &#8211; <a href=\"https:\/\/tarife-aktionen.de\/vodafone\/festnetz\/angebote-deals-vodafone-festnetz\">Angebote im April 2026<\/a><\/strong><\/p>\n<hr \/>\n<h2><span class=\"farbig\">Verf\u00fcgbarkeit<\/span> Vodafone Festnetz Anschluss (Kabel, DSL, Glasfaser)<\/h2>\n<p><a href=\"https:\/\/tarife-aktionen.de\/vodafone\/zum-anbieter\/vodafone-festnetz\/vodafone-festnetz-check\" target=\"_blank\" rel=\"noopener\"><img decoding=\"async\" class=\"alignright size-full wp-image-1249\" src=\"https:\/\/tarife-aktionen.de\/vodafone\/inhalte\/2016\/01\/vodafone-verfuegbarkeit-pruefen-1.png\" alt=\"Vodafone Verf\u00fcgbarkeit online pr\u00fcfen\" width=\"150\" height=\"30\" srcset=\"https:\/\/tarife-aktionen.de\/vodafone\/inhalte\/2016\/01\/vodafone-verfuegbarkeit-pruefen-1.png 150w, https:\/\/tarife-aktionen.de\/vodafone\/inhalte\/2016\/01\/vodafone-verfuegbarkeit-pruefen-1-80x16.png 80w\" sizes=\"(max-width: 150px) 100vw, 150px\" \/><\/a>Die Vodafone Festnetz Tarife werden abh\u00e4ngig vom Standort \u00fcber verschiedene Technologien realisiert. In vielen Regionen nutzen Sie die Vodafone Festnetz Tarife \u00fcber das TV <a href=\"https:\/\/tarife-aktionen.de\/vodafone\/kabel\"><strong>Kabel<\/strong><\/a> &#8211; mit Highspeed und zum besonders g\u00fcnstigen Preis. Dort wo Kabel Internet nicht verf\u00fcgbar ist, bietet Vodafone Festnetz Tarife \u00fcber <a href=\"https:\/\/tarife-aktionen.de\/vodafone\/dsl\"><strong>DSL<\/strong><\/a> oder <a href=\"https:\/\/tarife-aktionen.de\/vodafone\/vdsl\"><strong>VDSL<\/strong><\/a> Anschluss an und in ersten Regionen auch \u00fcber zukunftsf\u00e4hige <a href=\"https:\/\/tarife-aktionen.de\/vodafone\/glasfaser\"><strong>Glasfaser<\/strong><\/a> Leitungen. Wo ein Festnetz Anschluss nicht verf\u00fcgbar ist, bietet Vodafone Alternativen an: <a href=\"https:\/\/tarife-aktionen.de\/vodafone\/zuhause\/lte\"><strong>Zuhause LTE<\/strong><\/a> und <a href=\"https:\/\/tarife-aktionen.de\/vodafone\/gigacube\"><strong>GigaCube<\/strong><\/a> f\u00fcr schnelles Internet ohne Festnetz Leitung. <a href=\"https:\/\/tarife-aktionen.de\/vodafone\/festnetz\/verfuegbarkeit-pruefen-vodafone-festnetz\"><strong>Vodafone Festnetz Verf\u00fcgbarkeit<\/strong><\/a><\/p>\n<hr \/>\n<h2><span class=\"farbig\">Tarife<\/span> f\u00fcr Vodafone Festnetz Anschluss &#8211; Internet, Telefon und TV<\/h2>\n<p>Bei Vodafone gibt es f\u00fcr jeden Kunden den richtigen <a href=\"https:\/\/tarife-aktionen.de\/vodafone\/festnetz\/tarife-zuhause-internet-telefon-fernsehen\"><strong>Tarif<\/strong><\/a>. Sie haben die Wahl zwischen g\u00fcnstigen Internet &amp; Telefon Paketen oder auch Kombi-Tarifen inklusive TV Anschluss:<\/p>\n<ul>\n<li><a href=\"https:\/\/tarife-aktionen.de\/vodafone\/festnetz\/vodafone-red-internet-phone-tarife\"><strong>Vodafone Red Internet\u00a0 &amp; Phone Tarife<\/strong><\/a> &#8211; Surfen und Telefonieren\n<ul>\n<li><em><a href=\"https:\/\/tarife-aktionen.de\/vodafone\/festnetz\/vodafone-red-internet-phone-cable-kabel-tarife\">Vodafone Red Internet &amp; Phone Cable Tarife<\/a> &#8211; Angebote \u00fcber Kabel<\/em><\/li>\n<li><em><a href=\"https:\/\/tarife-aktionen.de\/vodafone\/festnetz\/vodafone-red-internet-phone-dsl-tarife\">Vodafone Red Internet &amp; Phone DSL Tarife<\/a> &#8211; Surfen \u00fcber DSL \/ VDSL<\/em><\/li>\n<li><em><a href=\"https:\/\/tarife-aktionen.de\/vodafone\/festnetz\/vodafone-red-internet-phone-glasfaser-tarife\">Vodafone Red Internet &amp; Phone Glasfaser Tarife<\/a> &#8211; Highspeed Surfen<\/em><\/li>\n<\/ul>\n<\/li>\n<li><a href=\"https:\/\/tarife-aktionen.de\/vodafone\/festnetz\/internet-telefon-fernsehen-tv\"><strong>Vodafone Red Internet &amp; Phone Tarife inklusive Fernsehen<\/strong><\/a> &#8211; Surfen, Telefonieren und TV\n<ul>\n<li><em><a href=\"https:\/\/tarife-aktionen.de\/vodafone\/festnetz\/kabel-internet-telefon-fernsehen\">Vodafone Red Internet &amp; Phone Cable inkl. GigaTV<\/a> &#8211; Festnetz \u00fcber Kabelanschluss<\/em><\/li>\n<li><em><a href=\"https:\/\/tarife-aktionen.de\/vodafone\/festnetz\/dsl-vdsl-internet-telefon-fernsehen\">Vodafone Red Internet &amp; Phone DSL inkl. IPTV<\/a> &#8211; Festnetz \u00fcber die DSL \/ VDSL Leitung<\/em><\/li>\n<\/ul>\n<\/li>\n<li><a href=\"https:\/\/tarife-aktionen.de\/vodafone\/zuhause\/lte\"><strong>Vodafone Zuhause LTE<\/strong><\/a> und <a href=\"https:\/\/tarife-aktionen.de\/vodafone\/gigacube\"><strong>Vodafone GigaCube<\/strong><\/a> &#8211; Alternative zu DSL und Kabel<\/li>\n<li><a href=\"https:\/\/tarife-aktionen.de\/vodafone\/zuhause\/festnetz-flat-telefonanschluss\"><strong>Vodafone Zuhause Festnetz Flat<\/strong><\/a> &#8211; Telefonanschluss ohne Internet<\/li>\n<li><a href=\"https:\/\/tarife-aktionen.de\/vodafone\/kabelfernsehen\"><strong>Vodafone Kabelfernsehen<\/strong><\/a> &#8211; TV auch ohne Internet und Telefon<\/li>\n<\/ul>\n<hr \/>\n<h2><span class=\"farbig\">Angebote<\/span> f\u00fcr Vodafone Festnetz Tarife <span class=\"rot\">im April 2026<\/span><\/h2>\n<p>Wenn Sie <strong>im April 2026<\/strong> einen Vodafone Festnetz Tarif bestellen, sichern Sie sich viele <a href=\"https:\/\/tarife-aktionen.de\/vodafone\/festnetz\/angebote-deals-vodafone-festnetz\"><strong>Angebote<\/strong><\/a> (z.B. Onlinebonus, Wechselpr\u00e4mie und mehr). Die meisten Verg\u00fcnstigungen f\u00fcr Vodafone Festnetz Tarife erhalten Sie in Verbindung mit einem Kabelanschluss:<\/p>\n<ul>\n<li><a href=\"https:\/\/tarife-aktionen.de\/vodafone\/kabel-deutschland\/angebote-deals-vodafone-kabel\"><strong>Angebote f\u00fcr Vodafone Kabel Internet<\/strong><\/a> &#8211; g\u00fcltig bis zum 30.04.2026\n<ul>\n<li><em>Fast alle Red Internet &amp; Phone Cable Festnetz Tarife erste 12 Monate je nur 19,99 \u20ac.<\/em><\/li>\n<li><em>Vodafone Kabel Internet &amp; Telefon mit bis zu 150 \u20ac Online-Geschenk (je nach Tarif).<\/em><\/li>\n<li><em>WLAN Kabelrouter dauerhaft f\u00fcr 0 \u20ac statt 2,99 \u20ac Aufpreis je Monat.<\/em><\/li>\n<\/ul>\n<\/li>\n<li><a href=\"https:\/\/tarife-aktionen.de\/vodafone\/dsl\/angebote-deals-vodafone-dsl\"><strong>Angebote f\u00fcr Vodafone DSL \/ VDSL<\/strong><\/a> &#8211; g\u00fcltig bis zum 30.04.2026\n<ul>\n<li><em>Alle Red Internet &amp; Phone DSL Festnetz Tarife erste 12 Monate je nur 19,99 \u20ac.<\/em><\/li>\n<li><em>Vodafone DSL Internet &amp; Telefon mit bis zu 100 \u20ac Online-Geschenk (H\u00f6he je nach Tarif).<\/em><\/li>\n<li><em>WLAN Router (FritzBox 7430) dauerhaft f\u00fcr 0 \u20ac statt 2,99 \u20ac Aufpreis je Monat.<\/em><\/li>\n<\/ul>\n<\/li>\n<li><a href=\"https:\/\/tarife-aktionen.de\/vodafone\/glasfaser\/angebote-deals-vodafone-fiber\"><strong>Angebote f\u00fcr Vodafone Glasfaser Tarife<\/strong><\/a> &#8211; Highspeed Surfen<\/li>\n<li><strong>Angebote f\u00fcr Vodafone LTE Zuhause<\/strong> &#8211; die DSL Alternative<\/li>\n<li><strong>Aktionen f\u00fcr Vodafone GigaCube<\/strong> &#8211; f\u00fcr Zuhause und unterwegs<\/li>\n<\/ul>\n<hr \/>\n<h2><span class=\"farbig\">Telefonische Beratung und Bestellung<\/span> Vodafone Festnetz Tarife<\/h2>\n<p><a href=\"https:\/\/tarife-aktionen.de\/vodafone\/festnetz\/beratung-vodafone-festnetz\"><img decoding=\"async\" class=\"alignright size-full wp-image-378\" src=\"https:\/\/tarife-aktionen.de\/vodafone\/inhalte\/2015\/09\/vodafone-telefonisch-bestellen.png\" alt=\"Vodafone Tarife telefonisch bestellen\" width=\"150\" height=\"30\" srcset=\"https:\/\/tarife-aktionen.de\/vodafone\/inhalte\/2015\/09\/vodafone-telefonisch-bestellen.png 150w, https:\/\/tarife-aktionen.de\/vodafone\/inhalte\/2015\/09\/vodafone-telefonisch-bestellen-80x16.png 80w\" sizes=\"(max-width: 150px) 100vw, 150px\" \/><\/a>An unserer <strong>unabh\u00e4ngigen Hotline<\/strong> <strong><a href=\"tel:+4939434099929\" onclick=\"ga('send', 'event', 'hotline', 'hotline-content', 'hotline-content-ohne-zeit');\">0 39 43 \/ 40 999 29<\/a><\/strong> beraten wir Vodafone Festnetz Neukunden und nehmen Ihren Auftrag am Telefon auf. Gern k\u00f6nnen Sie auch unseren <a href=\"https:\/\/tarife-aktionen.de\/vodafone\/festnetz\/beratung-vodafone-festnetz\"><strong>R\u00fcckruf-Service<\/strong><\/a> nutzen.<\/p>\n<hr \/>\n<h2><span class=\"farbig\">Onlinebestellung<\/span> Vodafone Festnetz Anschluss (DSL, Kabel, Glasfaser)<\/h2>\n<p><a href=\"https:\/\/tarife-aktionen.de\/vodafone\/zum-anbieter\/vodafone-festnetz\/vodafone-festnetz-allgemein\" target=\"_blank\" rel=\"noopener\"><img decoding=\"async\" class=\"alignright size-full wp-image-376\" src=\"https:\/\/tarife-aktionen.de\/vodafone\/inhalte\/2015\/09\/vodafone-onlinebestellung.png\" alt=\"Vodafone Onlinebestellung (online bestellen)\" width=\"150\" height=\"30\" srcset=\"https:\/\/tarife-aktionen.de\/vodafone\/inhalte\/2015\/09\/vodafone-onlinebestellung.png 150w, https:\/\/tarife-aktionen.de\/vodafone\/inhalte\/2015\/09\/vodafone-onlinebestellung-80x16.png 80w\" sizes=\"(max-width: 150px) 100vw, 150px\" \/><\/a>Im Vodafone Onlineshop k\u00f6nnen Sie den Festnetz Anschluss auch direkt <a href=\"https:\/\/tarife-aktionen.de\/vodafone\/zum-anbieter\/vodafone-festnetz\/vodafone-festnetz-allgemein\" target=\"_blank\" rel=\"noopener\"><strong>online bestellen<\/strong><\/a> und sich so viele Preisvorteile sichern.<\/p>\n","protected":false},"excerpt":{"rendered":"<p>Ein Vodafone Festnetz Anschluss bietet Breitband Internet (Kabel, DSL, VDSL, Glasfaser oder Zuhause LTE) sowie optional Telefonieren (Telefonanschluss mit Telefonflat) und Fernsehen \/ TV (Kabelfernsehen oder IPTV). Vodafone Festnetz Neukunden bieten wir an unserer Hotline auch eine telefonische Beratung an.<\/p>\n","protected":false},"author":30,"featured_media":4741,"parent":0,"menu_order":10,"comment_status":"closed","ping_status":"closed","template":"","meta":{"footnotes":""},"class_list":["post-4183","page","type-page","status-publish","hentry","has-post-thumbnail"],"_links":{"self":[{"href":"https:\/\/tarife-aktionen.de\/vodafone\/wp-json\/wp\/v2\/pages\/4183","targetHints":{"allow":["GET"]}}],"collection":[{"href":"https:\/\/tarife-aktionen.de\/vodafone\/wp-json\/wp\/v2\/pages"}],"about":[{"href":"https:\/\/tarife-aktionen.de\/vodafone\/wp-json\/wp\/v2\/types\/page"}],"author":[{"embeddable":true,"href":"https:\/\/tarife-aktionen.de\/vodafone\/wp-json\/wp\/v2\/users\/30"}],"replies":[{"embeddable":true,"href":"https:\/\/tarife-aktionen.de\/vodafone\/wp-json\/wp\/v2\/comments?post=4183"}],"version-history":[{"count":5,"href":"https:\/\/tarife-aktionen.de\/vodafone\/wp-json\/wp\/v2\/pages\/4183\/revisions"}],"predecessor-version":[{"id":6576,"href":"https:\/\/tarife-aktionen.de\/vodafone\/wp-json\/wp\/v2\/pages\/4183\/revisions\/6576"}],"wp:featuredmedia":[{"embeddable":true,"href":"https:\/\/tarife-aktionen.de\/vodafone\/wp-json\/wp\/v2\/media\/4741"}],"wp:attachment":[{"href":"https:\/\/tarife-aktionen.de\/vodafone\/wp-json\/wp\/v2\/media?parent=4183"}],"curies":[{"name":"wp","href":"https:\/\/api.w.org\/{rel}","templated":true}]}}