{"id":54,"date":"2018-08-01T02:00:30","date_gmt":"2018-08-01T00:00:30","guid":{"rendered":"https:\/\/internet-telefon-fernsehen.de\/?page_id=54"},"modified":"2023-10-26T21:51:44","modified_gmt":"2023-10-26T19:51:44","slug":"kundenservice","status":"publish","type":"page","link":"https:\/\/tarife-aktionen.de\/vodafone\/kontakt\/kundenservice","title":{"rendered":"Vodafone Kundenservice: Hotline, Kontaktformular, Hilfe und Beratung"},"content":{"rendered":"<p><a href=\"https:\/\/tarife-aktionen.de\/vodafone\/kontakt\/kundenservice\"><img decoding=\"async\" class=\"alignright size-full wp-image-4595\" src=\"https:\/\/tarife-aktionen.de\/vodafone\/inhalte\/2018\/08\/vodafone-kundenservice-hotline-kontakt.jpg\" alt=\"Vodafone Kundenservice: Hotline, Kontaktformular, Hilfe und Beratung\" width=\"150\" height=\"100\" srcset=\"https:\/\/tarife-aktionen.de\/vodafone\/inhalte\/2018\/08\/vodafone-kundenservice-hotline-kontakt.jpg 150w, https:\/\/tarife-aktionen.de\/vodafone\/inhalte\/2018\/08\/vodafone-kundenservice-hotline-kontakt-80x53.jpg 80w\" sizes=\"(max-width: 150px) 100vw, 150px\" \/><\/a>Beim <span class=\"farbig\">Vodafone Kundenservice<\/span> sind Sie richtig, wenn Sie bereits einen <strong>Vodafone Tarif<\/strong> nutzen (<a href=\"https:\/\/tarife-aktionen.de\/vodafone\/festnetz\"><strong>Festnetz<\/strong><\/a> bzw. <a href=\"https:\/\/tarife-aktionen.de\/vodafone\/mobilfunk\"><strong>Mobilfunk<\/strong><\/a>). Hier finden Sie die Kontaktm\u00f6glichkeiten des <strong><span class=\"farbig\">Vodafone Kundenservice<\/span><\/strong> (Kundenhotline, Kontaktformular, Anschrift usw.). Wenn Sie eine <strong>Tarifberatung<\/strong> f\u00fcr einen neuen Tarif w\u00fcnschen (Neukunde oder zus\u00e4tzlicher Vodafone Vertrag) oder bestellen m\u00f6chten, sind Sie <a href=\"https:\/\/tarife-aktionen.de\/vodafone\/kontakt\/telefonische-beratung\"><strong>HIER<\/strong><\/a> richtig. <!--more--><\/p>\n<hr \/>\n<h2><span class=\"farbig\">Schriftlicher Kontakt<\/span> mit dem Vodafone Kundenservice (f\u00fcr Bestandskunden)<\/h2>\n<ul>\n<li>Kontakt zum <span class=\"farbig\">Vodafone<\/span> Kundenservice (Mobilfunk und Festnetz au\u00dfer Kabel):\n<ul>\n<li><strong><a href=\"https:\/\/tarife-aktionen.de\/vodafone\/zum-anbieter\/vodafone-service\/vodafone-service-login\" target=\"_blank\" rel=\"noopener\">MeinVodafone Kunden-Login<\/a><\/strong> &#8211; Vodafone Vertr\u00e4ge online verwalten.<\/li>\n<li><strong><a href=\"https:\/\/tarife-aktionen.de\/vodafone\/zum-anbieter\/vodafone-service\/vodafone-service-kontakt\" target=\"_blank\" rel=\"noopener\">Vodafone Kontaktformular<\/a><\/strong> &#8211; Fragen online stellen per Kontaktformular.<\/li>\n<li><a href=\"https:\/\/tarife-aktionen.de\/vodafone\/zum-anbieter\/vodafone-service\/vodafone-service-kontakt\" target=\"_blank\" rel=\"noopener\"><strong>Vodafone Hotlines im \u00dcberblick<\/strong><\/a> &#8211; 24h telefonischer Kontakt zum Kundenservice.<\/li>\n<li><strong>Anschrift Vodafone:<\/strong> Vodafone GmbH \/ Ferdinand-Braun-Platz 1 \/ 40549 D\u00fcsseldorf.<\/li>\n<li><strong>Fax-Nr. Vodafone Kundenservice:<\/strong> 02102 98 65 75 (zum normalen Festnetz Tarif).<\/li>\n<\/ul>\n<\/li>\n<li>Kontakt zum <span class=\"farbig\">Vodafone Kabel Deutschland<\/span> Kundenservice (f\u00fcr <a href=\"https:\/\/tarife-aktionen.de\/vodafone\/kabel\"><strong>Kabel<\/strong><\/a> Kunden):\n<ul>\n<li><strong><a href=\"https:\/\/tarife-aktionen.de\/vodafone\/zum-anbieter\/vodafone-service\/vodafone-service-kontakt\" target=\"_blank\" rel=\"noopener\">Kabel Deutschland Kundencenter, Hotlines und Kontaktformular<\/a><\/strong><\/li>\n<li><strong>Anschrift:<\/strong> Kabel Deutschland \/ Betastra\u00dfe 6 &#8211; 8 \/ 85774 Unterf\u00f6hring<\/li>\n<\/ul>\n<\/li>\n<\/ul>\n<hr \/>\n<h2>Vodafone \/ Arcor und Kabel Deutschland <span class=\"farbig\">Hotlines Kundenservice<\/span><\/h2>\n<p>Bei St\u00f6rungen, Rechnungsfragen, Tarifwechsel-W\u00fcnschen, Umzug o.\u00e4. finden Sie hier alle Hotlines vom Vodafone \/ Arcor und Kabel Deutschland Kundenservice. Die Vodafone Hotlines und Kabel Deutschland St\u00f6rungshotline erreichen Sie rund um die Uhr (24h). Alternativ k\u00f6nnen Sie Vertrags\u00e4nderungen wie einen Umzug melden unter\u00a0 <strong><a href=\"https:\/\/tarife-aktionen.de\/vodafone\/login-meinvodafone\">MeinVodafone<\/a><\/strong>\u00a0 vornehmen.<\/p>\n<ul>\n<li><strong>Hotlines f\u00fcr Vodafone Vertragskunden<\/strong> (Handyvertrag oder Festnetz Tarife wie DSL, VDSL, LTE oder IPTV inklusive ehemaliger <strong>Arcor<\/strong> DSL Kunden \/ Kabel Deutschland siehe unten):\n<ul>\n<li>Kostenlos aus allen deutschen Netzen: <strong><a href=\"tel:08001721212\" >0800 - 172 12 12<\/a><\/strong><\/li>\n<li>Kostenlos aus dem deutschen Vodafone Netz Kurzwahl: <strong><a href=\"tel:1212\" >12 12<\/a><\/strong><\/li>\n<li>Anruf zum Vodafone Kundenservice aus dem Ausland: <strong><a href=\"tel:+491721217212\" >+49 172 12 172 12<\/a><\/strong><\/li>\n<\/ul>\n<\/li>\n<li><strong>Hotlines f\u00fcr Vodafone Prepaid Kunden<\/strong> (CallYa Prepaid Karte):\n<ul>\n<li>Aus den deutschen Netzen (Preis f\u00fcr Gespr\u00e4ch ins Vodafone Netz): <strong><a href=\"tel:01722290229\" >0172 - 229 02 29<\/a><\/strong><\/li>\n<li>Anruf CallYa Hotline aus dem Ausland: <strong><a href=\"tel:+491722290229\" >+49 172 229 02 29<\/a><\/strong><\/li>\n<\/ul>\n<\/li>\n<li><strong><strong> (Kabelfernsehen, Kabel Internet und Telefonie):<\/strong><\/strong>\n<ul>\n<li>Kabel Deutschland Kundenservice bei Vertragsfragen: <strong><a href=\"tel:08002787000\" >0800 - 27 87 000<\/a><\/strong><\/li>\n<li>Kabel Deutschland St\u00f6rungshotline: <strong><a href=\"tel:08005266625\" >0800 - 52 66 625<\/a><\/strong><\/li>\n<\/ul>\n<\/li>\n<\/ul>\n<hr \/>\n<h2><span class=\"farbig\">Beratung und Bestellung<\/span> neuer Vodafone Tarif &#8211; mit Beratung<\/h2>\n<p>Vodafone Neukunden oder Bestandskunden, die einen neuen \/ weiteren VodafoneTarif bestellen m\u00f6chten, beraten wir als <strong>autorisierter Vodafone Partner<\/strong> gern unverbindlich, kostenlos und vor allem unabh\u00e4ngig zu Vodafone Festnetz\u00a0 (<a href=\"https:\/\/tarife-aktionen.de\/vodafone\/dsl\"><strong>DSL<\/strong><\/a>, <a href=\"https:\/\/tarife-aktionen.de\/vodafone\/vdsl\"><strong>VDSL<\/strong><\/a>, <a href=\"https:\/\/tarife-aktionen.de\/vodafone\/kabel\"><strong>Kabel<\/strong><\/a> oder <a href=\"https:\/\/tarife-aktionen.de\/vodafone\/glasfaser\"><strong>Glasfaser<\/strong><\/a> Anschluss) und <a href=\"https:\/\/tarife-aktionen.de\/vodafone\/mobilfunk\"><strong>Mobilfunk<\/strong><\/a> Tarifen. Sie erreichen unsere Hotline\u00a0 unter <strong><a href=\"tel:+4939434099929\" onclick=\"ga('send', 'event', 'hotline', 'hotline-content', 'hotline-content-mit-zeit');\">0 39 43 \/ 40 999 29<\/a><\/strong> (Mo.-Fr. 7:30-22 \/ Sa. 8-22 \/ So. + Feiertag 10-22 Uhr). Alternativ k\u00f6nnen Sie unseren <a href=\"https:\/\/tarife-aktionen.de\/vodafone\/kontakt\/telefonische-beratung\"><strong>R\u00fcckruf Service<\/strong><\/a> nutzen oder eine <a href=\"https:\/\/tarife-aktionen.de\/vodafone\/kontakt\/schriftliche-anfrage\"><strong>schriftliche Anfrage<\/strong><\/a> stellen.<\/p>\n","protected":false},"excerpt":{"rendered":"<p>Beim Vodafone Kundenservice sind Sie richtig, wenn Sie bereits einen Vodafone Tarif nutzen (Festnetz bzw. Mobilfunk). Hier finden Sie die Kontaktm\u00f6glichkeiten des Vodafone Kundenservice (Kundenhotline, Kontaktformular, Anschrift usw.). Wenn Sie eine Tarifberatung f\u00fcr einen neuen Tarif w\u00fcnschen (Neukunde oder zus\u00e4tzlicher Vodafone Vertrag) oder bestellen m\u00f6chten, sind Sie HIER richtig.<\/p>\n","protected":false},"author":30,"featured_media":4595,"parent":36,"menu_order":900060,"comment_status":"closed","ping_status":"closed","template":"","meta":{"footnotes":""},"class_list":["post-54","page","type-page","status-publish","hentry","has-post-thumbnail"],"_links":{"self":[{"href":"https:\/\/tarife-aktionen.de\/vodafone\/wp-json\/wp\/v2\/pages\/54","targetHints":{"allow":["GET"]}}],"collection":[{"href":"https:\/\/tarife-aktionen.de\/vodafone\/wp-json\/wp\/v2\/pages"}],"about":[{"href":"https:\/\/tarife-aktionen.de\/vodafone\/wp-json\/wp\/v2\/types\/page"}],"author":[{"embeddable":true,"href":"https:\/\/tarife-aktionen.de\/vodafone\/wp-json\/wp\/v2\/users\/30"}],"replies":[{"embeddable":true,"href":"https:\/\/tarife-aktionen.de\/vodafone\/wp-json\/wp\/v2\/comments?post=54"}],"version-history":[{"count":5,"href":"https:\/\/tarife-aktionen.de\/vodafone\/wp-json\/wp\/v2\/pages\/54\/revisions"}],"predecessor-version":[{"id":6480,"href":"https:\/\/tarife-aktionen.de\/vodafone\/wp-json\/wp\/v2\/pages\/54\/revisions\/6480"}],"up":[{"embeddable":true,"href":"https:\/\/tarife-aktionen.de\/vodafone\/wp-json\/wp\/v2\/pages\/36"}],"wp:featuredmedia":[{"embeddable":true,"href":"https:\/\/tarife-aktionen.de\/vodafone\/wp-json\/wp\/v2\/media\/4595"}],"wp:attachment":[{"href":"https:\/\/tarife-aktionen.de\/vodafone\/wp-json\/wp\/v2\/media?parent=54"}],"curies":[{"name":"wp","href":"https:\/\/api.w.org\/{rel}","templated":true}]}}