{"id":554,"date":"2016-02-08T00:01:49","date_gmt":"2016-02-07T23:01:49","guid":{"rendered":"https:\/\/tarife-aktionen.de\/vodafone\/?page_id=554"},"modified":"2023-10-22T21:23:33","modified_gmt":"2023-10-22T19:23:33","slug":"lte","status":"publish","type":"page","link":"https:\/\/tarife-aktionen.de\/vodafone\/zuhause\/lte","title":{"rendered":"Vodafone LTE Zuhause Tarife &#8211; Internet und Telefon"},"content":{"rendered":"<p><a title=\"Vodafone LTE Tarife online bestellen\" href=\"https:\/\/tarife-aktionen.de\/vodafone\/zum-anbieter\/vodafone-gigacube\/vodafone-gigacube-allgemein\" target=\"_blank\" rel=\"noopener\"><img decoding=\"async\" class=\"alignright size-medium wp-image-376\" src=\"https:\/\/tarife-aktionen.de\/vodafone\/inhalte\/2015\/09\/vodafone-onlinebestellung-150x30.png\" alt=\"Vodafone Onlinebestellung (online bestellen)\" width=\"150\" height=\"30\" srcset=\"https:\/\/tarife-aktionen.de\/vodafone\/inhalte\/2015\/09\/vodafone-onlinebestellung.png 150w, https:\/\/tarife-aktionen.de\/vodafone\/inhalte\/2015\/09\/vodafone-onlinebestellung-80x16.png 80w\" sizes=\"(max-width: 150px) 100vw, 150px\" \/><\/a>Mit den <span class=\"farbig\">Vodafone LTE Zuhause<\/span> Tarifen erhalten Sie auch in vielen Regionen ohne <a title=\"Vodafone DSL Verf\u00fcgbarkeit pr\u00fcfen (DSL Verf\u00fcgbarkeitscheck)\" href=\"https:\/\/tarife-aktionen.de\/vodafone\/dsl\/verfuegbarkeit-check-karte-netzausbau-vodafone-dsl\">DSL<\/a> bzw. mit schlechtem DSL Ausbau schnelles Internet &#8211; ganz einfach via Funk. Auch Telefonieren ist \u00fcber den <strong><a title=\"Vodafone LTE \u2013 Verf\u00fcgbarkeit, Tarife, Beratung, Bestellung\" href=\"https:\/\/tarife-aktionen.de\/vodafone\/lte\">Vodafone LTE<\/a><\/strong> Zuhause Anschluss auf Wunsch m\u00f6glich (auch mit Telefonflat). Die Vodafone LTE Tarife sind daher ein echter Festnetz-Ersatz (DSL \/ <a title=\"Vodafone VDSL Verf\u00fcgbarkeit pr\u00fcfen (Verf\u00fcgbarkeitscheck)\" href=\"https:\/\/tarife-aktionen.de\/vodafone\/vdsl\/verfuegbarkeit-check-karte-netzausbau-vodafone-vdsl\">VDSL<\/a> Alternative). Neben LTE\u00a0bietet Vodafone auch, dort wo <a title=\"Vodafone Verf\u00fcgbarkeit Zuhause Tarife: DSL, VDSL, Kabel, LTE\" href=\"https:\/\/tarife-aktionen.de\/vodafone\/zuhause\/verfuegbarkeit\">verf\u00fcgbar<\/a>, schnelle <strong><a title=\"Vodafone DSL Tarife: Internet, Telefon und optional TV\" href=\"https:\/\/tarife-aktionen.de\/vodafone\/zuhause\/dsl\">DSL<\/a><\/strong>, <strong><a title=\"Vodafone VDSL Tarife: Internet, Telefon und optional TV\" href=\"https:\/\/tarife-aktionen.de\/vodafone\/zuhause\/vdsl\">VDSL<\/a><\/strong>\u00a0sowie in 13 Bundesl\u00e4ndern <strong><a title=\"Vodafone Kabel Tarife: Internet, Telefon und optional TV\" href=\"https:\/\/tarife-aktionen.de\/vodafone\/zuhause\/kabel\">Kabel Internet<\/a><\/strong> (Empfehlung) Tarife an.<\/p>\n<h2><span class=\"farbig\">Tarif\u00fcbersicht<\/span> Vodafone LTE Zuhause (Internet und Telefon)<\/h2>\n<ul>\n<li><strong><a title=\"Vodafone LTE Zuhause Internet &amp; Telefon Tarife (Doppelflat)\" href=\"https:\/\/tarife-aktionen.de\/vodafone\/zuhause\/lte\/internet-telefon\">LTE Zuhause Internet &amp; Telefon<\/a><\/strong>\u00a0&#8211; g\u00fcnstige Doppelflat Tarife als Festnetz Ersatz.<\/li>\n<li><strong><a title=\"Vodafone LTE Zuhause Internet Tarife (LTE Internetflat)\" href=\"https:\/\/tarife-aktionen.de\/vodafone\/zuhause\/lte\/internet\">LTE Zuhause Internet<\/a><\/strong>\u00a0&#8211; g\u00fcnstiger Internetzugang f\u00fcr alle die keine Telefonflat ben\u00f6tigen.<\/li>\n<\/ul>\n<p>Die Vodafone Zuhause LTE Tarife, dort wo <a title=\"Vodafone Zuhause LTE Verf\u00fcgbarkeit pr\u00fcfen (DSL Alternative)\" href=\"https:\/\/tarife-aktionen.de\/vodafone\/zuhause\/lte\/verfuegbarkeit\">verf\u00fcgbar<\/a>, sind ein echter Festnetz-Ersatz: Sie ben\u00f6tigen also keinen <a title=\"Telekom Angebote und Tarife\" href=\"https:\/\/telekom.tarife-angebote.de\/\" target=\"_blank\" rel=\"noopener\">Telekom<\/a> Telefonanschluss mehr. Ihre bestehende Festnetz Rufnummer k\u00f6nnen Sie am Vodafone Zuhause LTE Anschluss mit Highspeed Internet weiterhin nutzen.<\/p>\n<h2><span class=\"farbig\">Verf\u00fcgbarkeit<\/span> Vodafone LTE Zuhause (Netzausbau \/ LTE Check)<\/h2>\n<ul class=\"desktop-tablet\">\n<li><strong><a title=\"Vodafone LTE Zuhause Verf\u00fcgbarkeit online pr\u00fcfen\" href=\"https:\/\/tarife-aktionen.de\/vodafone\/zum-anbieter\/vodafone-gigacube\/vodafone-gigacube-check\" target=\"_blank\" rel=\"noopener\"><img decoding=\"async\" class=\"alignright size-full wp-image-1249\" src=\"https:\/\/tarife-aktionen.de\/vodafone\/inhalte\/2016\/01\/vodafone-verfuegbarkeit-pruefen-1.png\" alt=\"Vodafone Verf\u00fcgbarkeit online pr\u00fcfen\" width=\"150\" height=\"30\" srcset=\"https:\/\/tarife-aktionen.de\/vodafone\/inhalte\/2016\/01\/vodafone-verfuegbarkeit-pruefen-1.png 150w, https:\/\/tarife-aktionen.de\/vodafone\/inhalte\/2016\/01\/vodafone-verfuegbarkeit-pruefen-1-80x16.png 80w\" sizes=\"(max-width: 150px) 100vw, 150px\" \/>Vodafone Zuhause LTE Verf\u00fcgbarkeit online pr\u00fcfen<\/a><\/strong><\/li>\n<li><a title=\"Vodafone LTE Netzabdeckung pr\u00fcfen\" href=\"https:\/\/tarife-aktionen.de\/vodafone\/zum-anbieter\/vodafone-mobilfunk\/vodafone-mobilfunk-check\" target=\"_blank\" rel=\"noopener\">Vodafone LTE Netzabdeckung (Netzkarte Mobilfunk)<\/a><\/li>\n<li>Vodafone LTE Verf\u00fcgbarkeit\u00a0<span class=\"farbig\">telefonisch<\/span> unter\u00a0<strong><a href=\"tel:+4939434099929\" onclick=\"ga('send', 'event', 'hotline', 'hotline-content', 'hotline-content-ohne-zeit');\">0 39 43 \/ 40 999 29<\/a><\/strong> erfragen oder unseren kostenlosen und unverbindlichen <a title=\"Vodafone Verf\u00fcgbarkeit Kabel \/ DSL \/ LTE telefonisch pr\u00fcfen\" href=\"https:\/\/tarife-aktionen.de\/vodafone\/zuhause\/verfuegbarkeit\/telefonisch-pruefen\">R\u00fcckruf-Service<\/a>\u00a0nutzen.<\/li>\n<li><a title=\"Schriftliche Anfrage Vodafone Verf\u00fcgbarkeit Kabel, DSL, LTE\" href=\"https:\/\/tarife-aktionen.de\/vodafone\/zuhause\/verfuegbarkeit\/schriftliche-anfrage\">Schriftliche Anfrage zur Vodafone Zuhause LTE Verf\u00fcgbarkeit<\/a><\/li>\n<\/ul>\n<ul class=\"smartphone\">\n<li><strong><a title=\"Vodafone LTE Zuhause Verf\u00fcgbarkeit online pr\u00fcfen\" href=\"https:\/\/tarife-aktionen.de\/vodafone\/zum-anbieter\/vodafone-gigacube\/vodafone-gigacube-check\" target=\"_blank\" rel=\"noopener\"><img decoding=\"async\" class=\"alignright size-full wp-image-1249\" src=\"https:\/\/tarife-aktionen.de\/vodafone\/inhalte\/2016\/01\/vodafone-verfuegbarkeit-pruefen-1.png\" alt=\"Vodafone Verf\u00fcgbarkeit online pr\u00fcfen\" width=\"150\" height=\"30\" srcset=\"https:\/\/tarife-aktionen.de\/vodafone\/inhalte\/2016\/01\/vodafone-verfuegbarkeit-pruefen-1.png 150w, https:\/\/tarife-aktionen.de\/vodafone\/inhalte\/2016\/01\/vodafone-verfuegbarkeit-pruefen-1-80x16.png 80w\" sizes=\"(max-width: 150px) 100vw, 150px\" \/>Zuhause LTE Online-Check<\/a><\/strong><\/li>\n<li><a title=\"Vodafone LTE Netzabdeckung pr\u00fcfen\" href=\"https:\/\/tarife-aktionen.de\/vodafone\/zum-anbieter\/vodafone-mobilfunk\/vodafone-mobilfunk-check\" target=\"_blank\" rel=\"noopener\">LTE Netzabdeckung Mobilfunk<\/a><\/li>\n<li>LTE Verf\u00fcgbarkeit\u00a0<span class=\"farbig\">telefonisch<\/span> unter <strong><a href=\"tel:+4939434099929\" onclick=\"ga('send', 'event', 'hotline', 'hotline-content', 'hotline-content-ohne-zeit');\">0 39 43 \/ 40 999 29<\/a><\/strong> erfragen &#8211; alternativ\u00a0<a title=\"Vodafone Verf\u00fcgbarkeit Kabel \/ DSL \/ LTE telefonisch pr\u00fcfen\" href=\"https:\/\/tarife-aktionen.de\/vodafone\/zuhause\/verfuegbarkeit\/telefonisch-pruefen\">R\u00fcckruf-Service<\/a>.<\/li>\n<li><a title=\"Schriftliche Anfrage Vodafone Verf\u00fcgbarkeit Kabel, DSL, LTE\" href=\"https:\/\/tarife-aktionen.de\/vodafone\/zuhause\/verfuegbarkeit\/schriftliche-anfrage\">Anfrage \u00a0LTE Verf\u00fcgbarkeit<\/a><\/li>\n<\/ul>\n<h2><span class=\"farbig\">Angebote<\/span> Vodafone LTE Zuhause im\u00a0<span style=\"color: #ff0000;\">April 2026<\/span><\/h2>\n<p>Wenn Sie bis zum\u00a030.04.2026 einen <a title=\"Vodafone LTE \u2013 Verf\u00fcgbarkeit, Tarife, Beratung, Bestellung\" href=\"https:\/\/tarife-aktionen.de\/vodafone\/lte\">Vodafone LTE<\/a> Zuhause Tarif bestellen, sparen Sie:<\/p>\n<ul>\n<li><span class=\"farbig\">Wechselpr\u00e4mie:<\/span> bis zu 12 Monate Vodafone Zuhause LTE kostenlos nutzen, wenn Sie von einem anderen Anbieter wechseln (keine doppelte Grundgeb\u00fchr zahlen).<\/li>\n<li><span class=\"farbig\">12 Monate lang Vorteilspreis:<\/span> Vodafone Zuhause LTE Neukunden zahlen in den ersten 12 Monaten einen Vorzugspreis &#8211; je nach Tarif sparen Sie monatlich 5 bis 30 \u20ac.<\/li>\n<li>Auf Wunsch bei uns Vodafone Zuhause LTE mit einer hochwertigen <span class=\"farbig\">AVM Fritz!Box LTE<\/span> schon ab 0 \u20ac &#8211; nur bestellbar \u00fcber <strong><a title=\"Vodafone LTE mit AVM Fritz!Box bestellen\" href=\"https:\/\/tarife-aktionen.de\/vodafone\/zum-anbieter\/vodafone-gigacube\/vodafone-gigacube-allgemein\" target=\"_blank\" rel=\"noopener\">diesen Link<\/a><\/strong> oder <a title=\"Callback \/ R\u00fcckruf: telefonische Beratung zu Vodafone Tarifen\" href=\"https:\/\/tarife-aktionen.de\/vodafone\/kontakt\/telefonische-beratung\">telefonisch<\/a> bzw. <a title=\"Vodafone Zuhause LTE Bestellformular\" href=\"https:\/\/tarife-aktionen.de\/vodafone\/onlinebestellung\" target=\"_blank\" rel=\"noopener\">per Formular<\/a>.<\/li>\n<\/ul>\n","protected":false},"excerpt":{"rendered":"<p>Mit den Vodafone LTE Zuhause Tarifen erhalten Sie auch in vielen Regionen ohne DSL bzw. mit schlechtem DSL Ausbau schnelles Internet &#8211; ganz einfach via Funk. Auch Telefonieren ist \u00fcber den Vodafone LTE Zuhause Anschluss auf Wunsch m\u00f6glich (auch mit Telefonflat). Die Vodafone LTE Tarife sind daher ein echter Festnetz-Ersatz (DSL \/ VDSL Alternative). Neben &hellip; <a href=\"https:\/\/tarife-aktionen.de\/vodafone\/zuhause\/lte\" class=\"more-link\"><span class=\"screen-reader-text\">Vodafone LTE Zuhause Tarife &#8211; Internet und Telefon<\/span> weiterlesen <span class=\"meta-nav\">&rarr;<\/span><\/a><\/p>\n","protected":false},"author":30,"featured_media":0,"parent":212,"menu_order":140000,"comment_status":"closed","ping_status":"closed","template":"","meta":{"footnotes":""},"class_list":["post-554","page","type-page","status-publish","hentry"],"_links":{"self":[{"href":"https:\/\/tarife-aktionen.de\/vodafone\/wp-json\/wp\/v2\/pages\/554","targetHints":{"allow":["GET"]}}],"collection":[{"href":"https:\/\/tarife-aktionen.de\/vodafone\/wp-json\/wp\/v2\/pages"}],"about":[{"href":"https:\/\/tarife-aktionen.de\/vodafone\/wp-json\/wp\/v2\/types\/page"}],"author":[{"embeddable":true,"href":"https:\/\/tarife-aktionen.de\/vodafone\/wp-json\/wp\/v2\/users\/30"}],"replies":[{"embeddable":true,"href":"https:\/\/tarife-aktionen.de\/vodafone\/wp-json\/wp\/v2\/comments?post=554"}],"version-history":[{"count":5,"href":"https:\/\/tarife-aktionen.de\/vodafone\/wp-json\/wp\/v2\/pages\/554\/revisions"}],"predecessor-version":[{"id":6695,"href":"https:\/\/tarife-aktionen.de\/vodafone\/wp-json\/wp\/v2\/pages\/554\/revisions\/6695"}],"up":[{"embeddable":true,"href":"https:\/\/tarife-aktionen.de\/vodafone\/wp-json\/wp\/v2\/pages\/212"}],"wp:attachment":[{"href":"https:\/\/tarife-aktionen.de\/vodafone\/wp-json\/wp\/v2\/media?parent=554"}],"curies":[{"name":"wp","href":"https:\/\/api.w.org\/{rel}","templated":true}]}}