{"id":991,"date":"2016-01-22T00:01:42","date_gmt":"2016-01-21T23:01:42","guid":{"rendered":"https:\/\/tarife-aktionen.de\/vodafone\/?page_id=991"},"modified":"2018-08-08T15:23:40","modified_gmt":"2018-08-08T13:23:40","slug":"internet-telefon-tv","status":"publish","type":"page","link":"https:\/\/tarife-aktionen.de\/vodafone\/zuhause\/tarifuebersicht\/internet-telefon-tv","title":{"rendered":"Vodafone Zuhause Internet, Telefon und TV Tarife \u00dcbersicht"},"content":{"rendered":"<p>Bei Vodafone erhalten Sie g\u00fcnstige <span class=\"farbig\">Kombi-Pakete (3play)<\/span> zum Surfen, Telefonieren und Fernsehen.\u00a0Abh\u00e4ngig von der\u00a0<strong><a title=\"Vodafone Verf\u00fcgbarkeit Zuhause Tarife: DSL, VDSL, Kabel, LTE\" href=\"https:\/\/tarife-aktionen.de\/vodafone\/zuhause\/verfuegbarkeit\">Verf\u00fcgbarkeit<\/a><\/strong>\u00a0\/ Netzausbau erhalten Sie die Vodafone Internet, Telefon und TV Tarife als\u00a0<a title=\"Vodafone DSL Tarife: Internet, Telefon und optional TV\" href=\"https:\/\/tarife-aktionen.de\/vodafone\/zuhause\/dsl\">DSL<\/a>, <a title=\"Vodafone VDSL Tarife: Internet, Telefon und optional TV\" href=\"https:\/\/tarife-aktionen.de\/vodafone\/zuhause\/vdsl\">VDSL<\/a>\u00a0oder <a title=\"Vodafone Kabel Tarife: Internet, Telefon und optional TV\" href=\"https:\/\/tarife-aktionen.de\/vodafone\/zuhause\/kabel\">Kabel<\/a>\u00a0Anschluss geschaltet. <span class=\"farbig\">Tarif\u00fcbersicht:<\/span><\/p>\n<ul>\n<li><strong><a title=\"Vodafone Kabel Internet, Telefon und TV (Kombi-Pakete)\" href=\"https:\/\/tarife-aktionen.de\/vodafone\/festnetz\/kabel-internet-telefon-fernsehen\">Kabel Internet, Telefon und TV<\/a><\/strong> &#8211;\u00a0in 13 Bundesl\u00e4ndern (ehemals <strong>Kabel Deutschland<\/strong> Netz).<\/li>\n<li><strong><a title=\"Vodafone VDSL Internet, Telefon und TV (Kombi-Pakete)\" href=\"https:\/\/tarife-aktionen.de\/vodafone\/festnetz\/dsl-vdsl-internet-telefon-fernsehen\">VDSL Internet, Telefon und TV<\/a><\/strong> &#8211; wo VDSL ausgebaut ist Highspeed Internet und IPTV.<\/li>\n<li><strong><a title=\"Vodafone DSL Internet, Telefon und TV (Kombi-Pakete)\" href=\"https:\/\/tarife-aktionen.de\/vodafone\/festnetz\/dsl-vdsl-internet-telefon-fernsehen\">DSL Internet, Telefon und TV<\/a><\/strong> &#8211; der klassische DSL Festnetz Anschluss f\u00fcr Zuhause.<\/li>\n<\/ul>\n<p><em>Neben <strong>Internet,\u00a0Telefon &amp; TV<\/strong>\u00a0erhalten Sie bei Vodafone auch diese Tarifvarianten:<\/em><\/p>\n<ul>\n<li><a title=\"Vodafone Zuhause Internet und Telefon Tarife \u00dcbersicht\" href=\"https:\/\/tarife-aktionen.de\/vodafone\/zuhause\/tarifuebersicht\/internet-telefon\"><strong>Internet und Telefon<\/strong><\/a>\u00a0&#8211;\u00a0<strong>Doppelflat<\/strong> Tarife zum Surfen und Telefonieren Zuhause.<\/li>\n<li><a title=\"Vodafone Zuhause Internet und Fernsehen Tarife \u00dcbersicht\" href=\"https:\/\/tarife-aktionen.de\/vodafone\/zuhause\/tarifuebersicht\/internet-fernsehen\"><strong>Internet und TV<\/strong><\/a> &#8211; Surfen und Fernsehen f\u00fcr alle, die keine Telefonflat ben\u00f6tigen.<\/li>\n<\/ul>\n<h2>Vodafone <span class=\"farbig\">Kabel<\/span> Internet, Telefon und TV Tarife \u00dcbersicht (3play)<\/h2>\n<p>In 13 Bundesl\u00e4ndern in das Vodafone Kabelnetz (ehemals <strong>Kabel Deutschland<\/strong>) ausgebaut.\u00a0Bei <strong><a title=\"Vodafone Kabel Verf\u00fcgbarkeit pr\u00fcfen (Internet, Telefon, TV)\" href=\"https:\/\/tarife-aktionen.de\/vodafone\/kabel-deutschland\/verfuegbarkeit-check-vodafone-kabel\">Verf\u00fcgbarkeit von Kabel<\/a><\/strong> k\u00f6nnen Kunden extra g\u00fcnstige und schnelle Tarife erhalten:<\/p>\n<ul>\n<li><strong><a title=\"Vodafone Internet, Phone &amp; TV Komfort Vielfalt HD Kabel 200V\" href=\"https:\/\/tarife-aktionen.de\/vodafone\/kabel-tarife\/vodafone-red-internet-phone-200-cable-mit-gigatv\">Komfort Vielfalt HD Kabel 200 V<\/a><\/strong> &#8211; super schnell, Premium-TV und Premium Hardware.<\/li>\n<li><strong><a title=\"Vodafone Internet, Phone &amp; TV Komfort HD Kabel 200 V Tarif\" href=\"https:\/\/tarife-aktionen.de\/vodafone\/kabel-tarife\/vodafone-red-internet-phone-200-cable-mit-gigatv\">Komfort HD Kabel 200 V<\/a><\/strong> &#8211; extra schnell surfen, HD-Fernsehen, HD-Videorekorder.<\/li>\n<li><strong><a title=\"Vodafone Internet, Phone &amp; TV Komfort Vielfalt HD Kabel 100\" href=\"https:\/\/tarife-aktionen.de\/vodafone\/kabel-tarife\/vodafone-red-internet-phone-100-cable-mit-gigatv\">Komfort Vielfalt HD Kabel 100<\/a><\/strong> &#8211; Premium TV, Premium Router, XL HD Rekorder.<\/li>\n<li><strong><a title=\"Vodafone Internet, Phone &amp; TV Komfort HD Kabel 100 Tarif\" href=\"https:\/\/tarife-aktionen.de\/vodafone\/kabel-tarife\/vodafone-red-internet-phone-100-cable-mit-gigatv\">Komfort HD Kabel 100<\/a><\/strong> &#8211; schnell surfen, Fernsehen in HD und mit HD-Videorekorder.<\/li>\n<li><strong><a title=\"Vodafone Internet, Phone &amp; TV Komfort HD Kabel 50 Kombipaket\" href=\"https:\/\/tarife-aktionen.de\/vodafone\/archiv-kabel-tarife\/vodafone-red-internet-phone-50-cable\">Komfort HD Kabel 50<\/a><\/strong> &#8211; 3play Angebot und Alternative zum VDSL Anschluss.<\/li>\n<li><strong><a title=\"Vodafone Internet, Phone &amp; TV Komfort HD Kabel 25 Kombipaket\" href=\"https:\/\/tarife-aktionen.de\/vodafone\/archiv-kabel-tarife\/vodafone-red-internet-phone-25-cable\">Komfort HD Kabel 25<\/a><\/strong> &#8211; einfacher Internetanschluss und HD-Fernsehen.<\/li>\n<li><strong><a title=\"Vodafone Internet, Phone &amp; TV Basis HD Kabel 25 (Kombipaket)\" href=\"https:\/\/tarife-aktionen.de\/vodafone\/archiv-kabel-tarife\/vodafone-red-internet-phone-25-cable\">Basis HD Kabel 25<\/a><\/strong> &#8211; Internetflat sowie Basis-TV Angebot.<\/li>\n<\/ul>\n<h2>Vodafone <span class=\"farbig\">VDSL<\/span>\u00a0Internet, Telefon und TV Tarife \u00dcbersicht (3play)<\/h2>\n<p>Wo das Vodafone Kabelnetz noch nicht ausgebaut ist, aber das schnelle <strong><a title=\"Vodafone VDSL Verf\u00fcgbarkeit pr\u00fcfen (Verf\u00fcgbarkeitscheck)\" href=\"https:\/\/tarife-aktionen.de\/vodafone\/vdsl\/verfuegbarkeit-check-karte-netzausbau-vodafone-vdsl\">Vodafone VDSL Netz verf\u00fcgbar<\/a><\/strong> ist, erhalten Kunden ebenfalls g\u00fcnstige 3play Angebote:<\/p>\n<ul>\n<li><strong><a title=\"Vodafone Internet, Phone &amp; TV DSL 100 (VDSL Kombi-Paket)\" href=\"https:\/\/tarife-aktionen.de\/vodafone\/dsl-tarife\/vodafone-red-internet-phone-100-dsl-vdsl-mit-iptv\">Internet, Phone &amp; TV DSL 100<\/a><\/strong> &#8211; Highspeed Internet, Telefonflat und IPTV Angebot.<\/li>\n<li><strong><a title=\"Vodafone Internet, Phone &amp; TV DSL 50 (VDSL Kombi-Paket)\" href=\"https:\/\/tarife-aktionen.de\/vodafone\/dsl-tarife\/vodafone-red-internet-phone-50-dsl-vdsl-mit-iptv\">Internet, Phone &amp; TV DSL 50<\/a><\/strong> &#8211; Schnell Surfen, Flat telefonieren und Fernsehen via IP.<\/li>\n<li><strong><a title=\"Vodafone Internet, Phone &amp; TV DSL 25 (VDSL Kombi-Paket)\" href=\"https:\/\/tarife-aktionen.de\/vodafone\/archiv-dsl-tarife\/vodafone-internet-phone-dsl-25-vdsl\">Internet, Phone &amp; TV DSL 25<\/a><\/strong> &#8211; einfacher Internetanschluss mit Telefon und IPTV.<\/li>\n<\/ul>\n<h2>Vodafone <span class=\"farbig\">DSL<\/span>\u00a0Internet, Telefon und TV Tarife \u00dcbersicht (3play)<\/h2>\n<p>Vodafone Kabel oder VDSL ist nicht verf\u00fcgbar oder sie suchen einen extra g\u00fcnstigen Tarif? Ist <strong><a title=\"Vodafone DSL Verf\u00fcgbarkeit pr\u00fcfen (DSL Verf\u00fcgbarkeitscheck)\" href=\"https:\/\/tarife-aktionen.de\/vodafone\/dsl\/verfuegbarkeit-check-karte-netzausbau-vodafone-dsl\">Vodafone DSL verf\u00fcgbar<\/a><\/strong>, k\u00f6nnen Sie dieses preiswerte 3play Angebot erhalten.<\/p>\n<ul>\n<li><strong><a title=\"Vodafone Internet, Phone &amp; TV DSL 16 (Kombi-Paket)\" href=\"https:\/\/tarife-aktionen.de\/vodafone\/dsl-tarife\/vodafone-red-internet-phone-16-dsl-mit-iptv\">Internet, Phone &amp; TV DSL 16<\/a><\/strong> &#8211; Basis IPTV Anschluss mit Internetflat und Telefonflat.<\/li>\n<\/ul>\n","protected":false},"excerpt":{"rendered":"<p>Bei Vodafone erhalten Sie g\u00fcnstige Kombi-Pakete (3play) zum Surfen, Telefonieren und Fernsehen.\u00a0Abh\u00e4ngig von der\u00a0Verf\u00fcgbarkeit\u00a0\/ Netzausbau erhalten Sie die Vodafone Internet, Telefon und TV Tarife als\u00a0DSL, VDSL\u00a0oder Kabel\u00a0Anschluss geschaltet. Tarif\u00fcbersicht: Kabel Internet, Telefon und TV &#8211;\u00a0in 13 Bundesl\u00e4ndern (ehemals Kabel Deutschland Netz). VDSL Internet, Telefon und TV &#8211; wo VDSL ausgebaut ist Highspeed Internet und IPTV. &hellip; <a href=\"https:\/\/tarife-aktionen.de\/vodafone\/zuhause\/tarifuebersicht\/internet-telefon-tv\" class=\"more-link\"><span class=\"screen-reader-text\">Vodafone Zuhause Internet, Telefon und TV Tarife \u00dcbersicht<\/span> weiterlesen <span class=\"meta-nav\">&rarr;<\/span><\/a><\/p>\n","protected":false},"author":28,"featured_media":0,"parent":989,"menu_order":100110,"comment_status":"closed","ping_status":"closed","template":"","meta":{"footnotes":""},"class_list":["post-991","page","type-page","status-publish","hentry"],"_links":{"self":[{"href":"https:\/\/tarife-aktionen.de\/vodafone\/wp-json\/wp\/v2\/pages\/991","targetHints":{"allow":["GET"]}}],"collection":[{"href":"https:\/\/tarife-aktionen.de\/vodafone\/wp-json\/wp\/v2\/pages"}],"about":[{"href":"https:\/\/tarife-aktionen.de\/vodafone\/wp-json\/wp\/v2\/types\/page"}],"author":[{"embeddable":true,"href":"https:\/\/tarife-aktionen.de\/vodafone\/wp-json\/wp\/v2\/users\/28"}],"replies":[{"embeddable":true,"href":"https:\/\/tarife-aktionen.de\/vodafone\/wp-json\/wp\/v2\/comments?post=991"}],"version-history":[{"count":3,"href":"https:\/\/tarife-aktionen.de\/vodafone\/wp-json\/wp\/v2\/pages\/991\/revisions"}],"predecessor-version":[{"id":5392,"href":"https:\/\/tarife-aktionen.de\/vodafone\/wp-json\/wp\/v2\/pages\/991\/revisions\/5392"}],"up":[{"embeddable":true,"href":"https:\/\/tarife-aktionen.de\/vodafone\/wp-json\/wp\/v2\/pages\/989"}],"wp:attachment":[{"href":"https:\/\/tarife-aktionen.de\/vodafone\/wp-json\/wp\/v2\/media?parent=991"}],"curies":[{"name":"wp","href":"https:\/\/api.w.org\/{rel}","templated":true}]}}